{"id":26772,"date":"2019-05-24T09:40:37","date_gmt":"2019-05-24T12:40:37","guid":{"rendered":"http:\/\/catalogoeconomiasocial.wp1.mendoza.gov.ar\/?post_type=product&#038;p=26772"},"modified":"2023-03-13T11:49:07","modified_gmt":"2023-03-13T14:49:07","slug":"shampoo-y-acondicionador-solido","status":"publish","type":"product","link":"https:\/\/www.mendoza.gov.ar\/catalogoeconomiasocial\/producto\/shampoo-y-acondicionador-solido\/","title":{"rendered":"Shampoo S\u00f3lido"},"content":{"rendered":"<!DOCTYPE html PUBLIC \"-\/\/W3C\/\/DTD HTML 4.0 Transitional\/\/EN\" \"http:\/\/www.w3.org\/TR\/REC-html40\/loose.dtd\">\n\n","protected":false},"excerpt":{"rendered":"<div class=\"gmail_default\"><b><u>Shampoo s\u00f3lido:<\/u><span style=\"font-family: comic sans ms, sans-serif;\">\u00a0<\/span><span style=\"font-family: comic sans ms, sans-serif;\">Es una barra elaborada a base de un ten<\/span><\/b><span style=\"font-family: comic sans ms, sans-serif;\"><b>sioactivo vegetal derivado del coco (SCI o sodium cocoylisethionate) que es el responsable de la espuma.\r\nAl ser una sustancia suave no genera irritaciones en el cuero cabelludo, ni tampoco excesos de producci\u00f3n de sebo,\r\nhaciendo que el pelo dure limpio por m\u00e1s tiempo, Posee aceites, mantecas vegetales y aceites esenciales para\r\ncada tipo de pelo en particular.\r\nRendimiento aprox. 40 a 60 lavados<\/b><\/span><\/div>\r\n<div><\/div>\r\n<div class=\"gmail_default\"><span style=\"font-family: comic sans ms, sans-serif;\"><b>* PRESENTACI\u00d3N: pastilla de 60 gr. en envoltorio de celof\u00e1n de celulosa (biodegradable) Apto Vegano\r\n* USO: frotar la barra sobre el cuero cabelludo hasta producir espuma, masajear y enjuagar como de costumbre.<\/b><\/span><\/div>\r\n<div class=\"gmail_default\"><span style=\"font-family: comic sans ms, sans-serif;\"><span style=\"font-family: comic sans ms, sans-serif;\"><b>\r\n[VARIEDADES]<\/b><\/span><\/span>CABELLO MIXTO: Est\u00e1 recomendado para personas con el cabello graso en la ra\u00edz y seco en las puntas Para personas con el cabello largo y seco se recomienda acompa\u00f1ar con acondicionador s\u00f3lido, y para personas que tienen el cuero cabelludo muy graso acompa\u00f1ar con gel acondicionador.\r\nIngredientes: SCI, f\u00e9cula de mandioca, beta\u00edna de coco, acido ac\u00e9tico, ac. de oliva, agua, alcohol cet\u00edlico, acido\r\nac\u00e9tico, aceite de s\u00e9samo, glicerina vegetal, \u00farea, \u00e1cido este\u00e1rico, \u00e1cido c\u00edtrico ac. esencial de lavanda.\r\n\r\nDEBIL: Es un shampoo ideal para personas con problemas de ca\u00edda de cabello o para aquellas que tienen cabello fino y quebradizo\r\n\r\n<\/div>\r\n<div class=\"gmail_default\">\r\n\r\n<span style=\"font-family: comic sans ms, sans-serif;\"><b>Ingredientes: SCI, f\u00e9cula de mandioca, beta\u00edna de coco, extracto oleoso de jarilla en aceite de coco,\u00a0<\/b><\/span><span style=\"font-family: comic sans ms, sans-serif;\"><b>alcohol cet\u00edlico, agua, aceite de ricino, \u00e1cido ac\u00e9tico, manteca de karit\u00e9, glicerina vegetal, \u00e1cido este\u00e1rico, \u00farea, \u00e1cido c\u00edtrico, aceite esencial de romero y espirulina.<\/b><\/span>\r\n\r\nGRASO: Limpia profundamente y equilibran la producci\u00f3n de sebo en el cuero cabelludo, adem\u00e1s el aceite de almendras y el aceite de uva proporcionan nutrici\u00f3n sin el riesgo de engrasar el pelo (se recomienda acompa\u00f1ar con gel acondicionador).\r\nIngrediente: SCI, aceite de uva, beta\u00edna de coco, agua, acido ac\u00e9tico, f\u00e9cula de mandioca, \u00e1cido c\u00edtrico, \u00farea, ac. es. de mandarina, ac. es. de lim\u00f3n y c\u00farcuma.\r\n\r\nSECO: Bomba de nutrici\u00f3n. Fuente de vitaminas que reparan, nutren y dan brillo en cabellos secos, porosos y quebradizos (se recomienda acompa\u00f1ar con acondicionador s\u00f3lido).\r\nIngredientes: SCI, agua, beta\u00edna de coco, manteca de cacao, alcohol cet\u00edlico, cacao amargo, aceite de coco, \u00e1cido ac\u00e9tico, \u00e1cido este\u00e1rico, glicerina vegetal, \u00farea, extracto oleoso de rosa mosqueta en ac. de almendras.\r\n\r\n<\/div>","protected":false},"featured_media":49942,"comment_status":"open","ping_status":"closed","template":"","meta":[],"product_cat":[6143,6144],"product_tag":[1927,3781,6321],"_links":{"self":[{"href":"https:\/\/www.mendoza.gov.ar\/catalogoeconomiasocial\/wp-json\/wp\/v2\/product\/26772"}],"collection":[{"href":"https:\/\/www.mendoza.gov.ar\/catalogoeconomiasocial\/wp-json\/wp\/v2\/product"}],"about":[{"href":"https:\/\/www.mendoza.gov.ar\/catalogoeconomiasocial\/wp-json\/wp\/v2\/types\/product"}],"replies":[{"embeddable":true,"href":"https:\/\/www.mendoza.gov.ar\/catalogoeconomiasocial\/wp-json\/wp\/v2\/comments?post=26772"}],"wp:featuredmedia":[{"embeddable":true,"href":"https:\/\/www.mendoza.gov.ar\/catalogoeconomiasocial\/wp-json\/wp\/v2\/media\/49942"}],"wp:attachment":[{"href":"https:\/\/www.mendoza.gov.ar\/catalogoeconomiasocial\/wp-json\/wp\/v2\/media?parent=26772"}],"wp:term":[{"taxonomy":"product_cat","embeddable":true,"href":"https:\/\/www.mendoza.gov.ar\/catalogoeconomiasocial\/wp-json\/wp\/v2\/product_cat?post=26772"},{"taxonomy":"product_tag","embeddable":true,"href":"https:\/\/www.mendoza.gov.ar\/catalogoeconomiasocial\/wp-json\/wp\/v2\/product_tag?post=26772"}],"curies":[{"name":"wp","href":"https:\/\/api.w.org\/{rel}","templated":true}]}}