{"id":31244,"date":"2019-11-06T10:50:16","date_gmt":"2019-11-06T13:50:16","guid":{"rendered":"http:\/\/catalogoeconomiasocial.wp1.mendoza.gov.ar\/?post_type=product&#038;p=31244"},"modified":"2022-10-05T11:25:17","modified_gmt":"2022-10-05T14:25:17","slug":"dulces-y-mermeladas-de-frutas","status":"publish","type":"product","link":"https:\/\/www.mendoza.gov.ar\/catalogoeconomiasocial\/producto\/dulces-y-mermeladas-de-frutas\/","title":{"rendered":"Dulces y Mermeladas de Frutas"},"content":{"rendered":"<!DOCTYPE html PUBLIC \"-\/\/W3C\/\/DTD HTML 4.0 Transitional\/\/EN\" \"http:\/\/www.w3.org\/TR\/REC-html40\/loose.dtd\">\n\n","protected":false},"excerpt":{"rendered":"<strong>Descripci\u00f3n del Producto:\u00a0<\/strong>\r\n\r\nProducto genuino, elaborado artesanalmente con materia prima de primera calidad.\r\n\r\nFrutas frescas aut\u00f3ctonas de la regi\u00f3n ( San Rafael ) sin agregados qu\u00edmicos.\r\n<ul>\r\n \t<li>Mermelada de Frambuesa<\/li>\r\n \t<li>Mermelada de Durazno<\/li>\r\n \t<li>Mermelada de Membrillo \/ en barra<\/li>\r\n \t<li>Mermelada de Frutillas<\/li>\r\n \t<li>Mermelada de Uvas Blancas<\/li>\r\n \t<li>Jalea Artesanal de Membrillo<\/li>\r\n \t<li>Mermelada de Damascos<\/li>\r\n \t<li>Mermelada de Tomate<\/li>\r\n \t<li>Mermelada de Ciruelas<\/li>\r\n \t<li>Mermelada de Peras<\/li>\r\n \t<li>Mermelada de Sauco<\/li>\r\n \t<li>Mermelada de Casis<\/li>\r\n<\/ul>","protected":false},"featured_media":31254,"comment_status":"open","ping_status":"closed","template":"","meta":[],"product_cat":[5946,5974,5975,5976],"product_tag":[4520,1652,1088,4521],"_links":{"self":[{"href":"https:\/\/www.mendoza.gov.ar\/catalogoeconomiasocial\/wp-json\/wp\/v2\/product\/31244"}],"collection":[{"href":"https:\/\/www.mendoza.gov.ar\/catalogoeconomiasocial\/wp-json\/wp\/v2\/product"}],"about":[{"href":"https:\/\/www.mendoza.gov.ar\/catalogoeconomiasocial\/wp-json\/wp\/v2\/types\/product"}],"replies":[{"embeddable":true,"href":"https:\/\/www.mendoza.gov.ar\/catalogoeconomiasocial\/wp-json\/wp\/v2\/comments?post=31244"}],"wp:featuredmedia":[{"embeddable":true,"href":"https:\/\/www.mendoza.gov.ar\/catalogoeconomiasocial\/wp-json\/wp\/v2\/media\/31254"}],"wp:attachment":[{"href":"https:\/\/www.mendoza.gov.ar\/catalogoeconomiasocial\/wp-json\/wp\/v2\/media?parent=31244"}],"wp:term":[{"taxonomy":"product_cat","embeddable":true,"href":"https:\/\/www.mendoza.gov.ar\/catalogoeconomiasocial\/wp-json\/wp\/v2\/product_cat?post=31244"},{"taxonomy":"product_tag","embeddable":true,"href":"https:\/\/www.mendoza.gov.ar\/catalogoeconomiasocial\/wp-json\/wp\/v2\/product_tag?post=31244"}],"curies":[{"name":"wp","href":"https:\/\/api.w.org\/{rel}","templated":true}]}}