{"id":33130,"date":"2019-11-29T11:26:23","date_gmt":"2019-11-29T14:26:23","guid":{"rendered":"http:\/\/catalogoeconomiasocial.wp1.mendoza.gov.ar\/?post_type=product&#038;p=33130"},"modified":"2023-06-07T09:52:10","modified_gmt":"2023-06-07T12:52:10","slug":"pinturas-y-oleos","status":"publish","type":"product","link":"https:\/\/www.mendoza.gov.ar\/catalogoeconomiasocial\/producto\/pinturas-y-oleos\/","title":{"rendered":"Cuadro decorativo"},"content":{"rendered":"<!DOCTYPE html PUBLIC \"-\/\/W3C\/\/DTD HTML 4.0 Transitional\/\/EN\" \"http:\/\/www.w3.org\/TR\/REC-html40\/loose.dtd\">\n\n","protected":false},"excerpt":{"rendered":"Dise\u00f1o y desarrollo de pinturas como hobbie y actividad art\u00edstica, aplicaci\u00f3n de diferentes t\u00e9cnicas de pintura que plasman rincones y bellezas sure\u00f1as, sus colores y sus caracter\u00edsticas regionales.\r\n\r\n<strong>Productos y obras:\u00a0<\/strong>\r\n<ul>\r\n \t<li>Acecho<\/li>\r\n \t<li>Transparencia<\/li>\r\n \t<li>Mi refugio<\/li>\r\n \t<li>Espera<\/li>\r\n<\/ul>","protected":false},"featured_media":33147,"comment_status":"open","ping_status":"closed","template":"","meta":[],"product_cat":[6046,6058,6071],"product_tag":[17,3372,322,1600],"_links":{"self":[{"href":"https:\/\/www.mendoza.gov.ar\/catalogoeconomiasocial\/wp-json\/wp\/v2\/product\/33130"}],"collection":[{"href":"https:\/\/www.mendoza.gov.ar\/catalogoeconomiasocial\/wp-json\/wp\/v2\/product"}],"about":[{"href":"https:\/\/www.mendoza.gov.ar\/catalogoeconomiasocial\/wp-json\/wp\/v2\/types\/product"}],"replies":[{"embeddable":true,"href":"https:\/\/www.mendoza.gov.ar\/catalogoeconomiasocial\/wp-json\/wp\/v2\/comments?post=33130"}],"wp:featuredmedia":[{"embeddable":true,"href":"https:\/\/www.mendoza.gov.ar\/catalogoeconomiasocial\/wp-json\/wp\/v2\/media\/33147"}],"wp:attachment":[{"href":"https:\/\/www.mendoza.gov.ar\/catalogoeconomiasocial\/wp-json\/wp\/v2\/media?parent=33130"}],"wp:term":[{"taxonomy":"product_cat","embeddable":true,"href":"https:\/\/www.mendoza.gov.ar\/catalogoeconomiasocial\/wp-json\/wp\/v2\/product_cat?post=33130"},{"taxonomy":"product_tag","embeddable":true,"href":"https:\/\/www.mendoza.gov.ar\/catalogoeconomiasocial\/wp-json\/wp\/v2\/product_tag?post=33130"}],"curies":[{"name":"wp","href":"https:\/\/api.w.org\/{rel}","templated":true}]}}