{"id":34313,"date":"2020-02-28T13:23:50","date_gmt":"2020-02-28T16:23:50","guid":{"rendered":"http:\/\/catalogoeconomiasocial.wp1.mendoza.gov.ar\/?post_type=product&#038;p=34313"},"modified":"2022-09-28T20:07:15","modified_gmt":"2022-09-28T23:07:15","slug":"pure-mixto-deshidratado","status":"publish","type":"product","link":"https:\/\/www.mendoza.gov.ar\/catalogoeconomiasocial\/producto\/pure-mixto-deshidratado\/","title":{"rendered":"Pur\u00e9 Mixto Deshidratado"},"content":{"rendered":"<!DOCTYPE html PUBLIC \"-\/\/W3C\/\/DTD HTML 4.0 Transitional\/\/EN\" \"http:\/\/www.w3.org\/TR\/REC-html40\/loose.dtd\">\n\n","protected":false},"excerpt":{"rendered":"&nbsp;\r\n<table>\r\n<tbody>\r\n<tr>\r\n<td width=\"581\"><strong>ESPECIFICACI\u00d3N T\u00c9CNICA DE PRODUCTO<\/strong>\r\n\r\n<strong>C\u00f3digo: E\/PRO 102- Revisi\u00f3n: 00<\/strong>\r\n\r\n<strong>Producto: Pur\u00e9 Mixto<\/strong><\/td>\r\n<\/tr>\r\n<\/tbody>\r\n<\/table>\r\n<ul>\r\n \t<li><strong><u>Ingredientes: <\/u><\/strong><\/li>\r\n<\/ul>\r\nPapa deshidratada (emulsionante (E471), estabilizante (E45), conservante (E223), acidulante (E330), antioxidante (E321), Zapallo deshidratado (harina de arroz, almid\u00f3n de ma\u00edz, az\u00facar, bicarbonato de sodio), Leche entera en polvo (leche entera, vitamina A y D, lecitina de soja), Sal fina.\r\n<ul>\r\n \t<li><strong><u>Rendimiento del producto:<\/u><\/strong><\/li>\r\n<\/ul>\r\nUna porci\u00f3n equivale a 30 g de producto seco y a 90 g de producto listo para consumir.\r\n<ul>\r\n \t<li><strong><u>An\u00e1lisis Microbi\u00f3logico:<\/u><\/strong><\/li>\r\n<\/ul>\r\n<table>\r\n<tbody>\r\n<tr>\r\n<td width=\"301\">Elemento<\/td>\r\n<td width=\"232\">Criterios de Aceptaci\u00f3n<\/td>\r\n<\/tr>\r\n<tr>\r\n<td width=\"301\">Bacterias Mes\u00f3filas aerobias<\/td>\r\n<td width=\"232\">M\u00e1x. 2 x 10<sup>5<\/sup> ufc\/g<\/td>\r\n<\/tr>\r\n<tr>\r\n<td width=\"301\">Coliformes a 37\u00b0C (NMP\/g)<\/td>\r\n<td width=\"232\">M\u00e1x. 500<\/td>\r\n<\/tr>\r\n<tr>\r\n<td width=\"301\">E. Coli<\/td>\r\n<td width=\"232\">Ausencia en 0,01 g<\/td>\r\n<\/tr>\r\n<tr>\r\n<td width=\"301\">Salmonellae<\/td>\r\n<td width=\"232\">Ausencia en 25 g<\/td>\r\n<\/tr>\r\n<tr>\r\n<td width=\"301\">Staphylococcus aureus coagulasa positiva<\/td>\r\n<td width=\"232\">Ausencia en\u00a0 0,01 g<\/td>\r\n<\/tr>\r\n<tr>\r\n<td width=\"301\">Hongos y Levaduras:\r\n\r\n(En alimentos a base de cereales y otros ingredientes)<\/td>\r\n<td width=\"232\">M\u00e1x. 10<sup>4<\/sup> ufc\/g<\/td>\r\n<\/tr>\r\n<\/tbody>\r\n<\/table>\r\n<ul>\r\n \t<li><u><b>Caracter\u00edsticas f\u00edsicas:<\/b><\/u><\/li>\r\n<\/ul>\r\nAspecto del producto: S\u00f3lido granular\r\n\r\nDensidad: 0,29kg\/l\r\n\r\nHumedad m\u00e1x: 12%\r\n<ul>\r\n \t<li><strong><u>Caracter\u00edsticas Organol\u00e9pticas:<\/u><\/strong><\/li>\r\n<\/ul>\r\n<table>\r\n<tbody>\r\n<tr>\r\n<td width=\"237\">Elemento<\/td>\r\n<td width=\"226\">Criterio de aceptaci\u00f3n<\/td>\r\n<\/tr>\r\n<tr>\r\n<td width=\"237\">Color<\/td>\r\n<td width=\"226\">Anaranjado<\/td>\r\n<\/tr>\r\n<tr>\r\n<td width=\"237\">Sabor<\/td>\r\n<td width=\"226\">Caracter\u00edstico<\/td>\r\n<\/tr>\r\n<tr>\r\n<td width=\"237\">Aroma<\/td>\r\n<td width=\"226\">Caracter\u00edstico<\/td>\r\n<\/tr>\r\n<\/tbody>\r\n<\/table>\r\n&nbsp;\r\n<ul>\r\n \t<li><strong><u>Condiciones de almacenamiento:<\/u><\/strong><\/li>\r\n<\/ul>\r\nEl producto deber\u00e1 ser almacenado a temperatura ambiente, en el embalaje original, protegido de la humedad de productos contaminantes, de insectos y de roedores. No requiere refrigeraci\u00f3n. Una vez abierto manejar con utensilios perfectamente limpio y se aconseja consumir el total del envase.\r\n\r\n&nbsp;\r\n<ul>\r\n \t<li><strong><u>Vida \u00fatil:<\/u><\/strong> 9 meses<\/li>\r\n \t<li><strong><u>Presentaci\u00f3n:\u00a0<\/u><\/strong>PESO NETO 690 g\/ RINDE: 23 RACIONES.<\/li>\r\n \t<li><strong><u>Especificaciones de envase:\u00a0<\/u><\/strong>Polipropileno baja densidad blanco de 20 micrones.<\/li>\r\n<\/ul>\r\nAlto: 35 cm\r\n\r\nAncho: 20 cm\r\n\r\n&nbsp;\r\n<ul>\r\n \t<li><strong><u>Modo de preparaci\u00f3n\u00a0<\/u><\/strong>(para 1 raci\u00f3n, 30 g de mezcla seca)<\/li>\r\n<\/ul>\r\n<ol>\r\n \t<li>Hervir 120 ml de agua en una cacerola.<\/li>\r\n \t<li>Retirar la cacerola del fuego.<\/li>\r\n \t<li>Colocar la mezcla en forma de lluvia.<\/li>\r\n \t<li>Mezclar en forma envolvente hasta notar completa hidrataci\u00f3n.<\/li>\r\n<\/ol>\r\n&nbsp;\r\n\r\n<strong>(para el contenido del envase 690 gramos 2,8 litros de agua hervida, 11 tazas y medias de agua)<\/strong>\r\n\r\n&nbsp;","protected":false},"featured_media":34315,"comment_status":"open","ping_status":"closed","template":"","meta":[],"product_cat":[5946,5962,5970],"product_tag":[4945],"_links":{"self":[{"href":"https:\/\/www.mendoza.gov.ar\/catalogoeconomiasocial\/wp-json\/wp\/v2\/product\/34313"}],"collection":[{"href":"https:\/\/www.mendoza.gov.ar\/catalogoeconomiasocial\/wp-json\/wp\/v2\/product"}],"about":[{"href":"https:\/\/www.mendoza.gov.ar\/catalogoeconomiasocial\/wp-json\/wp\/v2\/types\/product"}],"replies":[{"embeddable":true,"href":"https:\/\/www.mendoza.gov.ar\/catalogoeconomiasocial\/wp-json\/wp\/v2\/comments?post=34313"}],"wp:featuredmedia":[{"embeddable":true,"href":"https:\/\/www.mendoza.gov.ar\/catalogoeconomiasocial\/wp-json\/wp\/v2\/media\/34315"}],"wp:attachment":[{"href":"https:\/\/www.mendoza.gov.ar\/catalogoeconomiasocial\/wp-json\/wp\/v2\/media?parent=34313"}],"wp:term":[{"taxonomy":"product_cat","embeddable":true,"href":"https:\/\/www.mendoza.gov.ar\/catalogoeconomiasocial\/wp-json\/wp\/v2\/product_cat?post=34313"},{"taxonomy":"product_tag","embeddable":true,"href":"https:\/\/www.mendoza.gov.ar\/catalogoeconomiasocial\/wp-json\/wp\/v2\/product_tag?post=34313"}],"curies":[{"name":"wp","href":"https:\/\/api.w.org\/{rel}","templated":true}]}}

Puré Mixto Deshidratado

&nbsp;
<table>
<tbody>
<tr>
<td width="581"><strong>ESPECIFICACIÓN TÉCNICA DE PRODUCTO</strong>

<strong>Código: E/PRO 102- Revisión: 00</strong>

<strong>Producto: Puré Mixto</strong></td>
</tr>
</tbody>
</table>
<ul>
 	<li><strong><u>Ingredientes: </u></strong></li>
</ul>
Papa deshidratada (emulsionante (E471), estabilizante (E45), conservante (E223), acidulante (E330), antioxidante (E321), Zapallo deshidratado (harina de arroz, almidón de maíz, azúcar, bicarbonato de sodio), Leche entera en polvo (leche entera, vitamina A y D, lecitina de soja), Sal fina.
<ul>
 	<li><strong><u>Rendimiento del producto:</u></strong></li>
</ul>
Una porción equivale a 30 g de producto seco y a 90 g de producto listo para consumir.
<ul>
 	<li><strong><u>Análisis Microbiólogico:</u></strong></li>
</ul>
<table>
<tbody>
<tr>
<td width="301">Elemento</td>
<td width="232">Criterios de Aceptación</td>
</tr>
<tr>
<td width="301">Bacterias Mesófilas aerobias</td>
<td width="232">Máx. 2 x 10<sup>5</sup> ufc/g</td>
</tr>
<tr>
<td width="301">Coliformes a 37°C (NMP/g)</td>
<td width="232">Máx. 500</td>
</tr>
<tr>
<td width="301">E. Coli</td>
<td width="232">Ausencia en 0,01 g</td>
</tr>
<tr>
<td width="301">Salmonellae</td>
<td width="232">Ausencia en 25 g</td>
</tr>
<tr>
<td width="301">Staphylococcus aureus coagulasa positiva</td>
<td width="232">Ausencia en  0,01 g</td>
</tr>
<tr>
<td width="301">Hongos y Levaduras:

(En alimentos a base de cereales y otros ingredientes)</td>
<td width="232">Máx. 10<sup>4</sup> ufc/g</td>
</tr>
</tbody>
</table>
<ul>
 	<li><u><b>Características físicas:</b></u></li>
</ul>
Aspecto del producto: Sólido granular

Densidad: 0,29kg/l

Humedad máx: 12%
<ul>
 	<li><strong><u>Características Organolépticas:</u></strong></li>
</ul>
<table>
<tbody>
<tr>
<td width="237">Elemento</td>
<td width="226">Criterio de aceptación</td>
</tr>
<tr>
<td width="237">Color</td>
<td width="226">Anaranjado</td>
</tr>
<tr>
<td width="237">Sabor</td>
<td width="226">Característico</td>
</tr>
<tr>
<td width="237">Aroma</td>
<td width="226">Característico</td>
</tr>
</tbody>
</table>
&nbsp;
<ul>
 	<li><strong><u>Condiciones de almacenamiento:</u></strong></li>
</ul>
El producto deberá ser almacenado a temperatura ambiente, en el embalaje original, protegido de la humedad de productos contaminantes, de insectos y de roedores. No requiere refrigeración. Una vez abierto manejar con utensilios perfectamente limpio y se aconseja consumir el total del envase.

&nbsp;
<ul>
 	<li><strong><u>Vida útil:</u></strong> 9 meses</li>
 	<li><strong><u>Presentación: </u></strong>PESO NETO 690 g/ RINDE: 23 RACIONES.</li>
 	<li><strong><u>Especificaciones de envase: </u></strong>Polipropileno baja densidad blanco de 20 micrones.</li>
</ul>
Alto: 35 cm

Ancho: 20 cm

&nbsp;
<ul>
 	<li><strong><u>Modo de preparación </u></strong>(para 1 ración, 30 g de mezcla seca)</li>
</ul>
<ol>
 	<li>Hervir 120 ml de agua en una cacerola.</li>
 	<li>Retirar la cacerola del fuego.</li>
 	<li>Colocar la mezcla en forma de lluvia.</li>
 	<li>Mezclar en forma envolvente hasta notar completa hidratación.</li>
</ol>
&nbsp;

<strong>(para el contenido del envase 690 gramos 2,8 litros de agua hervida, 11 tazas y medias de agua)</strong>

&nbsp;
