{"id":34883,"date":"2020-04-01T23:33:22","date_gmt":"2020-04-02T02:33:22","guid":{"rendered":"http:\/\/catalogoeconomiasocial.wp1.mendoza.gov.ar\/?post_type=product&#038;p=34883"},"modified":"2022-10-21T11:39:11","modified_gmt":"2022-10-21T14:39:11","slug":"propoleos","status":"publish","type":"product","link":"https:\/\/www.mendoza.gov.ar\/catalogoeconomiasocial\/producto\/propoleos\/","title":{"rendered":"Prop\u00f3leo"},"content":{"rendered":"<!DOCTYPE html PUBLIC \"-\/\/W3C\/\/DTD HTML 4.0 Transitional\/\/EN\" \"http:\/\/www.w3.org\/TR\/REC-html40\/loose.dtd\">\n\n","protected":false},"excerpt":{"rendered":"PROP\u00d3LEO\r\n\r\nGracias a la acci\u00f3n antibi\u00f3tica del prop\u00f3leo, que protege de la actividad de virus y bacterias, la colmena es uno de los lugares m\u00e1s est\u00e9riles y limpios conocido en la naturaleza.\r\nAct\u00faa como antis\u00e9ptico, antiviral y antiinflamatorio. Este producto de la colmena tiene m\u00faltiples bondades.\r\n\r\nSe consume en forma diaria (previamente haberse cerciorado no ser al\u00e9rgico)\r\n\r\nEstimula el sistema inmunol\u00f3gico y desinfecta nuestro organismo.\r\n\r\nEl prop\u00f3leo es recolectado de resinas naturales de \u00e1rboles y arbustos.\r\n\r\n<img loading=\"lazy\" width=\"250\" height=\"250\" class=\"alignnone size-medium wp-image-35615\" src=\"http:\/\/mendoza.gov.ar\/catalogoeconomiasocial\/wp-content\/uploads\/sites\/49\/2020\/04\/vidaferia-logo-250x250.jpg\" alt=\"\" srcset=\"https:\/\/www.mendoza.gov.ar\/wp-content\/uploads\/sites\/49\/2020\/04\/vidaferia-logo-250x250.jpg 250w, https:\/\/www.mendoza.gov.ar\/wp-content\/uploads\/sites\/49\/2020\/04\/vidaferia-logo-300x300.jpg 300w, https:\/\/www.mendoza.gov.ar\/wp-content\/uploads\/sites\/49\/2020\/04\/vidaferia-logo-100x100.jpg 100w, https:\/\/www.mendoza.gov.ar\/wp-content\/uploads\/sites\/49\/2020\/04\/vidaferia-logo-600x600.jpg 600w, https:\/\/www.mendoza.gov.ar\/wp-content\/uploads\/sites\/49\/2020\/04\/vidaferia-logo-150x150.jpg 150w, https:\/\/www.mendoza.gov.ar\/wp-content\/uploads\/sites\/49\/2020\/04\/vidaferia-logo-768x768.jpg 768w, https:\/\/www.mendoza.gov.ar\/wp-content\/uploads\/sites\/49\/2020\/04\/vidaferia-logo-700x700.jpg 700w, https:\/\/www.mendoza.gov.ar\/wp-content\/uploads\/sites\/49\/2020\/04\/vidaferia-logo-62x62.jpg 62w, https:\/\/www.mendoza.gov.ar\/wp-content\/uploads\/sites\/49\/2020\/04\/vidaferia-logo-120x120.jpg 120w, https:\/\/www.mendoza.gov.ar\/wp-content\/uploads\/sites\/49\/2020\/04\/vidaferia-logo.jpg 850w\" sizes=\"(max-width: 250px) 100vw, 250px\" \/>","protected":false},"featured_media":34893,"comment_status":"open","ping_status":"closed","template":"","meta":[],"product_cat":[6143,6144],"product_tag":[5058],"_links":{"self":[{"href":"https:\/\/www.mendoza.gov.ar\/catalogoeconomiasocial\/wp-json\/wp\/v2\/product\/34883"}],"collection":[{"href":"https:\/\/www.mendoza.gov.ar\/catalogoeconomiasocial\/wp-json\/wp\/v2\/product"}],"about":[{"href":"https:\/\/www.mendoza.gov.ar\/catalogoeconomiasocial\/wp-json\/wp\/v2\/types\/product"}],"replies":[{"embeddable":true,"href":"https:\/\/www.mendoza.gov.ar\/catalogoeconomiasocial\/wp-json\/wp\/v2\/comments?post=34883"}],"wp:featuredmedia":[{"embeddable":true,"href":"https:\/\/www.mendoza.gov.ar\/catalogoeconomiasocial\/wp-json\/wp\/v2\/media\/34893"}],"wp:attachment":[{"href":"https:\/\/www.mendoza.gov.ar\/catalogoeconomiasocial\/wp-json\/wp\/v2\/media?parent=34883"}],"wp:term":[{"taxonomy":"product_cat","embeddable":true,"href":"https:\/\/www.mendoza.gov.ar\/catalogoeconomiasocial\/wp-json\/wp\/v2\/product_cat?post=34883"},{"taxonomy":"product_tag","embeddable":true,"href":"https:\/\/www.mendoza.gov.ar\/catalogoeconomiasocial\/wp-json\/wp\/v2\/product_tag?post=34883"}],"curies":[{"name":"wp","href":"https:\/\/api.w.org\/{rel}","templated":true}]}}