{"id":35298,"date":"2020-04-06T16:38:48","date_gmt":"2020-04-06T19:38:48","guid":{"rendered":"http:\/\/catalogoeconomiasocial.wp1.mendoza.gov.ar\/?post_type=product&#038;p=35298"},"modified":"2022-09-28T19:57:06","modified_gmt":"2022-09-28T22:57:06","slug":"granola-2","status":"publish","type":"product","link":"https:\/\/www.mendoza.gov.ar\/catalogoeconomiasocial\/producto\/granola-2\/","title":{"rendered":"Granola"},"content":{"rendered":"<!DOCTYPE html PUBLIC \"-\/\/W3C\/\/DTD HTML 4.0 Transitional\/\/EN\" \"http:\/\/www.w3.org\/TR\/REC-html40\/loose.dtd\">\n\n","protected":false},"excerpt":{"rendered":"Ananda es un emprendimiento de panader\u00eda artesanal que cuenta con una l\u00ednea integral saludable, basado en meriendas y colaciones bajos en grasas, con el aporte nutricional de semillas de diferentes tipos.\r\n\r\n<strong>Granola casera (90 gs):<\/strong>\u00a0con avena, copos de ma\u00edz, nueces, almendras, girasol, pasas negras y rubias, casta\u00f1as de caju y man\u00ed. Endulzada con miel\r\n\r\n&nbsp;","protected":false},"featured_media":35281,"comment_status":"open","ping_status":"closed","template":"","meta":[],"product_cat":[5946,5962,5963],"product_tag":[5035,5033],"_links":{"self":[{"href":"https:\/\/www.mendoza.gov.ar\/catalogoeconomiasocial\/wp-json\/wp\/v2\/product\/35298"}],"collection":[{"href":"https:\/\/www.mendoza.gov.ar\/catalogoeconomiasocial\/wp-json\/wp\/v2\/product"}],"about":[{"href":"https:\/\/www.mendoza.gov.ar\/catalogoeconomiasocial\/wp-json\/wp\/v2\/types\/product"}],"replies":[{"embeddable":true,"href":"https:\/\/www.mendoza.gov.ar\/catalogoeconomiasocial\/wp-json\/wp\/v2\/comments?post=35298"}],"wp:featuredmedia":[{"embeddable":true,"href":"https:\/\/www.mendoza.gov.ar\/catalogoeconomiasocial\/wp-json\/wp\/v2\/media\/35281"}],"wp:attachment":[{"href":"https:\/\/www.mendoza.gov.ar\/catalogoeconomiasocial\/wp-json\/wp\/v2\/media?parent=35298"}],"wp:term":[{"taxonomy":"product_cat","embeddable":true,"href":"https:\/\/www.mendoza.gov.ar\/catalogoeconomiasocial\/wp-json\/wp\/v2\/product_cat?post=35298"},{"taxonomy":"product_tag","embeddable":true,"href":"https:\/\/www.mendoza.gov.ar\/catalogoeconomiasocial\/wp-json\/wp\/v2\/product_tag?post=35298"}],"curies":[{"name":"wp","href":"https:\/\/api.w.org\/{rel}","templated":true}]}}