{"id":35300,"date":"2020-04-06T16:52:41","date_gmt":"2020-04-06T19:52:41","guid":{"rendered":"http:\/\/catalogoeconomiasocial.wp1.mendoza.gov.ar\/?post_type=product&#038;p=35300"},"modified":"2022-09-28T20:39:10","modified_gmt":"2022-09-28T23:39:10","slug":"mermelada-de-ciruelas-agroecologica","status":"publish","type":"product","link":"https:\/\/www.mendoza.gov.ar\/catalogoeconomiasocial\/producto\/mermelada-de-ciruelas-agroecologica\/","title":{"rendered":"Mermelada Agroecol\u00f3gica de Ciruelas"},"content":{"rendered":"<!DOCTYPE html PUBLIC \"-\/\/W3C\/\/DTD HTML 4.0 Transitional\/\/EN\" \"http:\/\/www.w3.org\/TR\/REC-html40\/loose.dtd\">\n\n","protected":false},"excerpt":{"rendered":"<strong>Mermelada de Ciruelas Agroecol\u00f3gica (454g):<\/strong>\r\n\r\nMermelada elaborada con ciruelas agroecol\u00f3gicas, sin el uso de agrot\u00f3xicos producto de la elaboraci\u00f3n artesanal y casera de nuestras manos, apoyados siempre por nuestra familia y amigxs en este camino de construcci\u00f3n de la Agroecolog\u00eda. Cultivado y elaborado en Villa Tulumaya, Lavalle, Mendoza\r\n\r\n&nbsp;","protected":false},"featured_media":35284,"comment_status":"open","ping_status":"closed","template":"","meta":[],"product_cat":[5946,5974,5975,5976],"product_tag":[5038,5033],"_links":{"self":[{"href":"https:\/\/www.mendoza.gov.ar\/catalogoeconomiasocial\/wp-json\/wp\/v2\/product\/35300"}],"collection":[{"href":"https:\/\/www.mendoza.gov.ar\/catalogoeconomiasocial\/wp-json\/wp\/v2\/product"}],"about":[{"href":"https:\/\/www.mendoza.gov.ar\/catalogoeconomiasocial\/wp-json\/wp\/v2\/types\/product"}],"replies":[{"embeddable":true,"href":"https:\/\/www.mendoza.gov.ar\/catalogoeconomiasocial\/wp-json\/wp\/v2\/comments?post=35300"}],"wp:featuredmedia":[{"embeddable":true,"href":"https:\/\/www.mendoza.gov.ar\/catalogoeconomiasocial\/wp-json\/wp\/v2\/media\/35284"}],"wp:attachment":[{"href":"https:\/\/www.mendoza.gov.ar\/catalogoeconomiasocial\/wp-json\/wp\/v2\/media?parent=35300"}],"wp:term":[{"taxonomy":"product_cat","embeddable":true,"href":"https:\/\/www.mendoza.gov.ar\/catalogoeconomiasocial\/wp-json\/wp\/v2\/product_cat?post=35300"},{"taxonomy":"product_tag","embeddable":true,"href":"https:\/\/www.mendoza.gov.ar\/catalogoeconomiasocial\/wp-json\/wp\/v2\/product_tag?post=35300"}],"curies":[{"name":"wp","href":"https:\/\/api.w.org\/{rel}","templated":true}]}}