{"id":37074,"date":"2020-05-05T10:10:52","date_gmt":"2020-05-05T13:10:52","guid":{"rendered":"http:\/\/catalogoeconomiasocial.wp1.mendoza.gov.ar\/?post_type=product&#038;p=37074"},"modified":"2025-12-22T12:46:18","modified_gmt":"2025-12-22T15:46:18","slug":"billeteras-de-cuero-3","status":"publish","type":"product","link":"https:\/\/www.mendoza.gov.ar\/catalogoeconomiasocial\/producto\/billeteras-de-cuero-3\/","title":{"rendered":"Billeteras"},"content":{"rendered":"<!DOCTYPE html PUBLIC \"-\/\/W3C\/\/DTD HTML 4.0 Transitional\/\/EN\" \"http:\/\/www.w3.org\/TR\/REC-html40\/loose.dtd\">\n\n","protected":false},"excerpt":{"rendered":"<ul>\r\n \t<li>Billeteras de cuero, pintadas y decoradas con tinta y acr\u00edlicos en variados colores y dise\u00f1os. Con cierre y bot\u00f3n a presi\u00f3n.<\/li>\r\n \t<li>Billetera para mujer<\/li>\r\n \t<li>Billetera m\u00e1gica \/ unisex \/ para cintura<\/li>\r\n \t<li>Billetera porta valores<\/li>\r\n<\/ul>\r\n&nbsp;","protected":false},"featured_media":60700,"comment_status":"open","ping_status":"closed","template":"","meta":[],"product_cat":[5923,6098,6205],"product_tag":[5183,141,2696],"_links":{"self":[{"href":"https:\/\/www.mendoza.gov.ar\/catalogoeconomiasocial\/wp-json\/wp\/v2\/product\/37074"}],"collection":[{"href":"https:\/\/www.mendoza.gov.ar\/catalogoeconomiasocial\/wp-json\/wp\/v2\/product"}],"about":[{"href":"https:\/\/www.mendoza.gov.ar\/catalogoeconomiasocial\/wp-json\/wp\/v2\/types\/product"}],"replies":[{"embeddable":true,"href":"https:\/\/www.mendoza.gov.ar\/catalogoeconomiasocial\/wp-json\/wp\/v2\/comments?post=37074"}],"wp:featuredmedia":[{"embeddable":true,"href":"https:\/\/www.mendoza.gov.ar\/catalogoeconomiasocial\/wp-json\/wp\/v2\/media\/60700"}],"wp:attachment":[{"href":"https:\/\/www.mendoza.gov.ar\/catalogoeconomiasocial\/wp-json\/wp\/v2\/media?parent=37074"}],"wp:term":[{"taxonomy":"product_cat","embeddable":true,"href":"https:\/\/www.mendoza.gov.ar\/catalogoeconomiasocial\/wp-json\/wp\/v2\/product_cat?post=37074"},{"taxonomy":"product_tag","embeddable":true,"href":"https:\/\/www.mendoza.gov.ar\/catalogoeconomiasocial\/wp-json\/wp\/v2\/product_tag?post=37074"}],"curies":[{"name":"wp","href":"https:\/\/api.w.org\/{rel}","templated":true}]}}