{"id":37426,"date":"2020-05-07T13:02:55","date_gmt":"2020-05-07T16:02:55","guid":{"rendered":"http:\/\/catalogoeconomiasocial.wp1.mendoza.gov.ar\/?post_type=product&#038;p=37426"},"modified":"2023-06-07T09:16:30","modified_gmt":"2023-06-07T12:16:30","slug":"atrapa-suenos-7","status":"publish","type":"product","link":"https:\/\/www.mendoza.gov.ar\/catalogoeconomiasocial\/producto\/atrapa-suenos-7\/","title":{"rendered":"Atrapa Sue\u00f1os en Varios Dise\u00f1os"},"content":{"rendered":"<!DOCTYPE html PUBLIC \"-\/\/W3C\/\/DTD HTML 4.0 Transitional\/\/EN\" \"http:\/\/www.w3.org\/TR\/REC-html40\/loose.dtd\">\n\n","protected":false},"excerpt":{"rendered":"<em><u>Nombre del producto:<\/u><\/em><u> <\/u>\r\n\r\n<em>Atrapasue\u00f1os <strong>Guirnalda de Unicornios <\/strong>Caracter\u00edsticas: Realizado con hilo de algod\u00f3n y mimbre. LARGO VARIABLE. Di\u00e1metro 22 cm.\u00a0<\/em>\r\n\r\n<em><u>Atrapasue\u00f1os <strong>Mariposas.\u00a0<\/strong><\/u><\/em>Caracter\u00edsticas: Realizado con hilo de algod\u00f3n, hilo sedificado, cintas de raso, broderi, gasas. Di\u00e1metro de 30 cm.\r\n\r\n<strong><u>Atrapasue\u00f1os Coral.<\/u><\/strong>Caracter\u00edsticas: Realizado con hilo de algod\u00f3n, hilo sedificado, cintas de raso, broderi, gasas. Di\u00e1metro de 25 cm.\r\n\r\n<strong><u>Atrapasue\u00f1os Girasoles.<\/u><\/strong> Caracter\u00edsticas: Realizado con hilo de algod\u00f3n, cintas de raso y lana de chenil. Di\u00e1metro de 35 cm.\r\n\r\n<strong><u>Atrapasue\u00f1os 7 Chakras.\u00a0<\/u><\/strong>Caracter\u00edsticas: Realizado con hilo de algod\u00f3n, mimbre, mostacillas de vidrio y madera.\u00a0\u00a0Di\u00e1metro de 22 cm.","protected":false},"featured_media":48582,"comment_status":"open","ping_status":"closed","template":"","meta":[],"product_cat":[6046,6058,6069],"product_tag":[112],"_links":{"self":[{"href":"https:\/\/www.mendoza.gov.ar\/catalogoeconomiasocial\/wp-json\/wp\/v2\/product\/37426"}],"collection":[{"href":"https:\/\/www.mendoza.gov.ar\/catalogoeconomiasocial\/wp-json\/wp\/v2\/product"}],"about":[{"href":"https:\/\/www.mendoza.gov.ar\/catalogoeconomiasocial\/wp-json\/wp\/v2\/types\/product"}],"replies":[{"embeddable":true,"href":"https:\/\/www.mendoza.gov.ar\/catalogoeconomiasocial\/wp-json\/wp\/v2\/comments?post=37426"}],"wp:featuredmedia":[{"embeddable":true,"href":"https:\/\/www.mendoza.gov.ar\/catalogoeconomiasocial\/wp-json\/wp\/v2\/media\/48582"}],"wp:attachment":[{"href":"https:\/\/www.mendoza.gov.ar\/catalogoeconomiasocial\/wp-json\/wp\/v2\/media?parent=37426"}],"wp:term":[{"taxonomy":"product_cat","embeddable":true,"href":"https:\/\/www.mendoza.gov.ar\/catalogoeconomiasocial\/wp-json\/wp\/v2\/product_cat?post=37426"},{"taxonomy":"product_tag","embeddable":true,"href":"https:\/\/www.mendoza.gov.ar\/catalogoeconomiasocial\/wp-json\/wp\/v2\/product_tag?post=37426"}],"curies":[{"name":"wp","href":"https:\/\/api.w.org\/{rel}","templated":true}]}}