{"id":39408,"date":"2020-06-10T16:31:27","date_gmt":"2020-06-10T19:31:27","guid":{"rendered":"http:\/\/catalogoeconomiasocial.wp1.mendoza.gov.ar\/?post_type=product&#038;p=39408"},"modified":"2022-10-21T11:34:08","modified_gmt":"2022-10-21T14:34:08","slug":"oleo-calcareo","status":"publish","type":"product","link":"https:\/\/www.mendoza.gov.ar\/catalogoeconomiasocial\/producto\/oleo-calcareo\/","title":{"rendered":"\u00d3leo Calc\u00e1reo"},"content":{"rendered":"<!DOCTYPE html PUBLIC \"-\/\/W3C\/\/DTD HTML 4.0 Transitional\/\/EN\" \"http:\/\/www.w3.org\/TR\/REC-html40\/loose.dtd\">\n\n","protected":false},"excerpt":{"rendered":"&nbsp;\r\n\r\nEl \u00f3leo calc\u00e1reo es un producto 100% natural basado en una antigua\r\nf\u00f3rmula de la farmacopea francesa, compuesto de aceite de oliva y agua\r\nde cal, \u00a0que se utiliza para limpiar la cola del beb\u00e9 en cada cambio de\r\npa\u00f1al a la vez que protege y nutre la piel, \u00a0evitando as\u00ed escoceduras.\r\nSus propiedades calmantes y antis\u00e9pticas lo hace un producto\r\nespecialmente recomendado para la hidrataci\u00f3n de la sensible piel de\r\nbeb\u00e9s durante el cambio de pa\u00f1al, incluidos los casos de sarpullido.\r\nEl linimento se aplica simplemente en la piel con un algod\u00f3n o una toalla\r\ny no necesita ser enjuagado dejando una fina capa de grasa que sirve\r\ncomo pel\u00edcula protectora. Esta fina capa transparente refuerza la barrera\r\ncut\u00e1nea y preserva el PH natural de la piel, quedando \u00e9sta protegida y\r\nnutrida.\r\nEl linimento \u00f3leo-calc\u00e1reo NO contiene: parabenos, sales de aluminio,\r\nconservantes, perfumes, parafinas, siliconas, colorantes ni aceites\r\nminerales.\r\nEl linimento resulta perfecto para las pieles irritadas, sensibles, muy secas,\r\ncon eczema o incluso en quemaduras.\r\nAdem\u00e1s de su utilidad en el cambio de pa\u00f1al el linimento \u00f3leo calc\u00e1reo\r\ntambi\u00e9n tiene otros usos como pueden ser:\r\nComo crema \u00a0hidratante diaria para cuerpo y cara.\r\nPara desmaquillar el rostro.\r\n\r\nPara aliviar el dolor en el pez\u00f3n por fisuras o sequedad durante la\r\nlactancia (limpiar la zona antes de volver a dar de mamar al beb\u00e9).\r\nPara aliviar el dolor \u00a0y regenerar la piel en peque\u00f1as quemaduras.\r\nSe pueden echar unas gotas de linimento en el agua del ba\u00f1o para dejar\r\nla piel hidratada.\r\nSirve para retirar la costra l\u00e1ctea del beb\u00e9. Se aplica y se deja actuar unas\r\nhoras. Despu\u00e9s lavar el pelo de la manera habitual y peinar con un peine\r\nnatural de pelo suave para retirar las escamas.\r\n\r\nIngredientes: Agua de Cal, Aceite de Oliva, Aceite de Almendras,\r\nExtracto de Cal\u00e9ndula y Manzanilla, Cera de abejas,\r\nVitamina E.\r\n\r\nPresentaci\u00f3n en envase de 250 cc","protected":false},"featured_media":39415,"comment_status":"open","ping_status":"closed","template":"","meta":[],"product_cat":[6143,6144],"product_tag":[5335],"_links":{"self":[{"href":"https:\/\/www.mendoza.gov.ar\/catalogoeconomiasocial\/wp-json\/wp\/v2\/product\/39408"}],"collection":[{"href":"https:\/\/www.mendoza.gov.ar\/catalogoeconomiasocial\/wp-json\/wp\/v2\/product"}],"about":[{"href":"https:\/\/www.mendoza.gov.ar\/catalogoeconomiasocial\/wp-json\/wp\/v2\/types\/product"}],"replies":[{"embeddable":true,"href":"https:\/\/www.mendoza.gov.ar\/catalogoeconomiasocial\/wp-json\/wp\/v2\/comments?post=39408"}],"wp:featuredmedia":[{"embeddable":true,"href":"https:\/\/www.mendoza.gov.ar\/catalogoeconomiasocial\/wp-json\/wp\/v2\/media\/39415"}],"wp:attachment":[{"href":"https:\/\/www.mendoza.gov.ar\/catalogoeconomiasocial\/wp-json\/wp\/v2\/media?parent=39408"}],"wp:term":[{"taxonomy":"product_cat","embeddable":true,"href":"https:\/\/www.mendoza.gov.ar\/catalogoeconomiasocial\/wp-json\/wp\/v2\/product_cat?post=39408"},{"taxonomy":"product_tag","embeddable":true,"href":"https:\/\/www.mendoza.gov.ar\/catalogoeconomiasocial\/wp-json\/wp\/v2\/product_tag?post=39408"}],"curies":[{"name":"wp","href":"https:\/\/api.w.org\/{rel}","templated":true}]}}