{"id":39628,"date":"2020-07-01T09:10:27","date_gmt":"2020-07-01T12:10:27","guid":{"rendered":"http:\/\/catalogoeconomiasocial.wp1.mendoza.gov.ar\/?post_type=product&#038;p=39628"},"modified":"2020-07-01T09:19:50","modified_gmt":"2020-07-01T12:19:50","slug":"lana-de-oveja-tenida-con-tintes-industriales","status":"publish","type":"product","link":"https:\/\/www.mendoza.gov.ar\/catalogoeconomiasocial\/producto\/lana-de-oveja-tenida-con-tintes-industriales\/","title":{"rendered":"Lana de Oveja Te\u00f1ida con Tintes Industriales"},"content":{"rendered":"<!DOCTYPE html PUBLIC \"-\/\/W3C\/\/DTD HTML 4.0 Transitional\/\/EN\" \"http:\/\/www.w3.org\/TR\/REC-html40\/loose.dtd\">\n\n","protected":false},"excerpt":{"rendered":"Lana de oveja te\u00f1ida industrialmente (Amarillo, rojo fuerte, Verde). Hilada a mano por el grupo de mujeres hiladoras de Lavalle.\r\n\r\nEste grupo asociativo produce\u00a0lana de oveja, hilada en sus distintas formas y opciones de te\u00f1ido a saber:.\r\n\r\n&#8211;\u00a0 lana hilada\u00a0 en su color natural.\u00a0 \u00a0&#8211;\u00a0 la hilada y te\u00f1ida con tintes vegetales.\u00a0&#8211;\u00a0 lana hilada y\u00a0 torcida de oveja:\u00a0 \u00a0en su color natural.\u00a0&#8211;\u00a0 o tambi\u00e9n existe la opci\u00f3n de tomar pedidos de lana hilada o hilada m\u00e1s torcida para te\u00f1ir con tintes industriales.\r\n<div dir=\"ltr\"><\/div>\r\n<div dir=\"ltr\">Los precios son variados,\u00a0 seg\u00fan las horas de trabajo aplicadas a los distintos procedimientos que van\u00a0 desde la esquila del vell\u00f3n de lana, hasta el hilado de la lana\u00a0 el proceso de llegar a torcer la lana.<\/div>\r\n<div dir=\"ltr\">Los tintes vegetales se obtienen de ra\u00edces, semillas, hojas\u00a0provenientes de la flora aut\u00f3ctona del secano lavallino o de hortalizas y frutas.<\/div>\r\n<div dir=\"ltr\"><\/div>\r\n<div dir=\"ltr\">Al mismo tiempo van fotos de ovejas, esquilas, embolsados,\u00a0 \u00a0dado que el proceso se inicia en los puestos, de Lavalle,<\/div>\r\n<div dir=\"ltr\">San Carlos o Malarg\u00fce que cuentan con ganado ovino,\u00a0 donde estamos trabajando\u00a0 con la Secretaria de Agricultura Familiar<\/div>\r\n<div dir=\"ltr\">Ministerio de Ganader\u00eda y Pezca de la Naci\u00f3n en\u00a0 introducir la modalidad de &#8220;Esquila Limpia y Prolija&#8221;<\/div>\r\n<div dir=\"ltr\">para que los puesteros obtengan un precio justo de la misma, evitando que estos la tiren y llegue a todas las hiladoras<\/div>\r\n<div dir=\"ltr\">y tejedoras de la provincia, una\u00a0 materia prima de buena calidad.<\/div>","protected":false},"featured_media":39624,"comment_status":"open","ping_status":"closed","template":"","meta":[],"product_cat":[1290],"product_tag":[5348],"_links":{"self":[{"href":"https:\/\/www.mendoza.gov.ar\/catalogoeconomiasocial\/wp-json\/wp\/v2\/product\/39628"}],"collection":[{"href":"https:\/\/www.mendoza.gov.ar\/catalogoeconomiasocial\/wp-json\/wp\/v2\/product"}],"about":[{"href":"https:\/\/www.mendoza.gov.ar\/catalogoeconomiasocial\/wp-json\/wp\/v2\/types\/product"}],"replies":[{"embeddable":true,"href":"https:\/\/www.mendoza.gov.ar\/catalogoeconomiasocial\/wp-json\/wp\/v2\/comments?post=39628"}],"wp:featuredmedia":[{"embeddable":true,"href":"https:\/\/www.mendoza.gov.ar\/catalogoeconomiasocial\/wp-json\/wp\/v2\/media\/39624"}],"wp:attachment":[{"href":"https:\/\/www.mendoza.gov.ar\/catalogoeconomiasocial\/wp-json\/wp\/v2\/media?parent=39628"}],"wp:term":[{"taxonomy":"product_cat","embeddable":true,"href":"https:\/\/www.mendoza.gov.ar\/catalogoeconomiasocial\/wp-json\/wp\/v2\/product_cat?post=39628"},{"taxonomy":"product_tag","embeddable":true,"href":"https:\/\/www.mendoza.gov.ar\/catalogoeconomiasocial\/wp-json\/wp\/v2\/product_tag?post=39628"}],"curies":[{"name":"wp","href":"https:\/\/api.w.org\/{rel}","templated":true}]}}