{"id":40937,"date":"2020-08-28T08:36:36","date_gmt":"2020-08-28T11:36:36","guid":{"rendered":"http:\/\/catalogoeconomiasocial.wp1.mendoza.gov.ar\/?post_type=product&#038;p=40937"},"modified":"2024-10-31T12:25:56","modified_gmt":"2024-10-31T15:25:56","slug":"farolas-vitreaux","status":"publish","type":"product","link":"https:\/\/www.mendoza.gov.ar\/catalogoeconomiasocial\/producto\/farolas-vitreaux\/","title":{"rendered":"Farolas"},"content":{"rendered":"<!DOCTYPE html PUBLIC \"-\/\/W3C\/\/DTD HTML 4.0 Transitional\/\/EN\" \"http:\/\/www.w3.org\/TR\/REC-html40\/loose.dtd\">\n\n","protected":false},"excerpt":{"rendered":"Restaur\u00e1 y redecor\u00e1 tu casa con\u00a0<a class=\"_58cn\" href=\"https:\/\/www.facebook.com\/hashtag\/vitreaux?__eep__=6&amp;source=feed_text&amp;epa=HASHTAG&amp;__xts__%5B0%5D=68.ARBVutPsZjnKES-Dd3obctKGz3xmwT3Cq0xbPiTdXLUscKK1NX-UUutKJHkIYdys28pjj4SJZgUIuFjCbqCr5yoFqhPNCtHxP6j3Wl0OnGXZ3Z1i1WcyThCdcATllBQarPFFNocKuEm4Bs1NOQTuVT3SBH9_F4mT3TL21VhjljkCLyJnLtomOcsAIAhaWnnbv04QmSHzSuC878FyyLZSJ4EG_K2Ka_tbyssbyKMGr_SdRZ6GxmI70nxx02xXOyFxXdHs7whp7MonWxWzfYPG3-FaZoeJHa7clXK8-xAxiBrc4wR81HaPfdFyQZYr45EevelDivs9ATC86d6e_6yJ&amp;__tn__=%2ANK-R\"><span class=\"_5afx\"><span class=\"_58cl _5afz\">#<\/span><span class=\"_58cm\">Vitreaux<\/span><\/span><\/a>\u00a0<span class=\"_5mfr\"><span class=\"_6qdm\">?<\/span><\/span><span class=\"_5mfr\"><span class=\"_6qdm\">\u2728<\/span><\/span>\r\n\r\nFarolas con Vitreaux para darle un toque distinto y \u00fanico a tu hogar, iluminando y resaltando a\u00fan m\u00e1s<span class=\"_5mfr\"><span class=\"_6qdm\">?<\/span><\/span>\r\n\r\nVos decinos qu\u00e9 te gustar\u00eda hacer y nosotros lo creamos para vos!","protected":false},"featured_media":40929,"comment_status":"open","ping_status":"closed","template":"","meta":[],"product_cat":[6762,6046,6058,6067],"product_tag":[5414,5411,5412],"_links":{"self":[{"href":"https:\/\/www.mendoza.gov.ar\/catalogoeconomiasocial\/wp-json\/wp\/v2\/product\/40937"}],"collection":[{"href":"https:\/\/www.mendoza.gov.ar\/catalogoeconomiasocial\/wp-json\/wp\/v2\/product"}],"about":[{"href":"https:\/\/www.mendoza.gov.ar\/catalogoeconomiasocial\/wp-json\/wp\/v2\/types\/product"}],"replies":[{"embeddable":true,"href":"https:\/\/www.mendoza.gov.ar\/catalogoeconomiasocial\/wp-json\/wp\/v2\/comments?post=40937"}],"wp:featuredmedia":[{"embeddable":true,"href":"https:\/\/www.mendoza.gov.ar\/catalogoeconomiasocial\/wp-json\/wp\/v2\/media\/40929"}],"wp:attachment":[{"href":"https:\/\/www.mendoza.gov.ar\/catalogoeconomiasocial\/wp-json\/wp\/v2\/media?parent=40937"}],"wp:term":[{"taxonomy":"product_cat","embeddable":true,"href":"https:\/\/www.mendoza.gov.ar\/catalogoeconomiasocial\/wp-json\/wp\/v2\/product_cat?post=40937"},{"taxonomy":"product_tag","embeddable":true,"href":"https:\/\/www.mendoza.gov.ar\/catalogoeconomiasocial\/wp-json\/wp\/v2\/product_tag?post=40937"}],"curies":[{"name":"wp","href":"https:\/\/api.w.org\/{rel}","templated":true}]}}

Restaurá y redecorá tu casa con <a class="_58cn" href="https://www.facebook.com/hashtag/vitreaux?__eep__=6&amp;source=feed_text&amp;epa=HASHTAG&amp;__xts__%5B0%5D=68.ARBVutPsZjnKES-Dd3obctKGz3xmwT3Cq0xbPiTdXLUscKK1NX-UUutKJHkIYdys28pjj4SJZgUIuFjCbqCr5yoFqhPNCtHxP6j3Wl0OnGXZ3Z1i1WcyThCdcATllBQarPFFNocKuEm4Bs1NOQTuVT3SBH9_F4mT3TL21VhjljkCLyJnLtomOcsAIAhaWnnbv04QmSHzSuC878FyyLZSJ4EG_K2Ka_tbyssbyKMGr_SdRZ6GxmI70nxx02xXOyFxXdHs7whp7MonWxWzfYPG3-FaZoeJHa7clXK8-xAxiBrc4wR81HaPfdFyQZYr45EevelDivs9ATC86d6e_6yJ&amp;__tn__=%2ANK-R"><span class="_5afx"><span class="_58cl _5afz">#</span><span class="_58cm">Vitreaux</span></span></a> <span class="_5mfr"><span class="_6qdm">?</span></span><span class="_5mfr"><span class="_6qdm">✨</span></span>

Farolas con Vitreaux para darle un toque distinto y único a tu hogar, iluminando y resaltando aún más<span class="_5mfr"><span class="_6qdm">?</span></span>

Vos decinos qué te gustaría hacer y nosotros lo creamos para vos!
