{"id":40940,"date":"2020-08-28T08:41:32","date_gmt":"2020-08-28T11:41:32","guid":{"rendered":"http:\/\/catalogoeconomiasocial.wp1.mendoza.gov.ar\/?post_type=product&#038;p=40940"},"modified":"2022-10-04T09:15:40","modified_gmt":"2022-10-04T12:15:40","slug":"aberturas-de-ventanas-y-puertas-vitreaux","status":"publish","type":"product","link":"https:\/\/www.mendoza.gov.ar\/catalogoeconomiasocial\/producto\/aberturas-de-ventanas-y-puertas-vitreaux\/","title":{"rendered":"Vitraeux para Aberturas"},"content":{"rendered":"<!DOCTYPE html PUBLIC \"-\/\/W3C\/\/DTD HTML 4.0 Transitional\/\/EN\" \"http:\/\/www.w3.org\/TR\/REC-html40\/loose.dtd\">\n\n","protected":false},"excerpt":{"rendered":"<span class=\"_5mfr\"><span class=\"_6qdm\">\u2728<\/span><\/span>Abertura de ventanas confeccionada en t\u00e9cnica Tiffany<span class=\"_5mfr\"><span class=\"_6qdm\">\u2728<\/span><\/span>\r\n\u2800\r\nSe utilizaron vidrios importados y tiene un dise\u00f1o exclusivo, propio y \u00fanico<span class=\"_5mfr\"><span class=\"_6qdm\">\u2600\ufe0f<\/span><\/span><span class=\"_5mfr\"><span class=\"_6qdm\">\u26f5<\/span><\/span>\r\n\r\nEl vidrio base es uno que ya se ha dejado de fabricar, rescatado de una casa de demolici\u00f3n, llamado Lustre.\r\n<div class=\"text_exposed_show\">\r\n\r\nEl vidrio Lustre en la vida com\u00fan no se luce bien pero en el arte del vitral le dan el esplendor y la verdadera magia, con la incrustaci\u00f3n y combinaci\u00f3n de los tapetes y los distintos colores c\u00e1lidos, tibios y fr\u00edos, es como podemos crear esa &#8220;magia&#8221; particular\u00a0<span class=\"_5mfr\"><span class=\"_6qdm\">?<\/span><\/span>\r\n\u2800\r\n\u2800\r\n\u2800\r\n<a class=\"_58cn\" href=\"https:\/\/www.facebook.com\/hashtag\/vidrieras?__eep__=6&amp;source=feed_text&amp;epa=HASHTAG&amp;__xts__%5B0%5D=68.ARC9_Ccu_h2lMNP5ixWPMpuKHHhpIuVdDvdnS4c6Xcy8pMBRNuwvQDqG7nhAeGm0a3AqKu0mCg1mNBOWkVxuScMYB-kzClR2tFcEysApIPCskBnLhXVu7jjRjsII7_l38S74WW6n0ThRNK6UTf9iUIvkESe3Tqqb-ydutOzmYLOBVp8Gk2O8ofCgWZuRXJJFQ07BfUj8QUwL75w59R9Z8uSCXWqKIV3WqXzDuxquJiCQMFM678LbvBLzC7tUYLwUy_L-hkDKw_e9Ima5XmAF9E7MZd5sgC5474eDIrdC9roGJH_Fn0VnD48eC09xhz1ohNLk6AFRQpARbHnFL4Cf&amp;__tn__=%2ANK-R\"><span class=\"_5afx\"><span class=\"_58cl _5afz\">#<\/span><span class=\"_58cm\">vidrieras<\/span><\/span><\/a>\u00a0<a class=\"_58cn\" href=\"https:\/\/www.facebook.com\/hashtag\/lamparasdedise%C3%B1o?__eep__=6&amp;source=feed_text&amp;epa=HASHTAG&amp;__xts__%5B0%5D=68.ARC9_Ccu_h2lMNP5ixWPMpuKHHhpIuVdDvdnS4c6Xcy8pMBRNuwvQDqG7nhAeGm0a3AqKu0mCg1mNBOWkVxuScMYB-kzClR2tFcEysApIPCskBnLhXVu7jjRjsII7_l38S74WW6n0ThRNK6UTf9iUIvkESe3Tqqb-ydutOzmYLOBVp8Gk2O8ofCgWZuRXJJFQ07BfUj8QUwL75w59R9Z8uSCXWqKIV3WqXzDuxquJiCQMFM678LbvBLzC7tUYLwUy_L-hkDKw_e9Ima5XmAF9E7MZd5sgC5474eDIrdC9roGJH_Fn0VnD48eC09xhz1ohNLk6AFRQpARbHnFL4Cf&amp;__tn__=%2ANK-R\"><span class=\"_5afx\"><span class=\"_58cl _5afz\">#<\/span><span class=\"_58cm\">lamparasdedise\u00f1o<\/span><\/span><\/a>\u00a0<a class=\"_58cn\" href=\"https:\/\/www.facebook.com\/hashtag\/vidrierasartista?__eep__=6&amp;source=feed_text&amp;epa=HASHTAG&amp;__xts__%5B0%5D=68.ARC9_Ccu_h2lMNP5ixWPMpuKHHhpIuVdDvdnS4c6Xcy8pMBRNuwvQDqG7nhAeGm0a3AqKu0mCg1mNBOWkVxuScMYB-kzClR2tFcEysApIPCskBnLhXVu7jjRjsII7_l38S74WW6n0ThRNK6UTf9iUIvkESe3Tqqb-ydutOzmYLOBVp8Gk2O8ofCgWZuRXJJFQ07BfUj8QUwL75w59R9Z8uSCXWqKIV3WqXzDuxquJiCQMFM678LbvBLzC7tUYLwUy_L-hkDKw_e9Ima5XmAF9E7MZd5sgC5474eDIrdC9roGJH_Fn0VnD48eC09xhz1ohNLk6AFRQpARbHnFL4Cf&amp;__tn__=%2ANK-R\"><span class=\"_5afx\"><span class=\"_58cl _5afz\">#<\/span><span class=\"_58cm\">vidrierasartista<\/span><\/span><\/a>\u00a0<a class=\"_58cn\" href=\"https:\/\/www.facebook.com\/hashtag\/vidrierasdise%C3%B1o?__eep__=6&amp;source=feed_text&amp;epa=HASHTAG&amp;__xts__%5B0%5D=68.ARC9_Ccu_h2lMNP5ixWPMpuKHHhpIuVdDvdnS4c6Xcy8pMBRNuwvQDqG7nhAeGm0a3AqKu0mCg1mNBOWkVxuScMYB-kzClR2tFcEysApIPCskBnLhXVu7jjRjsII7_l38S74WW6n0ThRNK6UTf9iUIvkESe3Tqqb-ydutOzmYLOBVp8Gk2O8ofCgWZuRXJJFQ07BfUj8QUwL75w59R9Z8uSCXWqKIV3WqXzDuxquJiCQMFM678LbvBLzC7tUYLwUy_L-hkDKw_e9Ima5XmAF9E7MZd5sgC5474eDIrdC9roGJH_Fn0VnD48eC09xhz1ohNLk6AFRQpARbHnFL4Cf&amp;__tn__=%2ANK-R\"><span class=\"_5afx\"><span class=\"_58cl _5afz\">#<\/span><span class=\"_58cm\">vidrierasdise\u00f1o<\/span><\/span><\/a>\u00a0<a class=\"_58cn\" href=\"https:\/\/www.facebook.com\/hashtag\/vidrio?__eep__=6&amp;source=feed_text&amp;epa=HASHTAG&amp;__xts__%5B0%5D=68.ARC9_Ccu_h2lMNP5ixWPMpuKHHhpIuVdDvdnS4c6Xcy8pMBRNuwvQDqG7nhAeGm0a3AqKu0mCg1mNBOWkVxuScMYB-kzClR2tFcEysApIPCskBnLhXVu7jjRjsII7_l38S74WW6n0ThRNK6UTf9iUIvkESe3Tqqb-ydutOzmYLOBVp8Gk2O8ofCgWZuRXJJFQ07BfUj8QUwL75w59R9Z8uSCXWqKIV3WqXzDuxquJiCQMFM678LbvBLzC7tUYLwUy_L-hkDKw_e9Ima5XmAF9E7MZd5sgC5474eDIrdC9roGJH_Fn0VnD48eC09xhz1ohNLk6AFRQpARbHnFL4Cf&amp;__tn__=%2ANK-R\"><span class=\"_5afx\"><span class=\"_58cl _5afz\">#<\/span><span class=\"_58cm\">vidrio<\/span><\/span><\/a>\u00a0<a class=\"_58cn\" href=\"https:\/\/www.facebook.com\/hashtag\/arte?__eep__=6&amp;source=feed_text&amp;epa=HASHTAG&amp;__xts__%5B0%5D=68.ARC9_Ccu_h2lMNP5ixWPMpuKHHhpIuVdDvdnS4c6Xcy8pMBRNuwvQDqG7nhAeGm0a3AqKu0mCg1mNBOWkVxuScMYB-kzClR2tFcEysApIPCskBnLhXVu7jjRjsII7_l38S74WW6n0ThRNK6UTf9iUIvkESe3Tqqb-ydutOzmYLOBVp8Gk2O8ofCgWZuRXJJFQ07BfUj8QUwL75w59R9Z8uSCXWqKIV3WqXzDuxquJiCQMFM678LbvBLzC7tUYLwUy_L-hkDKw_e9Ima5XmAF9E7MZd5sgC5474eDIrdC9roGJH_Fn0VnD48eC09xhz1ohNLk6AFRQpARbHnFL4Cf&amp;__tn__=%2ANK-R\"><span class=\"_5afx\"><span class=\"_58cl _5afz\">#<\/span><span class=\"_58cm\">arte<\/span><\/span><\/a>\u00a0<a class=\"_58cn\" href=\"https:\/\/www.facebook.com\/hashtag\/art?__eep__=6&amp;source=feed_text&amp;epa=HASHTAG&amp;__xts__%5B0%5D=68.ARC9_Ccu_h2lMNP5ixWPMpuKHHhpIuVdDvdnS4c6Xcy8pMBRNuwvQDqG7nhAeGm0a3AqKu0mCg1mNBOWkVxuScMYB-kzClR2tFcEysApIPCskBnLhXVu7jjRjsII7_l38S74WW6n0ThRNK6UTf9iUIvkESe3Tqqb-ydutOzmYLOBVp8Gk2O8ofCgWZuRXJJFQ07BfUj8QUwL75w59R9Z8uSCXWqKIV3WqXzDuxquJiCQMFM678LbvBLzC7tUYLwUy_L-hkDKw_e9Ima5XmAF9E7MZd5sgC5474eDIrdC9roGJH_Fn0VnD48eC09xhz1ohNLk6AFRQpARbHnFL4Cf&amp;__tn__=%2ANK-R\"><span class=\"_5afx\"><span class=\"_58cl _5afz\">#<\/span><span class=\"_58cm\">art<\/span><\/span><\/a>\u00a0<a class=\"_58cn\" href=\"https:\/\/www.facebook.com\/hashtag\/decoraci%C3%B3ndelhogar?__eep__=6&amp;source=feed_text&amp;epa=HASHTAG&amp;__xts__%5B0%5D=68.ARC9_Ccu_h2lMNP5ixWPMpuKHHhpIuVdDvdnS4c6Xcy8pMBRNuwvQDqG7nhAeGm0a3AqKu0mCg1mNBOWkVxuScMYB-kzClR2tFcEysApIPCskBnLhXVu7jjRjsII7_l38S74WW6n0ThRNK6UTf9iUIvkESe3Tqqb-ydutOzmYLOBVp8Gk2O8ofCgWZuRXJJFQ07BfUj8QUwL75w59R9Z8uSCXWqKIV3WqXzDuxquJiCQMFM678LbvBLzC7tUYLwUy_L-hkDKw_e9Ima5XmAF9E7MZd5sgC5474eDIrdC9roGJH_Fn0VnD48eC09xhz1ohNLk6AFRQpARbHnFL4Cf&amp;__tn__=%2ANK-R\"><span class=\"_5afx\"><span class=\"_58cl _5afz\">#<\/span><span class=\"_58cm\">decoraci\u00f3ndelhogar<\/span><\/span><\/a>\u00a0<a class=\"_58cn\" href=\"https:\/\/www.facebook.com\/hashtag\/tiffany?__eep__=6&amp;source=feed_text&amp;epa=HASHTAG&amp;__xts__%5B0%5D=68.ARC9_Ccu_h2lMNP5ixWPMpuKHHhpIuVdDvdnS4c6Xcy8pMBRNuwvQDqG7nhAeGm0a3AqKu0mCg1mNBOWkVxuScMYB-kzClR2tFcEysApIPCskBnLhXVu7jjRjsII7_l38S74WW6n0ThRNK6UTf9iUIvkESe3Tqqb-ydutOzmYLOBVp8Gk2O8ofCgWZuRXJJFQ07BfUj8QUwL75w59R9Z8uSCXWqKIV3WqXzDuxquJiCQMFM678LbvBLzC7tUYLwUy_L-hkDKw_e9Ima5XmAF9E7MZd5sgC5474eDIrdC9roGJH_Fn0VnD48eC09xhz1ohNLk6AFRQpARbHnFL4Cf&amp;__tn__=%2ANK-R\"><span class=\"_5afx\"><span class=\"_58cl _5afz\">#<\/span><span class=\"_58cm\">tiffany<\/span><\/span><\/a>\u00a0<a class=\"_58cn\" href=\"https:\/\/www.facebook.com\/hashtag\/lacasadevitreaux?__eep__=6&amp;source=feed_text&amp;epa=HASHTAG&amp;__xts__%5B0%5D=68.ARC9_Ccu_h2lMNP5ixWPMpuKHHhpIuVdDvdnS4c6Xcy8pMBRNuwvQDqG7nhAeGm0a3AqKu0mCg1mNBOWkVxuScMYB-kzClR2tFcEysApIPCskBnLhXVu7jjRjsII7_l38S74WW6n0ThRNK6UTf9iUIvkESe3Tqqb-ydutOzmYLOBVp8Gk2O8ofCgWZuRXJJFQ07BfUj8QUwL75w59R9Z8uSCXWqKIV3WqXzDuxquJiCQMFM678LbvBLzC7tUYLwUy_L-hkDKw_e9Ima5XmAF9E7MZd5sgC5474eDIrdC9roGJH_Fn0VnD48eC09xhz1ohNLk6AFRQpARbHnFL4Cf&amp;__tn__=%2ANK-R\"><span class=\"_5afx\"><span class=\"_58cl _5afz\">#<\/span><span class=\"_58cm\">LaCasaDeVitreaux<\/span><\/span><\/a>\u00a0<a class=\"_58cn\" href=\"https:\/\/www.facebook.com\/hashtag\/fabricante?__eep__=6&amp;source=feed_text&amp;epa=HASHTAG&amp;__xts__%5B0%5D=68.ARC9_Ccu_h2lMNP5ixWPMpuKHHhpIuVdDvdnS4c6Xcy8pMBRNuwvQDqG7nhAeGm0a3AqKu0mCg1mNBOWkVxuScMYB-kzClR2tFcEysApIPCskBnLhXVu7jjRjsII7_l38S74WW6n0ThRNK6UTf9iUIvkESe3Tqqb-ydutOzmYLOBVp8Gk2O8ofCgWZuRXJJFQ07BfUj8QUwL75w59R9Z8uSCXWqKIV3WqXzDuxquJiCQMFM678LbvBLzC7tUYLwUy_L-hkDKw_e9Ima5XmAF9E7MZd5sgC5474eDIrdC9roGJH_Fn0VnD48eC09xhz1ohNLk6AFRQpARbHnFL4Cf&amp;__tn__=%2ANK-R\"><span class=\"_5afx\"><span class=\"_58cl _5afz\">#<\/span><span class=\"_58cm\">fabricante<\/span><\/span><\/a>\u00a0<a class=\"_58cn\" href=\"https:\/\/www.facebook.com\/hashtag\/mendoza?__eep__=6&amp;source=feed_text&amp;epa=HASHTAG&amp;__xts__%5B0%5D=68.ARC9_Ccu_h2lMNP5ixWPMpuKHHhpIuVdDvdnS4c6Xcy8pMBRNuwvQDqG7nhAeGm0a3AqKu0mCg1mNBOWkVxuScMYB-kzClR2tFcEysApIPCskBnLhXVu7jjRjsII7_l38S74WW6n0ThRNK6UTf9iUIvkESe3Tqqb-ydutOzmYLOBVp8Gk2O8ofCgWZuRXJJFQ07BfUj8QUwL75w59R9Z8uSCXWqKIV3WqXzDuxquJiCQMFM678LbvBLzC7tUYLwUy_L-hkDKw_e9Ima5XmAF9E7MZd5sgC5474eDIrdC9roGJH_Fn0VnD48eC09xhz1ohNLk6AFRQpARbHnFL4Cf&amp;__tn__=%2ANK-R\"><span class=\"_5afx\"><span class=\"_58cl _5afz\">#<\/span><span class=\"_58cm\">Mendoza<\/span><\/span><\/a>\u00a0<a class=\"_58cn\" href=\"https:\/\/www.facebook.com\/hashtag\/argentina?__eep__=6&amp;source=feed_text&amp;epa=HASHTAG&amp;__xts__%5B0%5D=68.ARC9_Ccu_h2lMNP5ixWPMpuKHHhpIuVdDvdnS4c6Xcy8pMBRNuwvQDqG7nhAeGm0a3AqKu0mCg1mNBOWkVxuScMYB-kzClR2tFcEysApIPCskBnLhXVu7jjRjsII7_l38S74WW6n0ThRNK6UTf9iUIvkESe3Tqqb-ydutOzmYLOBVp8Gk2O8ofCgWZuRXJJFQ07BfUj8QUwL75w59R9Z8uSCXWqKIV3WqXzDuxquJiCQMFM678LbvBLzC7tUYLwUy_L-hkDKw_e9Ima5XmAF9E7MZd5sgC5474eDIrdC9roGJH_Fn0VnD48eC09xhz1ohNLk6AFRQpARbHnFL4Cf&amp;__tn__=%2ANK-R\"><span class=\"_5afx\"><span class=\"_58cl _5afz\">#<\/span><span class=\"_58cm\">Argentina<\/span><\/span><\/a>\r\n<a class=\"_58cn\" href=\"https:\/\/www.facebook.com\/hashtag\/vitreaux?__eep__=6&amp;source=feed_text&amp;epa=HASHTAG&amp;__xts__%5B0%5D=68.ARC9_Ccu_h2lMNP5ixWPMpuKHHhpIuVdDvdnS4c6Xcy8pMBRNuwvQDqG7nhAeGm0a3AqKu0mCg1mNBOWkVxuScMYB-kzClR2tFcEysApIPCskBnLhXVu7jjRjsII7_l38S74WW6n0ThRNK6UTf9iUIvkESe3Tqqb-ydutOzmYLOBVp8Gk2O8ofCgWZuRXJJFQ07BfUj8QUwL75w59R9Z8uSCXWqKIV3WqXzDuxquJiCQMFM678LbvBLzC7tUYLwUy_L-hkDKw_e9Ima5XmAF9E7MZd5sgC5474eDIrdC9roGJH_Fn0VnD48eC09xhz1ohNLk6AFRQpARbHnFL4Cf&amp;__tn__=%2ANK-R\"><span class=\"_5afx\"><span class=\"_58cl _5afz\">#<\/span><span class=\"_58cm\">vitreaux<\/span><\/span><\/a>\u00a0<a class=\"_58cn\" href=\"https:\/\/www.facebook.com\/hashtag\/vitrofusion?__eep__=6&amp;source=feed_text&amp;epa=HASHTAG&amp;__xts__%5B0%5D=68.ARC9_Ccu_h2lMNP5ixWPMpuKHHhpIuVdDvdnS4c6Xcy8pMBRNuwvQDqG7nhAeGm0a3AqKu0mCg1mNBOWkVxuScMYB-kzClR2tFcEysApIPCskBnLhXVu7jjRjsII7_l38S74WW6n0ThRNK6UTf9iUIvkESe3Tqqb-ydutOzmYLOBVp8Gk2O8ofCgWZuRXJJFQ07BfUj8QUwL75w59R9Z8uSCXWqKIV3WqXzDuxquJiCQMFM678LbvBLzC7tUYLwUy_L-hkDKw_e9Ima5XmAF9E7MZd5sgC5474eDIrdC9roGJH_Fn0VnD48eC09xhz1ohNLk6AFRQpARbHnFL4Cf&amp;__tn__=%2ANK-R\"><span class=\"_5afx\"><span class=\"_58cl _5afz\">#<\/span><span class=\"_58cm\">vitrofusion<\/span><\/span><\/a>\r\n\r\n<\/div>","protected":false},"featured_media":40900,"comment_status":"open","ping_status":"closed","template":"","meta":[],"product_cat":[6046,6058,6067],"product_tag":[5416,5411,5412],"_links":{"self":[{"href":"https:\/\/www.mendoza.gov.ar\/catalogoeconomiasocial\/wp-json\/wp\/v2\/product\/40940"}],"collection":[{"href":"https:\/\/www.mendoza.gov.ar\/catalogoeconomiasocial\/wp-json\/wp\/v2\/product"}],"about":[{"href":"https:\/\/www.mendoza.gov.ar\/catalogoeconomiasocial\/wp-json\/wp\/v2\/types\/product"}],"replies":[{"embeddable":true,"href":"https:\/\/www.mendoza.gov.ar\/catalogoeconomiasocial\/wp-json\/wp\/v2\/comments?post=40940"}],"wp:featuredmedia":[{"embeddable":true,"href":"https:\/\/www.mendoza.gov.ar\/catalogoeconomiasocial\/wp-json\/wp\/v2\/media\/40900"}],"wp:attachment":[{"href":"https:\/\/www.mendoza.gov.ar\/catalogoeconomiasocial\/wp-json\/wp\/v2\/media?parent=40940"}],"wp:term":[{"taxonomy":"product_cat","embeddable":true,"href":"https:\/\/www.mendoza.gov.ar\/catalogoeconomiasocial\/wp-json\/wp\/v2\/product_cat?post=40940"},{"taxonomy":"product_tag","embeddable":true,"href":"https:\/\/www.mendoza.gov.ar\/catalogoeconomiasocial\/wp-json\/wp\/v2\/product_tag?post=40940"}],"curies":[{"name":"wp","href":"https:\/\/api.w.org\/{rel}","templated":true}]}}