{"id":44836,"date":"2021-04-13T16:35:55","date_gmt":"2021-04-13T19:35:55","guid":{"rendered":"https:\/\/www.mendoza.gov.ar\/catalogoeconomiasocial\/?post_type=product&#038;p=44836"},"modified":"2023-09-27T11:32:41","modified_gmt":"2023-09-27T14:32:41","slug":"gorras-con-visera","status":"publish","type":"product","link":"https:\/\/www.mendoza.gov.ar\/catalogoeconomiasocial\/producto\/gorras-con-visera\/","title":{"rendered":"Sombreros y Gorras"},"content":{"rendered":"<!DOCTYPE html PUBLIC \"-\/\/W3C\/\/DTD HTML 4.0 Transitional\/\/EN\" \"http:\/\/www.w3.org\/TR\/REC-html40\/loose.dtd\">\n\n","protected":false},"excerpt":{"rendered":"<div class=\"kvgmc6g5 cxmmr5t8 oygrvhab hcukyx3x c1et5uql ii04i59q\">\r\n<div dir=\"auto\">\r\n<div dir=\"auto\"><em><strong>Sombreros y gorras:<\/strong><\/em><\/div>\r\n<div dir=\"auto\">Dise\u00f1ados para que cubran la cabeza, se adapta a diferentes medidas, de materiales suaves, con delicadas terminaciones para que no raspen ni molesten.<\/div>\r\n<div dir=\"auto\">Los modelos y las telas var\u00edan seg\u00fan la estaci\u00f3n del a\u00f1o.<\/div>\r\n<div dir=\"auto\"><\/div>\r\n<\/div>\r\n<\/div>\r\n<div dir=\"auto\"><\/div>","protected":false},"featured_media":46808,"comment_status":"open","ping_status":"closed","template":"","meta":[],"product_cat":[5923,6098,6110],"product_tag":[5543],"_links":{"self":[{"href":"https:\/\/www.mendoza.gov.ar\/catalogoeconomiasocial\/wp-json\/wp\/v2\/product\/44836"}],"collection":[{"href":"https:\/\/www.mendoza.gov.ar\/catalogoeconomiasocial\/wp-json\/wp\/v2\/product"}],"about":[{"href":"https:\/\/www.mendoza.gov.ar\/catalogoeconomiasocial\/wp-json\/wp\/v2\/types\/product"}],"replies":[{"embeddable":true,"href":"https:\/\/www.mendoza.gov.ar\/catalogoeconomiasocial\/wp-json\/wp\/v2\/comments?post=44836"}],"wp:featuredmedia":[{"embeddable":true,"href":"https:\/\/www.mendoza.gov.ar\/catalogoeconomiasocial\/wp-json\/wp\/v2\/media\/46808"}],"wp:attachment":[{"href":"https:\/\/www.mendoza.gov.ar\/catalogoeconomiasocial\/wp-json\/wp\/v2\/media?parent=44836"}],"wp:term":[{"taxonomy":"product_cat","embeddable":true,"href":"https:\/\/www.mendoza.gov.ar\/catalogoeconomiasocial\/wp-json\/wp\/v2\/product_cat?post=44836"},{"taxonomy":"product_tag","embeddable":true,"href":"https:\/\/www.mendoza.gov.ar\/catalogoeconomiasocial\/wp-json\/wp\/v2\/product_tag?post=44836"}],"curies":[{"name":"wp","href":"https:\/\/api.w.org\/{rel}","templated":true}]}}