{"id":46728,"date":"2021-05-14T11:51:16","date_gmt":"2021-05-14T14:51:16","guid":{"rendered":"https:\/\/www.mendoza.gov.ar\/catalogoeconomiasocial\/?post_type=product&#038;p=46728"},"modified":"2023-08-28T11:33:22","modified_gmt":"2023-08-28T14:33:22","slug":"aros-artesanales","status":"publish","type":"product","link":"https:\/\/www.mendoza.gov.ar\/catalogoeconomiasocial\/producto\/aros-artesanales\/","title":{"rendered":"Aros con Formas"},"content":{"rendered":"<!DOCTYPE html PUBLIC \"-\/\/W3C\/\/DTD HTML 4.0 Transitional\/\/EN\" \"http:\/\/www.w3.org\/TR\/REC-html40\/loose.dtd\">\n\n","protected":false},"excerpt":{"rendered":"Aros artesanales en Porcelana, acero y arcilla\r\n\r\n\ud83d\udd25Pod\u00e9s elegir el color y modelo que prefieras!\r\n\r\nDisponibles \ud83d\udc49 Entrega inmediata\r\n\r\nStock disponible en historias destacadas de Instagram. Por encargue tardan de 7 a 15 d\u00edas. El color y tama\u00f1o del producto pueden variar ,cada accesorios es \u00fanico.","protected":false},"featured_media":51886,"comment_status":"open","ping_status":"closed","template":"","meta":[],"product_cat":[5923,6098,6102,6114,6113],"product_tag":[1336,626,1912],"_links":{"self":[{"href":"https:\/\/www.mendoza.gov.ar\/catalogoeconomiasocial\/wp-json\/wp\/v2\/product\/46728"}],"collection":[{"href":"https:\/\/www.mendoza.gov.ar\/catalogoeconomiasocial\/wp-json\/wp\/v2\/product"}],"about":[{"href":"https:\/\/www.mendoza.gov.ar\/catalogoeconomiasocial\/wp-json\/wp\/v2\/types\/product"}],"replies":[{"embeddable":true,"href":"https:\/\/www.mendoza.gov.ar\/catalogoeconomiasocial\/wp-json\/wp\/v2\/comments?post=46728"}],"wp:featuredmedia":[{"embeddable":true,"href":"https:\/\/www.mendoza.gov.ar\/catalogoeconomiasocial\/wp-json\/wp\/v2\/media\/51886"}],"wp:attachment":[{"href":"https:\/\/www.mendoza.gov.ar\/catalogoeconomiasocial\/wp-json\/wp\/v2\/media?parent=46728"}],"wp:term":[{"taxonomy":"product_cat","embeddable":true,"href":"https:\/\/www.mendoza.gov.ar\/catalogoeconomiasocial\/wp-json\/wp\/v2\/product_cat?post=46728"},{"taxonomy":"product_tag","embeddable":true,"href":"https:\/\/www.mendoza.gov.ar\/catalogoeconomiasocial\/wp-json\/wp\/v2\/product_tag?post=46728"}],"curies":[{"name":"wp","href":"https:\/\/api.w.org\/{rel}","templated":true}]}}