{"id":47564,"date":"2021-06-28T08:32:59","date_gmt":"2021-06-28T11:32:59","guid":{"rendered":"https:\/\/www.mendoza.gov.ar\/catalogoeconomiasocial\/?post_type=product&#038;p=47564"},"modified":"2023-09-22T08:36:20","modified_gmt":"2023-09-22T11:36:20","slug":"humus-solido-de-lombriz","status":"publish","type":"product","link":"https:\/\/www.mendoza.gov.ar\/catalogoeconomiasocial\/producto\/humus-solido-de-lombriz\/","title":{"rendered":"Humus S\u00f3lido de Lombriz"},"content":{"rendered":"<!DOCTYPE html PUBLIC \"-\/\/W3C\/\/DTD HTML 4.0 Transitional\/\/EN\" \"http:\/\/www.w3.org\/TR\/REC-html40\/loose.dtd\">\n\n","protected":false},"excerpt":{"rendered":"<div dir=\"ltr\">HUMUS S\u00d3LIDO DE LOMBRIZ<\/div>\r\n<div dir=\"ltr\"><\/div>\r\n<div dir=\"ltr\">El humus s\u00f3lido de lombriz es un fertilizante natural libre de productos artificiales o qu\u00edmicos, realizado a partir de residuos org\u00e1nicos.<\/div>\r\n<div dir=\"ltr\">Se utiliza para abonar las plantas de todo tipo. Plantas ornamentales y de huerta o comestibles.<\/div>\r\n<div dir=\"ltr\">Es un fertilizante de alta calidad, mucho mejor que los agroqu\u00edmicos.<\/div>\r\n<div dir=\"ltr\">Tiene todos los componentes que las plantas necesitan para su desarrollo sano. Una planta sana tiene muchas menos enfermedades y es atacada por mucha menor cantidad de plagas.<\/div>\r\n<div dir=\"ltr\">Se usa para preparar el sustrato o tierra de huertos, jardines o macetas y para reforzar la tierra sembrada en cada cambio de temporada. La planta lo va absorbiendo a medida que lo necesita.<\/div>\r\n<div dir=\"ltr\">Se comercializa en bolsas de 2.5 dm3<\/div>","protected":false},"featured_media":47579,"comment_status":"open","ping_status":"closed","template":"","meta":[],"product_cat":[6046,6080,6084],"product_tag":[],"_links":{"self":[{"href":"https:\/\/www.mendoza.gov.ar\/catalogoeconomiasocial\/wp-json\/wp\/v2\/product\/47564"}],"collection":[{"href":"https:\/\/www.mendoza.gov.ar\/catalogoeconomiasocial\/wp-json\/wp\/v2\/product"}],"about":[{"href":"https:\/\/www.mendoza.gov.ar\/catalogoeconomiasocial\/wp-json\/wp\/v2\/types\/product"}],"replies":[{"embeddable":true,"href":"https:\/\/www.mendoza.gov.ar\/catalogoeconomiasocial\/wp-json\/wp\/v2\/comments?post=47564"}],"wp:featuredmedia":[{"embeddable":true,"href":"https:\/\/www.mendoza.gov.ar\/catalogoeconomiasocial\/wp-json\/wp\/v2\/media\/47579"}],"wp:attachment":[{"href":"https:\/\/www.mendoza.gov.ar\/catalogoeconomiasocial\/wp-json\/wp\/v2\/media?parent=47564"}],"wp:term":[{"taxonomy":"product_cat","embeddable":true,"href":"https:\/\/www.mendoza.gov.ar\/catalogoeconomiasocial\/wp-json\/wp\/v2\/product_cat?post=47564"},{"taxonomy":"product_tag","embeddable":true,"href":"https:\/\/www.mendoza.gov.ar\/catalogoeconomiasocial\/wp-json\/wp\/v2\/product_tag?post=47564"}],"curies":[{"name":"wp","href":"https:\/\/api.w.org\/{rel}","templated":true}]}}