{"id":49773,"date":"2022-12-27T10:37:25","date_gmt":"2022-12-27T13:37:25","guid":{"rendered":"https:\/\/www.mendoza.gov.ar\/catalogoeconomiasocial\/?post_type=product&#038;p=49773"},"modified":"2022-12-27T10:37:25","modified_gmt":"2022-12-27T13:37:25","slug":"budines-4","status":"publish","type":"product","link":"https:\/\/www.mendoza.gov.ar\/catalogoeconomiasocial\/producto\/budines-4\/","title":{"rendered":"Budines"},"content":{"rendered":"<!DOCTYPE html PUBLIC \"-\/\/W3C\/\/DTD HTML 4.0 Transitional\/\/EN\" \"http:\/\/www.w3.org\/TR\/REC-html40\/loose.dtd\">\n\n","protected":false},"excerpt":{"rendered":"<div dir=\"auto\">Budines: Carrot: az\u00facar morena, harina com\u00fan, zanahoria, frutos secos cubierto con crumble de coco y az\u00facar morena.<\/div>\r\n<div dir=\"auto\">Naranja o Limon: az\u00facar blanca, harina com\u00fan, ralladura de naranja o lim\u00f3n.<\/div>\r\n<div dir=\"auto\"><\/div>\r\n<div dir=\"auto\">.Bud\u00edn de chocolate VEGANO: Avena, almid\u00f3n de ma\u00edz, cacao amargo, banana, leche de almendra, edulcorante.<\/div>\r\n<div dir=\"auto\"><\/div>\r\n<div dir=\"auto\">Pesan 300 grs. Cada uno.<\/div>","protected":false},"featured_media":49775,"comment_status":"open","ping_status":"closed","template":"","meta":[],"product_cat":[5946,6023,6032],"product_tag":[6278,6279,227,6280],"_links":{"self":[{"href":"https:\/\/www.mendoza.gov.ar\/catalogoeconomiasocial\/wp-json\/wp\/v2\/product\/49773"}],"collection":[{"href":"https:\/\/www.mendoza.gov.ar\/catalogoeconomiasocial\/wp-json\/wp\/v2\/product"}],"about":[{"href":"https:\/\/www.mendoza.gov.ar\/catalogoeconomiasocial\/wp-json\/wp\/v2\/types\/product"}],"replies":[{"embeddable":true,"href":"https:\/\/www.mendoza.gov.ar\/catalogoeconomiasocial\/wp-json\/wp\/v2\/comments?post=49773"}],"wp:featuredmedia":[{"embeddable":true,"href":"https:\/\/www.mendoza.gov.ar\/catalogoeconomiasocial\/wp-json\/wp\/v2\/media\/49775"}],"wp:attachment":[{"href":"https:\/\/www.mendoza.gov.ar\/catalogoeconomiasocial\/wp-json\/wp\/v2\/media?parent=49773"}],"wp:term":[{"taxonomy":"product_cat","embeddable":true,"href":"https:\/\/www.mendoza.gov.ar\/catalogoeconomiasocial\/wp-json\/wp\/v2\/product_cat?post=49773"},{"taxonomy":"product_tag","embeddable":true,"href":"https:\/\/www.mendoza.gov.ar\/catalogoeconomiasocial\/wp-json\/wp\/v2\/product_tag?post=49773"}],"curies":[{"name":"wp","href":"https:\/\/api.w.org\/{rel}","templated":true}]}}