{"id":49890,"date":"2023-03-08T11:39:23","date_gmt":"2023-03-08T14:39:23","guid":{"rendered":"https:\/\/www.mendoza.gov.ar\/catalogoeconomiasocial\/?post_type=product&#038;p=49890"},"modified":"2023-03-08T11:39:24","modified_gmt":"2023-03-08T14:39:24","slug":"fertilizante-liquido-preventivo-salud","status":"publish","type":"product","link":"https:\/\/www.mendoza.gov.ar\/catalogoeconomiasocial\/producto\/fertilizante-liquido-preventivo-salud\/","title":{"rendered":"Fertilizante l\u00edquido &#8220;Preventivo + Salud&#8221;"},"content":{"rendered":"<!DOCTYPE html PUBLIC \"-\/\/W3C\/\/DTD HTML 4.0 Transitional\/\/EN\" \"http:\/\/www.w3.org\/TR\/REC-html40\/loose.dtd\">\n\n","protected":false},"excerpt":{"rendered":"<p style=\"font-weight: 400;\"><strong>\u00bfQu\u00e9 es?<\/strong><\/p>\r\n<p style=\"font-weight: 400;\">Son un conjunto de bacterias acido l\u00e1cticas (bacillus subtilis y bacillus clausii entre otros), materia org\u00e1nica, hormonas vegetales (auxinas, giberelinas, etc) y agentes catalizadores \u201cenzimas\u201d.<\/p>\r\n<p style=\"font-weight: 400;\"><strong>\u00bfPara qu\u00e9 sirve? \u00a0\u00a0\u00a0\u00a0\u00a0\u00a0\u00a0\u00a0\u00a0\u00a0\u00a0\u00a0\u00a0<\/strong><\/p>\r\n<p style=\"font-weight: 400;\">\u00fc\u00a0\u00a0Estimula el crecimiento radicular.<\/p>\r\n<p style=\"font-weight: 400;\">\u00fc\u00a0\u00a0Estimula el sistema inmune de la planta.<\/p>\r\n<p style=\"font-weight: 400;\">\u00fc\u00a0\u00a0Fija f\u00f3sforo en el suelo que nos servir\u00e1 de alimento a las plantas.<\/p>\r\n<p style=\"font-weight: 400;\">\u00fc\u00a0\u00a0Previene el ataque de hongos pat\u00f3genos.<\/p>\r\n<p style=\"font-weight: 400;\">\u00fc\u00a0\u00a0Se puede usar foliar como funguicida y bioestimulante.<\/p>\r\n<p style=\"font-weight: 400;\">\u00fc\u00a0\u00a0Distribuye la energ\u00eda de la planta para favorecer un crecimiento m\u00e1s vigoroso y parejo de todos los brotes (modifica la dominancia pical), dando como resultado una planta m\u00e1s equilibrada y arbustiva.<\/p>\r\n<p style=\"font-weight: 400;\"><strong>\u00bfEn qu\u00e9 etapa de la planta se coloca?<\/strong><\/p>\r\n<p style=\"font-weight: 400;\">Es conveniente usarlo durante todo ciclo ya que sus beneficios son muy amplios en todas las diferentes etapas de la planta.<\/p>\r\n<p style=\"font-weight: 400;\"><strong>\u00bfQu\u00e9 cantidades se coloca?<\/strong><\/p>\r\n<p style=\"font-weight: 400;\">Dependiendo del tama\u00f1o de la planta, la cantidad va a variar desde los 10ml de \u201cPreventivo + Salud\u201d por litro de agua, hasta 30 mil de \u201cPreventivo + Salud \u201cpor litro de agua.<\/p>\r\n<p style=\"font-weight: 400;\">Ej: Un rosal de 1 mts metro de alto se colocar\u00eda 15 ml de \u201cPreventivo + Salud\u201d.<\/p>\r\n<p style=\"font-weight: 400;\"><strong>\u00bfCada cu\u00e1nto se aplica?<\/strong><\/p>\r\n<p style=\"font-weight: 400;\">Se aplica una vez cada 7 d\u00edas, independiente de los riegos habituales.<\/p>\r\n<p style=\"font-weight: 400;\"><strong>Observaciones:<\/strong><\/p>\r\n\r\n<ul>\r\n \t<li style=\"font-weight: 400;\">Conservar en lugar fresco y oscuro.<\/li>\r\n \t<li style=\"font-weight: 400;\">Respetar las cantidades indicadas de preparaci\u00f3n.<\/li>\r\n \t<li style=\"font-weight: 400;\">Mantener alejado del alcance de los ni\u00f1os.<\/li>\r\n \t<li style=\"font-weight: 400;\">Dejar de aplicar 15 d\u00edas antes de la cosecha, ya sea en una planta de fruto como en una arom\u00e1tica.<\/li>\r\n \t<li style=\"font-weight: 400;\">Si se puede aplicar en la fase de germinaci\u00f3n (solo 5ml por litro de agua).<\/li>\r\n \t<li style=\"font-weight: 400;\">No mezclar los productos \u201cTehul\u201d con productos de s\u00edntesis qu\u00edmicas.<\/li>\r\n<\/ul>","protected":false},"featured_media":49893,"comment_status":"open","ping_status":"closed","template":"","meta":[],"product_cat":[6046,6080,6084],"product_tag":[6304,492,707,6303],"_links":{"self":[{"href":"https:\/\/www.mendoza.gov.ar\/catalogoeconomiasocial\/wp-json\/wp\/v2\/product\/49890"}],"collection":[{"href":"https:\/\/www.mendoza.gov.ar\/catalogoeconomiasocial\/wp-json\/wp\/v2\/product"}],"about":[{"href":"https:\/\/www.mendoza.gov.ar\/catalogoeconomiasocial\/wp-json\/wp\/v2\/types\/product"}],"replies":[{"embeddable":true,"href":"https:\/\/www.mendoza.gov.ar\/catalogoeconomiasocial\/wp-json\/wp\/v2\/comments?post=49890"}],"wp:featuredmedia":[{"embeddable":true,"href":"https:\/\/www.mendoza.gov.ar\/catalogoeconomiasocial\/wp-json\/wp\/v2\/media\/49893"}],"wp:attachment":[{"href":"https:\/\/www.mendoza.gov.ar\/catalogoeconomiasocial\/wp-json\/wp\/v2\/media?parent=49890"}],"wp:term":[{"taxonomy":"product_cat","embeddable":true,"href":"https:\/\/www.mendoza.gov.ar\/catalogoeconomiasocial\/wp-json\/wp\/v2\/product_cat?post=49890"},{"taxonomy":"product_tag","embeddable":true,"href":"https:\/\/www.mendoza.gov.ar\/catalogoeconomiasocial\/wp-json\/wp\/v2\/product_tag?post=49890"}],"curies":[{"name":"wp","href":"https:\/\/api.w.org\/{rel}","templated":true}]}}