{"id":49898,"date":"2023-03-08T12:07:45","date_gmt":"2023-03-08T15:07:45","guid":{"rendered":"https:\/\/www.mendoza.gov.ar\/catalogoeconomiasocial\/?post_type=product&#038;p=49898"},"modified":"2023-03-13T08:32:29","modified_gmt":"2023-03-13T11:32:29","slug":"fertilizante-flora-sabor","status":"publish","type":"product","link":"https:\/\/www.mendoza.gov.ar\/catalogoeconomiasocial\/producto\/fertilizante-flora-sabor\/","title":{"rendered":"Fertilizante &#8220;Flora + Sabor&#8221;"},"content":{"rendered":"<!DOCTYPE html PUBLIC \"-\/\/W3C\/\/DTD HTML 4.0 Transitional\/\/EN\" \"http:\/\/www.w3.org\/TR\/REC-html40\/loose.dtd\">\n\n","protected":false},"excerpt":{"rendered":"<p style=\"font-weight: 400;\"><strong>\u00bfQu\u00e9 es?\u00a0\u00a0\u00a0\u00a0\u00a0\u00a0\u00a0\u00a0\u00a0\u00a0\u00a0\u00a0\u00a0\u00a0\u00a0\u00a0\u00a0\u00a0\u00a0\u00a0\u00a0\u00a0\u00a0\u00a0\u00a0\u00a0\u00a0\u00a0\u00a0\u00a0\u00a0\u00a0\u00a0\u00a0\u00a0\u00a0\u00a0\u00a0\u00a0\u00a0\u00a0\u00a0<\/strong><\/p>\r\n<p style=\"font-weight: 400;\">Son amino\u00e1cidos que la planta va a usar para producir flores y frutos dando como resultado flores y frutos con sabor, olor y colores m\u00e1s intensos.<\/p>\r\n<p style=\"font-weight: 400;\">Es un bioestimulante de floraci\u00f3n con alto contenido de amino\u00e1cidos,\u00a0potasio, calcio, zinc, f\u00f3sforo, hierro, selenio, cobre y enzimas catalizadoras.<\/p>\r\n<p style=\"font-weight: 400;\"><strong>\u00bfPara qu\u00e9 sirve?<\/strong><\/p>\r\n<p style=\"font-weight: 400;\">Tiene enzimas que ayudan a la degradaci\u00f3n de materia org\u00e1nica en el suelo, para que la misma est\u00e9 disponible para el suelo.<\/p>\r\n<p style=\"font-weight: 400;\">Estimula la formaci\u00f3n de nuevas inflorescencias y el cuajado de la flor, permitiendo tener racimos m\u00e1s compactos resinosos y con una concentraci\u00f3n de aceites mayor.<\/p>\r\n<p style=\"font-weight: 400;\"><strong>\u00bfEn qu\u00e9 etapa de la planta se usa?<\/strong><\/p>\r\n<p style=\"font-weight: 400;\">Se debe aplicar desde una semana antes de la fase de pre flora hasta 10 d\u00edas antes de la cosecha.<\/p>\r\n<p style=\"font-weight: 400;\"><strong>\u00bfCada cu\u00e1ndo se aplica?<\/strong><\/p>\r\n<p style=\"font-weight: 400;\">Se debe aplicar una vez a la semana,\u00a0independientemente de los riegos habituales.<\/p>\r\n<p style=\"font-weight: 400;\"><strong>\u00bfQu\u00e9 cantidades se colocan?<\/strong><\/p>\r\n<p style=\"font-weight: 400;\">Dependiendo del tama\u00f1o de la planta, la cantidad va a variar desde los 10ml de \u201cFlora + Tama\u00f1o\u201d por litro de agua, hasta 30 mil de \u201cFlora + Tama\u00f1o \u201cpor litro de agua.<\/p>\r\n<p style=\"font-weight: 400;\">Ej: Un rosal de 1mts metro de alto se colocar\u00eda 15 ml de \u201cFlora + Tama\u00f1o\u201d.<\/p>\r\n<p style=\"font-weight: 400;\"><strong>Observaciones:<\/strong><\/p>\r\n\r\n<ul>\r\n \t<li style=\"font-weight: 400;\">Conservar en lugar fresco y oscuro.<\/li>\r\n \t<li style=\"font-weight: 400;\">Respetar las cantidades indicadas de preparaci\u00f3n.<\/li>\r\n \t<li style=\"font-weight: 400;\">Mantener alejado del alcance de los ni\u00f1os.<\/li>\r\n \t<li style=\"font-weight: 400;\">Dejar de aplicar 15 d\u00edas antes de la cosecha, ya sea en una planta de fruto como en una arom\u00e1tica.<\/li>\r\n \t<li style=\"font-weight: 400;\">Colocar en la fase de pre flora.<\/li>\r\n \t<li style=\"font-weight: 400;\">No mezclar los productos \u201cTehul\u201d con productos de s\u00edntesis qu\u00edmica.<\/li>\r\n<\/ul>","protected":false},"featured_media":49896,"comment_status":"open","ping_status":"closed","template":"","meta":[],"product_cat":[6046,6080,6084],"product_tag":[6304,492,707,6303],"_links":{"self":[{"href":"https:\/\/www.mendoza.gov.ar\/catalogoeconomiasocial\/wp-json\/wp\/v2\/product\/49898"}],"collection":[{"href":"https:\/\/www.mendoza.gov.ar\/catalogoeconomiasocial\/wp-json\/wp\/v2\/product"}],"about":[{"href":"https:\/\/www.mendoza.gov.ar\/catalogoeconomiasocial\/wp-json\/wp\/v2\/types\/product"}],"replies":[{"embeddable":true,"href":"https:\/\/www.mendoza.gov.ar\/catalogoeconomiasocial\/wp-json\/wp\/v2\/comments?post=49898"}],"wp:featuredmedia":[{"embeddable":true,"href":"https:\/\/www.mendoza.gov.ar\/catalogoeconomiasocial\/wp-json\/wp\/v2\/media\/49896"}],"wp:attachment":[{"href":"https:\/\/www.mendoza.gov.ar\/catalogoeconomiasocial\/wp-json\/wp\/v2\/media?parent=49898"}],"wp:term":[{"taxonomy":"product_cat","embeddable":true,"href":"https:\/\/www.mendoza.gov.ar\/catalogoeconomiasocial\/wp-json\/wp\/v2\/product_cat?post=49898"},{"taxonomy":"product_tag","embeddable":true,"href":"https:\/\/www.mendoza.gov.ar\/catalogoeconomiasocial\/wp-json\/wp\/v2\/product_tag?post=49898"}],"curies":[{"name":"wp","href":"https:\/\/api.w.org\/{rel}","templated":true}]}}

<p style="font-weight: 400;"><strong>¿Qué es?                                          </strong></p>
<p style="font-weight: 400;">Son aminoácidos que la planta va a usar para producir flores y frutos dando como resultado flores y frutos con sabor, olor y colores más intensos.</p>
<p style="font-weight: 400;">Es un bioestimulante de floración con alto contenido de aminoácidos, potasio, calcio, zinc, fósforo, hierro, selenio, cobre y enzimas catalizadoras.</p>
<p style="font-weight: 400;"><strong>¿Para qué sirve?</strong></p>
<p style="font-weight: 400;">Tiene enzimas que ayudan a la degradación de materia orgánica en el suelo, para que la misma esté disponible para el suelo.</p>
<p style="font-weight: 400;">Estimula la formación de nuevas inflorescencias y el cuajado de la flor, permitiendo tener racimos más compactos resinosos y con una concentración de aceites mayor.</p>
<p style="font-weight: 400;"><strong>¿En qué etapa de la planta se usa?</strong></p>
<p style="font-weight: 400;">Se debe aplicar desde una semana antes de la fase de pre flora hasta 10 días antes de la cosecha.</p>
<p style="font-weight: 400;"><strong>¿Cada cuándo se aplica?</strong></p>
<p style="font-weight: 400;">Se debe aplicar una vez a la semana, independientemente de los riegos habituales.</p>
<p style="font-weight: 400;"><strong>¿Qué cantidades se colocan?</strong></p>
<p style="font-weight: 400;">Dependiendo del tamaño de la planta, la cantidad va a variar desde los 10ml de “Flora + Tamaño” por litro de agua, hasta 30 mil de “Flora + Tamaño “por litro de agua.</p>
<p style="font-weight: 400;">Ej: Un rosal de 1mts metro de alto se colocaría 15 ml de “Flora + Tamaño”.</p>
<p style="font-weight: 400;"><strong>Observaciones:</strong></p>

<ul>
 	<li style="font-weight: 400;">Conservar en lugar fresco y oscuro.</li>
 	<li style="font-weight: 400;">Respetar las cantidades indicadas de preparación.</li>
 	<li style="font-weight: 400;">Mantener alejado del alcance de los niños.</li>
 	<li style="font-weight: 400;">Dejar de aplicar 15 días antes de la cosecha, ya sea en una planta de fruto como en una aromática.</li>
 	<li style="font-weight: 400;">Colocar en la fase de pre flora.</li>
 	<li style="font-weight: 400;">No mezclar los productos “Tehul” con productos de síntesis química.</li>
</ul>
