{"id":49958,"date":"2023-03-13T13:42:35","date_gmt":"2023-03-13T16:42:35","guid":{"rendered":"https:\/\/www.mendoza.gov.ar\/catalogoeconomiasocial\/?post_type=product&#038;p=49958"},"modified":"2023-03-13T13:42:35","modified_gmt":"2023-03-13T16:42:35","slug":"crema-para-peinar","status":"publish","type":"product","link":"https:\/\/www.mendoza.gov.ar\/catalogoeconomiasocial\/producto\/crema-para-peinar\/","title":{"rendered":"Crema para Peinar"},"content":{"rendered":"<!DOCTYPE html PUBLIC \"-\/\/W3C\/\/DTD HTML 4.0 Transitional\/\/EN\" \"http:\/\/www.w3.org\/TR\/REC-html40\/loose.dtd\">\n\n","protected":false},"excerpt":{"rendered":"<div><span style=\"font-family: comic sans ms, sans-serif;\"><b><span class=\"gmail_default\">Crema Para Peinar:\u00a0<\/span><\/b><\/span><b><span style=\"font-family: comic sans ms, sans-serif;\">Baja el frizz y ayuda a moldear el\u00a0<\/span><\/b><b><span style=\"font-family: comic sans ms, sans-serif;\">cabello, dej\u00e1ndolo brillante. No necesita enjuague. Apto para todo tipo de cabellos.\r\nPara definir rulos funciona muy bien la combinaci\u00f3n con el gel acondicionador.\r\nPet 125 cc. Apto vegano.<\/span><\/b><\/div>\r\n<div><b><span style=\"font-family: comic sans ms, sans-serif;\">\r\nIngredientes : gel de lino, aceite de uva, glicerina vegetal, aceite de jojoba, Krim 401, alcohol cet\u00edlico, aceite esencial de naranja,\u00a0<\/span><\/b><b><span style=\"font-family: comic sans ms, sans-serif;\">alcohol benc\u00edlico y \u00e1cido dehidroac\u00e9tico.<\/span><\/b><\/div>","protected":false},"featured_media":49959,"comment_status":"open","ping_status":"closed","template":"","meta":[],"product_cat":[6143,6144],"product_tag":[6326,6327],"_links":{"self":[{"href":"https:\/\/www.mendoza.gov.ar\/catalogoeconomiasocial\/wp-json\/wp\/v2\/product\/49958"}],"collection":[{"href":"https:\/\/www.mendoza.gov.ar\/catalogoeconomiasocial\/wp-json\/wp\/v2\/product"}],"about":[{"href":"https:\/\/www.mendoza.gov.ar\/catalogoeconomiasocial\/wp-json\/wp\/v2\/types\/product"}],"replies":[{"embeddable":true,"href":"https:\/\/www.mendoza.gov.ar\/catalogoeconomiasocial\/wp-json\/wp\/v2\/comments?post=49958"}],"wp:featuredmedia":[{"embeddable":true,"href":"https:\/\/www.mendoza.gov.ar\/catalogoeconomiasocial\/wp-json\/wp\/v2\/media\/49959"}],"wp:attachment":[{"href":"https:\/\/www.mendoza.gov.ar\/catalogoeconomiasocial\/wp-json\/wp\/v2\/media?parent=49958"}],"wp:term":[{"taxonomy":"product_cat","embeddable":true,"href":"https:\/\/www.mendoza.gov.ar\/catalogoeconomiasocial\/wp-json\/wp\/v2\/product_cat?post=49958"},{"taxonomy":"product_tag","embeddable":true,"href":"https:\/\/www.mendoza.gov.ar\/catalogoeconomiasocial\/wp-json\/wp\/v2\/product_tag?post=49958"}],"curies":[{"name":"wp","href":"https:\/\/api.w.org\/{rel}","templated":true}]}}