{"id":50082,"date":"2023-03-17T16:00:24","date_gmt":"2023-03-17T19:00:24","guid":{"rendered":"https:\/\/www.mendoza.gov.ar\/catalogoeconomiasocial\/?post_type=product&#038;p=50082"},"modified":"2023-03-17T16:30:01","modified_gmt":"2023-03-17T19:30:01","slug":"humus-de-lombriz-2","status":"publish","type":"product","link":"https:\/\/www.mendoza.gov.ar\/catalogoeconomiasocial\/producto\/humus-de-lombriz-2\/","title":{"rendered":"Humus de lombriz"},"content":{"rendered":"<!DOCTYPE html PUBLIC \"-\/\/W3C\/\/DTD HTML 4.0 Transitional\/\/EN\" \"http:\/\/www.w3.org\/TR\/REC-html40\/loose.dtd\">\n\n","protected":false},"excerpt":{"rendered":"<strong>\u00bfQu\u00e9 es y para qu\u00e9 sirve?<\/strong>\r\n\r\nEl humus de lombriz es un proceso denominado vermicompostaje , en el cual las lombrices digieren material org\u00e1nico, descomponi\u00e9ndose gracias a la acci\u00f3n de sus enzimas digestivas y de la flora bacteriana presente en su organismo.\r\n\r\nPermite solubilizar, fijar y retener los nutrientes. Mejora la estructura f\u00edsica del suelo, formando agregados y reduciendo la erosi\u00f3n. Regula los intercambios de aire, agua y calor entre la tierra, el aire y la planta.\r\n\r\n<strong>\u00bfC\u00f3mo colocarlo?<\/strong>\r\n\r\nSe debe agregar al sustrato en su elaboraci\u00f3n o una fina capa como \u201cMulching\u201d \r\n\r\n","protected":false},"featured_media":50083,"comment_status":"open","ping_status":"closed","template":"","meta":[],"product_cat":[6046,6058,6080,6084],"product_tag":[6360,6301,6302],"_links":{"self":[{"href":"https:\/\/www.mendoza.gov.ar\/catalogoeconomiasocial\/wp-json\/wp\/v2\/product\/50082"}],"collection":[{"href":"https:\/\/www.mendoza.gov.ar\/catalogoeconomiasocial\/wp-json\/wp\/v2\/product"}],"about":[{"href":"https:\/\/www.mendoza.gov.ar\/catalogoeconomiasocial\/wp-json\/wp\/v2\/types\/product"}],"replies":[{"embeddable":true,"href":"https:\/\/www.mendoza.gov.ar\/catalogoeconomiasocial\/wp-json\/wp\/v2\/comments?post=50082"}],"wp:featuredmedia":[{"embeddable":true,"href":"https:\/\/www.mendoza.gov.ar\/catalogoeconomiasocial\/wp-json\/wp\/v2\/media\/50083"}],"wp:attachment":[{"href":"https:\/\/www.mendoza.gov.ar\/catalogoeconomiasocial\/wp-json\/wp\/v2\/media?parent=50082"}],"wp:term":[{"taxonomy":"product_cat","embeddable":true,"href":"https:\/\/www.mendoza.gov.ar\/catalogoeconomiasocial\/wp-json\/wp\/v2\/product_cat?post=50082"},{"taxonomy":"product_tag","embeddable":true,"href":"https:\/\/www.mendoza.gov.ar\/catalogoeconomiasocial\/wp-json\/wp\/v2\/product_tag?post=50082"}],"curies":[{"name":"wp","href":"https:\/\/api.w.org\/{rel}","templated":true}]}}