{"id":50724,"date":"2023-04-11T11:45:54","date_gmt":"2023-04-11T14:45:54","guid":{"rendered":"https:\/\/www.mendoza.gov.ar\/catalogoeconomiasocial\/?post_type=product&#038;p=50724"},"modified":"2023-04-11T11:47:48","modified_gmt":"2023-04-11T14:47:48","slug":"pizarra-didactica","status":"publish","type":"product","link":"https:\/\/www.mendoza.gov.ar\/catalogoeconomiasocial\/producto\/pizarra-didactica\/","title":{"rendered":"Pizarra Did\u00e1ctica"},"content":{"rendered":"<!DOCTYPE html PUBLIC \"-\/\/W3C\/\/DTD HTML 4.0 Transitional\/\/EN\" \"http:\/\/www.w3.org\/TR\/REC-html40\/loose.dtd\">\n\n","protected":false},"excerpt":{"rendered":"La pizarra did\u00e1ctica de tela es una pizarra de 45 x 30 cm realizada en tela de pizarra que consta con espacio para dibujo, TATETI en la parte superior, bolsillo para guardar tizas, letras y pa\u00f1o de limpieza, 2 tizas blancas, un pa\u00f1o de limpieza, letras del abecedario repetidas para poder formar palabras y n\u00fameros del 1 al 30.\r\n\r\n\u2665 Otros de los productos que podes encontrar en Masquetelas son: neceseres, cartucheras, materos, bolsos materos, juegos en tela, almohadones decorativos, medidores de estatura en tela, portalibretas, monederos, billeteras y muchas cosas m\u00e1s!","protected":false},"featured_media":50727,"comment_status":"open","ping_status":"closed","template":"","meta":[],"product_cat":[1065,6120],"product_tag":[6490,6472,6489,6491,1485],"_links":{"self":[{"href":"https:\/\/www.mendoza.gov.ar\/catalogoeconomiasocial\/wp-json\/wp\/v2\/product\/50724"}],"collection":[{"href":"https:\/\/www.mendoza.gov.ar\/catalogoeconomiasocial\/wp-json\/wp\/v2\/product"}],"about":[{"href":"https:\/\/www.mendoza.gov.ar\/catalogoeconomiasocial\/wp-json\/wp\/v2\/types\/product"}],"replies":[{"embeddable":true,"href":"https:\/\/www.mendoza.gov.ar\/catalogoeconomiasocial\/wp-json\/wp\/v2\/comments?post=50724"}],"wp:featuredmedia":[{"embeddable":true,"href":"https:\/\/www.mendoza.gov.ar\/catalogoeconomiasocial\/wp-json\/wp\/v2\/media\/50727"}],"wp:attachment":[{"href":"https:\/\/www.mendoza.gov.ar\/catalogoeconomiasocial\/wp-json\/wp\/v2\/media?parent=50724"}],"wp:term":[{"taxonomy":"product_cat","embeddable":true,"href":"https:\/\/www.mendoza.gov.ar\/catalogoeconomiasocial\/wp-json\/wp\/v2\/product_cat?post=50724"},{"taxonomy":"product_tag","embeddable":true,"href":"https:\/\/www.mendoza.gov.ar\/catalogoeconomiasocial\/wp-json\/wp\/v2\/product_tag?post=50724"}],"curies":[{"name":"wp","href":"https:\/\/api.w.org\/{rel}","templated":true}]}}