{"id":50937,"date":"2023-05-04T10:16:19","date_gmt":"2023-05-04T13:16:19","guid":{"rendered":"https:\/\/www.mendoza.gov.ar\/catalogoeconomiasocial\/?post_type=product&#038;p=50937"},"modified":"2026-01-22T09:43:34","modified_gmt":"2026-01-22T12:43:34","slug":"almohadillas-terapeuticas-con-semillas","status":"publish","type":"product","link":"https:\/\/www.mendoza.gov.ar\/catalogoeconomiasocial\/producto\/almohadillas-terapeuticas-con-semillas\/","title":{"rendered":"Almohadillas Terap\u00e9uticas con Semillas"},"content":{"rendered":"<!DOCTYPE html PUBLIC \"-\/\/W3C\/\/DTD HTML 4.0 Transitional\/\/EN\" \"http:\/\/www.w3.org\/TR\/REC-html40\/loose.dtd\">\n\n","protected":false},"excerpt":{"rendered":"Almohadillas t\u00e9rmicas. Realizadas el tela 100% algod\u00f3n ( provenzal , lienzo y gabardina).Rellenas con semillas de mijo flores de lavanda y romero. Se pueden utilizar en fr\u00edo o calor. Se pueden encontrar en diferentes tama\u00f1os y formas: Cervical con funda. Bolsa rectangular de lienzo 15&#215;35 cm con tres divisiones (rellena con semillas de mijo y flores de lananda y romero)y funda de gabardina estampada. Cervical sin funda.Bolsa rectangular de provenzal de 35&#215;15 cm.(rellena con semillas de mijo y flores de lananda y romero) Lumbar. Bolsa rectangular de 17&#215;27 cm de gabardina estampada (rellena con semillas de mijo y flores de lananda y romero). Antifaz de 23&#215;12 cm. Realizada en gabardina estampada, el\u00e1stico para un uso mas c\u00f3modo. Relleno de semillas de mijo manzanilla y flores de lavanda. Cervical en U de 45&#215;50 cm. Realizada en gabardina estampada (rellena con semillas de mijo y flores de lananda y romero).","protected":false},"featured_media":60903,"comment_status":"open","ping_status":"closed","template":"","meta":[],"product_cat":[6143,6530],"product_tag":[2099,6532,1671,6531],"_links":{"self":[{"href":"https:\/\/www.mendoza.gov.ar\/catalogoeconomiasocial\/wp-json\/wp\/v2\/product\/50937"}],"collection":[{"href":"https:\/\/www.mendoza.gov.ar\/catalogoeconomiasocial\/wp-json\/wp\/v2\/product"}],"about":[{"href":"https:\/\/www.mendoza.gov.ar\/catalogoeconomiasocial\/wp-json\/wp\/v2\/types\/product"}],"replies":[{"embeddable":true,"href":"https:\/\/www.mendoza.gov.ar\/catalogoeconomiasocial\/wp-json\/wp\/v2\/comments?post=50937"}],"wp:featuredmedia":[{"embeddable":true,"href":"https:\/\/www.mendoza.gov.ar\/catalogoeconomiasocial\/wp-json\/wp\/v2\/media\/60903"}],"wp:attachment":[{"href":"https:\/\/www.mendoza.gov.ar\/catalogoeconomiasocial\/wp-json\/wp\/v2\/media?parent=50937"}],"wp:term":[{"taxonomy":"product_cat","embeddable":true,"href":"https:\/\/www.mendoza.gov.ar\/catalogoeconomiasocial\/wp-json\/wp\/v2\/product_cat?post=50937"},{"taxonomy":"product_tag","embeddable":true,"href":"https:\/\/www.mendoza.gov.ar\/catalogoeconomiasocial\/wp-json\/wp\/v2\/product_tag?post=50937"}],"curies":[{"name":"wp","href":"https:\/\/api.w.org\/{rel}","templated":true}]}}