{"id":51255,"date":"2023-05-31T12:29:38","date_gmt":"2023-05-31T15:29:38","guid":{"rendered":"https:\/\/www.mendoza.gov.ar\/catalogoeconomiasocial\/?post_type=product&#038;p=51255"},"modified":"2023-05-31T12:29:39","modified_gmt":"2023-05-31T15:29:39","slug":"libreta-a5","status":"publish","type":"product","link":"https:\/\/www.mendoza.gov.ar\/catalogoeconomiasocial\/producto\/libreta-a5\/","title":{"rendered":"Libreta A5"},"content":{"rendered":"<!DOCTYPE html PUBLIC \"-\/\/W3C\/\/DTD HTML 4.0 Transitional\/\/EN\" \"http:\/\/www.w3.org\/TR\/REC-html40\/loose.dtd\">\n\n","protected":false},"excerpt":{"rendered":"La libreta de tapa dura A5 de 50 hojas es un cuaderno de tama\u00f1o medio con una cubierta r\u00edgida y resistente. La cubierta est\u00e1 decorada con ilustraciones de las caracter\u00edsticas de Mendoza, incluyendo flora, fauna, leyendas, monta\u00f1as, lugares y jerga, lo que la hace visualmente atractiva y \u00fanica.\r\n\r\nEl interior de la libreta cuenta con 50 hojas de papel de alta calidad, algunas de las cuales tienen un dise\u00f1o cuadriculado de colores que aporta un toque de originalidad y creatividad al cuaderno. Estas hojas son perfectas para tomar notas, hacer dibujos, escribir pensamientos o cualquier otra actividad que se te ocurra. Adem\u00e1s de ser visualmente atractivas y \u00fanicas, las ilustraciones que adornan la cubierta de la libreta son tambi\u00e9n tiernas y evocadoras de un sentimiento de cari\u00f1o. Cada ilustraci\u00f3n es cuidadosamente dise\u00f1ada para capturar la belleza y la singularidad de las caracter\u00edsticas de Mendoza, lo que hace que la libreta sea a\u00fan m\u00e1s especial y significativa. Cada vez que abres la libreta, las ilustraciones te sacar\u00e1n una sonrisa y te recordar\u00e1n la belleza de la regi\u00f3n, as\u00ed como el amor y la pasi\u00f3n que se han invertido en la creaci\u00f3n de esta libreta \u00fanica. Ya sea que est\u00e9s escribiendo notas para una clase, llevando un diario, o simplemente dibujando, la libreta de tapa dura A5 de 50 hojas es una compa\u00f1era inspiradora y encantadora.","protected":false},"featured_media":51256,"comment_status":"open","ping_status":"closed","template":"","meta":[],"product_cat":[6125,6126,6128],"product_tag":[6600,6361,6362,3808],"_links":{"self":[{"href":"https:\/\/www.mendoza.gov.ar\/catalogoeconomiasocial\/wp-json\/wp\/v2\/product\/51255"}],"collection":[{"href":"https:\/\/www.mendoza.gov.ar\/catalogoeconomiasocial\/wp-json\/wp\/v2\/product"}],"about":[{"href":"https:\/\/www.mendoza.gov.ar\/catalogoeconomiasocial\/wp-json\/wp\/v2\/types\/product"}],"replies":[{"embeddable":true,"href":"https:\/\/www.mendoza.gov.ar\/catalogoeconomiasocial\/wp-json\/wp\/v2\/comments?post=51255"}],"wp:featuredmedia":[{"embeddable":true,"href":"https:\/\/www.mendoza.gov.ar\/catalogoeconomiasocial\/wp-json\/wp\/v2\/media\/51256"}],"wp:attachment":[{"href":"https:\/\/www.mendoza.gov.ar\/catalogoeconomiasocial\/wp-json\/wp\/v2\/media?parent=51255"}],"wp:term":[{"taxonomy":"product_cat","embeddable":true,"href":"https:\/\/www.mendoza.gov.ar\/catalogoeconomiasocial\/wp-json\/wp\/v2\/product_cat?post=51255"},{"taxonomy":"product_tag","embeddable":true,"href":"https:\/\/www.mendoza.gov.ar\/catalogoeconomiasocial\/wp-json\/wp\/v2\/product_tag?post=51255"}],"curies":[{"name":"wp","href":"https:\/\/api.w.org\/{rel}","templated":true}]}}