{"id":51619,"date":"2023-08-08T13:01:08","date_gmt":"2023-08-08T16:01:08","guid":{"rendered":"https:\/\/www.mendoza.gov.ar\/catalogoeconomiasocial\/?post_type=product&#038;p=51619"},"modified":"2023-10-03T13:02:51","modified_gmt":"2023-10-03T16:02:51","slug":"ecolumpio-redondo","status":"publish","type":"product","link":"https:\/\/www.mendoza.gov.ar\/catalogoeconomiasocial\/producto\/ecolumpio-redondo\/","title":{"rendered":"Ecolumpio Redondo"},"content":{"rendered":"<!DOCTYPE html PUBLIC \"-\/\/W3C\/\/DTD HTML 4.0 Transitional\/\/EN\" \"http:\/\/www.w3.org\/TR\/REC-html40\/loose.dtd\">\n\n","protected":false},"excerpt":{"rendered":"El modelo Redondo est\u00e1 hecho a partir de una cubierta de moto, que se rellena con residuos secos y limpios como nylon, pl\u00e1stico, cart\u00f3n, papel, tela. Luego, se viste con 4 capas de tela y, finalmente, se teje con 2 \u00f3 3 hebras de totora de tela. Ecolumpio Redondo incluye: 1 base de columpio 2 tri\u00e1ngulos de soga 2 mosquetones nro 9 2 tramos de 3m de soga para colgar El Ecolumpio se entrega con soga de polipropileno con alma de 8mm (resiste hasta 90kg).","protected":false},"featured_media":51621,"comment_status":"open","ping_status":"closed","template":"","meta":[],"product_cat":[1065,6122],"product_tag":[2377,5612,843],"_links":{"self":[{"href":"https:\/\/www.mendoza.gov.ar\/catalogoeconomiasocial\/wp-json\/wp\/v2\/product\/51619"}],"collection":[{"href":"https:\/\/www.mendoza.gov.ar\/catalogoeconomiasocial\/wp-json\/wp\/v2\/product"}],"about":[{"href":"https:\/\/www.mendoza.gov.ar\/catalogoeconomiasocial\/wp-json\/wp\/v2\/types\/product"}],"replies":[{"embeddable":true,"href":"https:\/\/www.mendoza.gov.ar\/catalogoeconomiasocial\/wp-json\/wp\/v2\/comments?post=51619"}],"wp:featuredmedia":[{"embeddable":true,"href":"https:\/\/www.mendoza.gov.ar\/catalogoeconomiasocial\/wp-json\/wp\/v2\/media\/51621"}],"wp:attachment":[{"href":"https:\/\/www.mendoza.gov.ar\/catalogoeconomiasocial\/wp-json\/wp\/v2\/media?parent=51619"}],"wp:term":[{"taxonomy":"product_cat","embeddable":true,"href":"https:\/\/www.mendoza.gov.ar\/catalogoeconomiasocial\/wp-json\/wp\/v2\/product_cat?post=51619"},{"taxonomy":"product_tag","embeddable":true,"href":"https:\/\/www.mendoza.gov.ar\/catalogoeconomiasocial\/wp-json\/wp\/v2\/product_tag?post=51619"}],"curies":[{"name":"wp","href":"https:\/\/api.w.org\/{rel}","templated":true}]}}