{"id":51629,"date":"2023-08-08T13:28:57","date_gmt":"2023-08-08T16:28:57","guid":{"rendered":"https:\/\/www.mendoza.gov.ar\/catalogoeconomiasocial\/?post_type=product&#038;p=51629"},"modified":"2023-09-26T09:57:28","modified_gmt":"2023-09-26T12:57:28","slug":"pinturas","status":"publish","type":"product","link":"https:\/\/www.mendoza.gov.ar\/catalogoeconomiasocial\/producto\/pinturas\/","title":{"rendered":"Cuadros"},"content":{"rendered":"<!DOCTYPE html PUBLIC \"-\/\/W3C\/\/DTD HTML 4.0 Transitional\/\/EN\" \"http:\/\/www.w3.org\/TR\/REC-html40\/loose.dtd\">\n\n","protected":false},"excerpt":{"rendered":"Pinto cuadros en distintas t\u00e9cnicas de mi autor\u00eda inspirados en paisajes locales. Las medidas var\u00edan. Tambi\u00e9n pinto por encargo lo que el cliente solicite o le hago reproducciones fotogr\u00e1ficas de mis pinturas al tama\u00f1o que se desee. Adem\u00e1s pinto abstractos.","protected":false},"featured_media":51633,"comment_status":"open","ping_status":"closed","template":"","meta":[],"product_cat":[6762,6046,6058,6067,6071],"product_tag":[6616,292,6777,1600],"_links":{"self":[{"href":"https:\/\/www.mendoza.gov.ar\/catalogoeconomiasocial\/wp-json\/wp\/v2\/product\/51629"}],"collection":[{"href":"https:\/\/www.mendoza.gov.ar\/catalogoeconomiasocial\/wp-json\/wp\/v2\/product"}],"about":[{"href":"https:\/\/www.mendoza.gov.ar\/catalogoeconomiasocial\/wp-json\/wp\/v2\/types\/product"}],"replies":[{"embeddable":true,"href":"https:\/\/www.mendoza.gov.ar\/catalogoeconomiasocial\/wp-json\/wp\/v2\/comments?post=51629"}],"wp:featuredmedia":[{"embeddable":true,"href":"https:\/\/www.mendoza.gov.ar\/catalogoeconomiasocial\/wp-json\/wp\/v2\/media\/51633"}],"wp:attachment":[{"href":"https:\/\/www.mendoza.gov.ar\/catalogoeconomiasocial\/wp-json\/wp\/v2\/media?parent=51629"}],"wp:term":[{"taxonomy":"product_cat","embeddable":true,"href":"https:\/\/www.mendoza.gov.ar\/catalogoeconomiasocial\/wp-json\/wp\/v2\/product_cat?post=51629"},{"taxonomy":"product_tag","embeddable":true,"href":"https:\/\/www.mendoza.gov.ar\/catalogoeconomiasocial\/wp-json\/wp\/v2\/product_tag?post=51629"}],"curies":[{"name":"wp","href":"https:\/\/api.w.org\/{rel}","templated":true}]}}

Pinto cuadros en distintas técnicas de mi autoría inspirados en paisajes locales. Las medidas varían. También pinto por encargo lo que el cliente solicite o le hago reproducciones fotográficas de mis pinturas al tamaño que se desee. Además pinto abstractos.
