{"id":51781,"date":"2024-05-20T09:41:33","date_gmt":"2024-05-20T12:41:33","guid":{"rendered":"https:\/\/www.mendoza.gov.ar\/catalogoeconomiasocial\/?post_type=product&#038;p=51781"},"modified":"2024-05-24T09:18:18","modified_gmt":"2024-05-24T12:18:18","slug":"almohaditas-viajeras","status":"publish","type":"product","link":"https:\/\/www.mendoza.gov.ar\/catalogoeconomiasocial\/producto\/almohaditas-viajeras\/","title":{"rendered":"Almohadas para Viajar"},"content":{"rendered":"<!DOCTYPE html PUBLIC \"-\/\/W3C\/\/DTD HTML 4.0 Transitional\/\/EN\" \"http:\/\/www.w3.org\/TR\/REC-html40\/loose.dtd\">\n\n","protected":false},"excerpt":{"rendered":"Almohadas viajeras, realizadas en telas tapiceras de primera calidad, rellenas de vellon siliconado hipoalerg\u00e9nico, lavables. Con broche para que la cuelgues de la mochi o valija.\r\n\r\nTambi\u00e9n pod\u00e9s utilizarlas sin salir de tu casa para descansar la cervical, mientras lees o mir\u00e1s tv.","protected":false},"featured_media":51782,"comment_status":"open","ping_status":"closed","template":"","meta":[],"product_cat":[6046,6067,6059,6062],"product_tag":[39,6468,7208],"_links":{"self":[{"href":"https:\/\/www.mendoza.gov.ar\/catalogoeconomiasocial\/wp-json\/wp\/v2\/product\/51781"}],"collection":[{"href":"https:\/\/www.mendoza.gov.ar\/catalogoeconomiasocial\/wp-json\/wp\/v2\/product"}],"about":[{"href":"https:\/\/www.mendoza.gov.ar\/catalogoeconomiasocial\/wp-json\/wp\/v2\/types\/product"}],"replies":[{"embeddable":true,"href":"https:\/\/www.mendoza.gov.ar\/catalogoeconomiasocial\/wp-json\/wp\/v2\/comments?post=51781"}],"wp:featuredmedia":[{"embeddable":true,"href":"https:\/\/www.mendoza.gov.ar\/catalogoeconomiasocial\/wp-json\/wp\/v2\/media\/51782"}],"wp:attachment":[{"href":"https:\/\/www.mendoza.gov.ar\/catalogoeconomiasocial\/wp-json\/wp\/v2\/media?parent=51781"}],"wp:term":[{"taxonomy":"product_cat","embeddable":true,"href":"https:\/\/www.mendoza.gov.ar\/catalogoeconomiasocial\/wp-json\/wp\/v2\/product_cat?post=51781"},{"taxonomy":"product_tag","embeddable":true,"href":"https:\/\/www.mendoza.gov.ar\/catalogoeconomiasocial\/wp-json\/wp\/v2\/product_tag?post=51781"}],"curies":[{"name":"wp","href":"https:\/\/api.w.org\/{rel}","templated":true}]}}

Almohadas viajeras, realizadas en telas tapiceras de primera calidad, rellenas de vellon siliconado hipoalergénico, lavables. Con broche para que la cuelgues de la mochi o valija.

También podés utilizarlas sin salir de tu casa para descansar la cervical, mientras lees o mirás tv.
