{"id":51933,"date":"2023-08-29T14:09:07","date_gmt":"2023-08-29T17:09:07","guid":{"rendered":"https:\/\/www.mendoza.gov.ar\/catalogoeconomiasocial\/?post_type=product&#038;p=51933"},"modified":"2023-09-26T09:55:37","modified_gmt":"2023-09-26T12:55:37","slug":"jabon-provence-de-lavanda","status":"publish","type":"product","link":"https:\/\/www.mendoza.gov.ar\/catalogoeconomiasocial\/producto\/jabon-provence-de-lavanda\/","title":{"rendered":"Jab\u00f3n Provence de Lavanda"},"content":{"rendered":"<!DOCTYPE html PUBLIC \"-\/\/W3C\/\/DTD HTML 4.0 Transitional\/\/EN\" \"http:\/\/www.w3.org\/TR\/REC-html40\/loose.dtd\">\n\n","protected":false},"excerpt":{"rendered":"La lavanda, famosa por tranquilizar y calmar el alma, es una poderosa regenerante cut\u00e1nea, tiene adem\u00e1s propriedades cicatrizantes y antibacterianas. \ud83c\udf38\ud83c\udf38 La lavanda tiene propiedades antivirales y antibacteriales, adem\u00e1s es cicatrizante y relajante. Este jab\u00f3n est\u00e1 hecho por saponificaci\u00f3n en fr\u00edo, este m\u00e9todo tradicional permite la formaci\u00f3n de glicerina vegetal al mismo tiempo que se forma el jab\u00f3n, \u00a1no hay que agregarla! Adem\u00e1s, tiene un surgraissage de 8%, lo que significa que una parte de los aceites quedan sin saponificar y que este jab\u00f3n resulta ser muy nutriente! Ingredientes: aceites de oliva org\u00e1nica y coco, lavanda, aceite esencial de lavanda","protected":false},"featured_media":51934,"comment_status":"open","ping_status":"closed","template":"","meta":[],"product_cat":[6762,6143,6144],"product_tag":[6807],"_links":{"self":[{"href":"https:\/\/www.mendoza.gov.ar\/catalogoeconomiasocial\/wp-json\/wp\/v2\/product\/51933"}],"collection":[{"href":"https:\/\/www.mendoza.gov.ar\/catalogoeconomiasocial\/wp-json\/wp\/v2\/product"}],"about":[{"href":"https:\/\/www.mendoza.gov.ar\/catalogoeconomiasocial\/wp-json\/wp\/v2\/types\/product"}],"replies":[{"embeddable":true,"href":"https:\/\/www.mendoza.gov.ar\/catalogoeconomiasocial\/wp-json\/wp\/v2\/comments?post=51933"}],"wp:featuredmedia":[{"embeddable":true,"href":"https:\/\/www.mendoza.gov.ar\/catalogoeconomiasocial\/wp-json\/wp\/v2\/media\/51934"}],"wp:attachment":[{"href":"https:\/\/www.mendoza.gov.ar\/catalogoeconomiasocial\/wp-json\/wp\/v2\/media?parent=51933"}],"wp:term":[{"taxonomy":"product_cat","embeddable":true,"href":"https:\/\/www.mendoza.gov.ar\/catalogoeconomiasocial\/wp-json\/wp\/v2\/product_cat?post=51933"},{"taxonomy":"product_tag","embeddable":true,"href":"https:\/\/www.mendoza.gov.ar\/catalogoeconomiasocial\/wp-json\/wp\/v2\/product_tag?post=51933"}],"curies":[{"name":"wp","href":"https:\/\/api.w.org\/{rel}","templated":true}]}}