{"id":53209,"date":"2023-12-13T11:11:39","date_gmt":"2023-12-13T14:11:39","guid":{"rendered":"https:\/\/www.mendoza.gov.ar\/catalogoeconomiasocial\/?post_type=product&#038;p=53209"},"modified":"2023-12-13T11:11:39","modified_gmt":"2023-12-13T14:11:39","slug":"pechera-lukutuel","status":"publish","type":"product","link":"https:\/\/www.mendoza.gov.ar\/catalogoeconomiasocial\/producto\/pechera-lukutuel\/","title":{"rendered":"Pechera Lukutuel"},"content":{"rendered":"<!DOCTYPE html PUBLIC \"-\/\/W3C\/\/DTD HTML 4.0 Transitional\/\/EN\" \"http:\/\/www.w3.org\/TR\/REC-html40\/loose.dtd\">\n\n","protected":false},"excerpt":{"rendered":"Pieza expuesta en el Museo de Arte Popular Jos\u00e9 Hern\u00e1ndez en Buenos Aires. Dise\u00f1o Mapuche.\r\n\r\nUna de las figuras principales de la iconograf\u00eda Mapuche.\r\n\r\n&#8220;Kum\u00e9 huenu eluen fachant\u00fa lucututuan mapu meu Gnech\u00e9n&#8221; (&#8220;Este d\u00eda arrodillado\/a en la tierra, Dios\/Pacha, deme buen cielo&#8221;)\r\n\r\nLuku: rodilla; Lukutu: de rodillas; Lukutun: hincarse, arrodillarse; Tue: suelo, tierra. Lukutuel: el\/la arrodillado\/a\r\n\r\nMuestra un ser arrodillado en actitud de rezo en una configuraci\u00f3n que pretende dar idea de tridimensionalidad; representa en un mismo dibujo al frente, los costados y el interior del personaje que participa de alguna ceremonia ritual o rogativa\r\n\r\nSin sexo determinado, no es hombre ni mujer, es ambos a la vez. La ambig\u00fcedad opera la abolici\u00f3n de los sexos y facilita el desplazamiento m\u00edstico a trav\u00e9s del cosmos, por adquirirse as\u00ed la pureza necesaria para lograr el contacto con los dioses\r\n\r\nSimboliza tambi\u00e9n, la conexi\u00f3n de los mundos natural y sobrenatural; el\/la orante representa la intenci\u00f3n del contacto entre ambos planos c\u00f3smicos.\r\n\r\nLos colores son portadores de mensajes decodificables\r\n\r\nEl blanco, violeta, az\u00fal y celeste son los colores que representan el bien o lo bueno, corresponden al plano superior en la concepci\u00f3n vertical del cosmos, el mundo sobrenatural, lo celestial, asociado con los dioses. Son los colores rituales por excelencia.","protected":false},"featured_media":53210,"comment_status":"open","ping_status":"closed","template":"","meta":[],"product_cat":[5923,6100,1179],"product_tag":[1049,1615,2461,904],"_links":{"self":[{"href":"https:\/\/www.mendoza.gov.ar\/catalogoeconomiasocial\/wp-json\/wp\/v2\/product\/53209"}],"collection":[{"href":"https:\/\/www.mendoza.gov.ar\/catalogoeconomiasocial\/wp-json\/wp\/v2\/product"}],"about":[{"href":"https:\/\/www.mendoza.gov.ar\/catalogoeconomiasocial\/wp-json\/wp\/v2\/types\/product"}],"replies":[{"embeddable":true,"href":"https:\/\/www.mendoza.gov.ar\/catalogoeconomiasocial\/wp-json\/wp\/v2\/comments?post=53209"}],"wp:featuredmedia":[{"embeddable":true,"href":"https:\/\/www.mendoza.gov.ar\/catalogoeconomiasocial\/wp-json\/wp\/v2\/media\/53210"}],"wp:attachment":[{"href":"https:\/\/www.mendoza.gov.ar\/catalogoeconomiasocial\/wp-json\/wp\/v2\/media?parent=53209"}],"wp:term":[{"taxonomy":"product_cat","embeddable":true,"href":"https:\/\/www.mendoza.gov.ar\/catalogoeconomiasocial\/wp-json\/wp\/v2\/product_cat?post=53209"},{"taxonomy":"product_tag","embeddable":true,"href":"https:\/\/www.mendoza.gov.ar\/catalogoeconomiasocial\/wp-json\/wp\/v2\/product_tag?post=53209"}],"curies":[{"name":"wp","href":"https:\/\/api.w.org\/{rel}","templated":true}]}}