{"id":53541,"date":"2024-03-06T13:16:17","date_gmt":"2024-03-06T16:16:17","guid":{"rendered":"https:\/\/www.mendoza.gov.ar\/catalogoeconomiasocial\/?post_type=product&#038;p=53541"},"modified":"2024-03-07T08:43:10","modified_gmt":"2024-03-07T11:43:10","slug":"pulsera-o-tobillera-entrelazada","status":"publish","type":"product","link":"https:\/\/www.mendoza.gov.ar\/catalogoeconomiasocial\/producto\/pulsera-o-tobillera-entrelazada\/","title":{"rendered":"Pulsera o Tobillera Entrelazada"},"content":{"rendered":"<!DOCTYPE html PUBLIC \"-\/\/W3C\/\/DTD HTML 4.0 Transitional\/\/EN\" \"http:\/\/www.w3.org\/TR\/REC-html40\/loose.dtd\">\n\n","protected":false},"excerpt":{"rendered":"La pulsera\/tobillera entrelazada est\u00e1 tejida con hilo encerado, a\u00f1adiendo a el peque\u00f1as bolitas de n\u00edquel que la hacen ver \u00fanica y delicada. La t\u00e9cnica empleada es macram\u00e9. La medida del tejido es de alrededor de 13cm, sum\u00e1ndole a ello 15cm m\u00e1s en cada extremo para poder atar el producto, tanto como a modo de pulsera o tobillera. El largo justamente, no ser\u00e1 nunca un problema, ya que se adapta perfectamente a diversas personas al igual que se puede elegir su forma de uso.","protected":false},"featured_media":53545,"comment_status":"open","ping_status":"closed","template":"","meta":[],"product_cat":[5923,6098],"product_tag":[1314],"_links":{"self":[{"href":"https:\/\/www.mendoza.gov.ar\/catalogoeconomiasocial\/wp-json\/wp\/v2\/product\/53541"}],"collection":[{"href":"https:\/\/www.mendoza.gov.ar\/catalogoeconomiasocial\/wp-json\/wp\/v2\/product"}],"about":[{"href":"https:\/\/www.mendoza.gov.ar\/catalogoeconomiasocial\/wp-json\/wp\/v2\/types\/product"}],"replies":[{"embeddable":true,"href":"https:\/\/www.mendoza.gov.ar\/catalogoeconomiasocial\/wp-json\/wp\/v2\/comments?post=53541"}],"wp:featuredmedia":[{"embeddable":true,"href":"https:\/\/www.mendoza.gov.ar\/catalogoeconomiasocial\/wp-json\/wp\/v2\/media\/53545"}],"wp:attachment":[{"href":"https:\/\/www.mendoza.gov.ar\/catalogoeconomiasocial\/wp-json\/wp\/v2\/media?parent=53541"}],"wp:term":[{"taxonomy":"product_cat","embeddable":true,"href":"https:\/\/www.mendoza.gov.ar\/catalogoeconomiasocial\/wp-json\/wp\/v2\/product_cat?post=53541"},{"taxonomy":"product_tag","embeddable":true,"href":"https:\/\/www.mendoza.gov.ar\/catalogoeconomiasocial\/wp-json\/wp\/v2\/product_tag?post=53541"}],"curies":[{"name":"wp","href":"https:\/\/api.w.org\/{rel}","templated":true}]}}

La pulsera/tobillera entrelazada está tejida con hilo encerado, añadiendo a el pequeñas bolitas de níquel que la hacen ver única y delicada. La técnica empleada es macramé. La medida del tejido es de alrededor de 13cm, sumándole a ello 15cm más en cada extremo para poder atar el producto, tanto como a modo de pulsera o tobillera. El largo justamente, no será nunca un problema, ya que se adapta perfectamente a diversas personas al igual que se puede elegir su forma de uso.
