{"id":53548,"date":"2024-03-07T10:28:30","date_gmt":"2024-03-07T13:28:30","guid":{"rendered":"https:\/\/www.mendoza.gov.ar\/catalogoeconomiasocial\/?post_type=product&#038;p=53548"},"modified":"2025-02-24T11:08:53","modified_gmt":"2025-02-24T14:08:53","slug":"pulsera-tobillera-con-ojo-turco","status":"publish","type":"product","link":"https:\/\/www.mendoza.gov.ar\/catalogoeconomiasocial\/producto\/pulsera-tobillera-con-ojo-turco\/","title":{"rendered":"Pulsera &#8211; Tobillera con Ojo Turco"},"content":{"rendered":"<!DOCTYPE html PUBLIC \"-\/\/W3C\/\/DTD HTML 4.0 Transitional\/\/EN\" \"http:\/\/www.w3.org\/TR\/REC-html40\/loose.dtd\">\n\n","protected":false},"excerpt":{"rendered":"<div class=\"Qr7Oae\" role=\"listitem\">\r\n<div class=\"OxAavc NVbRL\" data-required=\"true\" data-item-id=\"1080941832\">\r\n<div class=\"xMZTse Ih4Dzb\">\r\n<div class=\"Mh5jwe JqSWld yqQS1\" aria-describedby=\"c2614\">La pulsera\/tobillera de ojo turco se cree que posee propiedades protectoras. Seg\u00fan el color de ella, proteje contra algo en particular. Est\u00e1n realizadas con hilo encerado, mediante la t\u00e9cnica de macram\u00e9. Justo en el centro de ella se ubica un ojo turco. La medida del tejido es de alrededor de 13cm, sum\u00e1ndole a ello 15cm m\u00e1s en cada extremo para poder atar el producto, tanto como a modo de pulsera o tobillera. El largo justamente, no ser\u00e1 nunca un problema, ya que se adapta perfectamente a diversas personas al igual que se puede elegir su forma de uso.<\/div>\r\n<\/div>\r\n<\/div>\r\n<\/div>\r\n<div class=\"Qr7Oae\" role=\"listitem\">\r\n<div class=\"OxAavc NVbRL\" data-required=\"true\" data-item-id=\"1823180683\">\r\n<div class=\"pYfr3c\">\r\n<div class=\"prOLdf\">\r\n<div class=\"g53bl\">\r\n<div class=\"cTDvob D1wxyf RjsPE\" role=\"heading\" aria-level=\"3\" aria-describedby=\"i.desc.1823180683 c2620\"><\/div>\r\n<\/div>\r\n<\/div>\r\n<\/div>\r\n<\/div>\r\n<\/div>","protected":false},"featured_media":57184,"comment_status":"open","ping_status":"closed","template":"","meta":[],"product_cat":[5923,6098,6102],"product_tag":[1314],"_links":{"self":[{"href":"https:\/\/www.mendoza.gov.ar\/catalogoeconomiasocial\/wp-json\/wp\/v2\/product\/53548"}],"collection":[{"href":"https:\/\/www.mendoza.gov.ar\/catalogoeconomiasocial\/wp-json\/wp\/v2\/product"}],"about":[{"href":"https:\/\/www.mendoza.gov.ar\/catalogoeconomiasocial\/wp-json\/wp\/v2\/types\/product"}],"replies":[{"embeddable":true,"href":"https:\/\/www.mendoza.gov.ar\/catalogoeconomiasocial\/wp-json\/wp\/v2\/comments?post=53548"}],"wp:featuredmedia":[{"embeddable":true,"href":"https:\/\/www.mendoza.gov.ar\/catalogoeconomiasocial\/wp-json\/wp\/v2\/media\/57184"}],"wp:attachment":[{"href":"https:\/\/www.mendoza.gov.ar\/catalogoeconomiasocial\/wp-json\/wp\/v2\/media?parent=53548"}],"wp:term":[{"taxonomy":"product_cat","embeddable":true,"href":"https:\/\/www.mendoza.gov.ar\/catalogoeconomiasocial\/wp-json\/wp\/v2\/product_cat?post=53548"},{"taxonomy":"product_tag","embeddable":true,"href":"https:\/\/www.mendoza.gov.ar\/catalogoeconomiasocial\/wp-json\/wp\/v2\/product_tag?post=53548"}],"curies":[{"name":"wp","href":"https:\/\/api.w.org\/{rel}","templated":true}]}}

<div class="Qr7Oae" role="listitem">
<div class="OxAavc NVbRL" data-required="true" data-item-id="1080941832">
<div class="xMZTse Ih4Dzb">
<div class="Mh5jwe JqSWld yqQS1" aria-describedby="c2614">La pulsera/tobillera de ojo turco se cree que posee propiedades protectoras. Según el color de ella, proteje contra algo en particular. Están realizadas con hilo encerado, mediante la técnica de macramé. Justo en el centro de ella se ubica un ojo turco. La medida del tejido es de alrededor de 13cm, sumándole a ello 15cm más en cada extremo para poder atar el producto, tanto como a modo de pulsera o tobillera. El largo justamente, no será nunca un problema, ya que se adapta perfectamente a diversas personas al igual que se puede elegir su forma de uso.</div>
</div>
</div>
</div>
<div class="Qr7Oae" role="listitem">
<div class="OxAavc NVbRL" data-required="true" data-item-id="1823180683">
<div class="pYfr3c">
<div class="prOLdf">
<div class="g53bl">
<div class="cTDvob D1wxyf RjsPE" role="heading" aria-level="3" aria-describedby="i.desc.1823180683 c2620"></div>
</div>
</div>
</div>
</div>
</div>
