{"id":53836,"date":"2024-04-24T13:26:37","date_gmt":"2024-04-24T16:26:37","guid":{"rendered":"https:\/\/www.mendoza.gov.ar\/catalogoeconomiasocial\/?post_type=product&#038;p=53836"},"modified":"2024-04-24T13:26:37","modified_gmt":"2024-04-24T16:26:37","slug":"llaveros-de-paltas-para-compartir","status":"publish","type":"product","link":"https:\/\/www.mendoza.gov.ar\/catalogoeconomiasocial\/producto\/llaveros-de-paltas-para-compartir\/","title":{"rendered":"Llaveros de Paltas para Compartir"},"content":{"rendered":"<!DOCTYPE html PUBLIC \"-\/\/W3C\/\/DTD HTML 4.0 Transitional\/\/EN\" \"http:\/\/www.w3.org\/TR\/REC-html40\/loose.dtd\">\n\n","protected":false},"excerpt":{"rendered":"Nuestros llaveros de palta para compartir de Michis son el accesorio perfecto para aquellos amantes de las paltas y que disfrutan compartiendo su amor por esta deliciosa fruta. Cada llavero est\u00e1 cuidadosamente dise\u00f1ado y hecho a mano con materiales de alta calidad. Cada llavero est\u00e1 moldeado en forma de una palta, con detalles realistas que capturan la apariencia y textura de esta fruta tropical. El llavero est\u00e1 pintado a mano con colores vibrantes que hacen que parezca una aut\u00e9ntica palta madura y lista para disfrutar. Pero lo especial de estos llaveros es que est\u00e1n dise\u00f1ados para compartir. Cada llavero se divide en dos mitades, lo que permite que puedas darle la otra mitad a alguien especial en tu vida. Es una forma divertida y \u00fanica de mostrar tu afecto y conexi\u00f3n con esa persona. Los llaveros de palta para compartir de Michis son un regalo perfecto para amigos, parejas, hermanos o cualquier persona con quien quieras compartir un v\u00ednculo especial. Tambi\u00e9n son ideales para usar en tu propio juego de llaves, agregando un toque de diversi\u00f3n y originalidad. As\u00ed que si eres un amante de las paltas y quieres compartir esa pasi\u00f3n con alguien m\u00e1s, nuestros llaveros de palta para compartir son la elecci\u00f3n perfecta. \u00a1No solo tendr\u00e1s un llavero, sino tambi\u00e9n un s\u00edmbolo de conexi\u00f3n y amistad!","protected":false},"featured_media":53838,"comment_status":"open","ping_status":"closed","template":"","meta":[],"product_cat":[5923,6098,6106],"product_tag":[7120,7119,548],"_links":{"self":[{"href":"https:\/\/www.mendoza.gov.ar\/catalogoeconomiasocial\/wp-json\/wp\/v2\/product\/53836"}],"collection":[{"href":"https:\/\/www.mendoza.gov.ar\/catalogoeconomiasocial\/wp-json\/wp\/v2\/product"}],"about":[{"href":"https:\/\/www.mendoza.gov.ar\/catalogoeconomiasocial\/wp-json\/wp\/v2\/types\/product"}],"replies":[{"embeddable":true,"href":"https:\/\/www.mendoza.gov.ar\/catalogoeconomiasocial\/wp-json\/wp\/v2\/comments?post=53836"}],"wp:featuredmedia":[{"embeddable":true,"href":"https:\/\/www.mendoza.gov.ar\/catalogoeconomiasocial\/wp-json\/wp\/v2\/media\/53838"}],"wp:attachment":[{"href":"https:\/\/www.mendoza.gov.ar\/catalogoeconomiasocial\/wp-json\/wp\/v2\/media?parent=53836"}],"wp:term":[{"taxonomy":"product_cat","embeddable":true,"href":"https:\/\/www.mendoza.gov.ar\/catalogoeconomiasocial\/wp-json\/wp\/v2\/product_cat?post=53836"},{"taxonomy":"product_tag","embeddable":true,"href":"https:\/\/www.mendoza.gov.ar\/catalogoeconomiasocial\/wp-json\/wp\/v2\/product_tag?post=53836"}],"curies":[{"name":"wp","href":"https:\/\/api.w.org\/{rel}","templated":true}]}}