{"id":54039,"date":"2024-05-06T12:29:51","date_gmt":"2024-05-06T15:29:51","guid":{"rendered":"https:\/\/www.mendoza.gov.ar\/catalogoeconomiasocial\/?post_type=product&#038;p=54039"},"modified":"2024-05-06T12:29:51","modified_gmt":"2024-05-06T15:29:51","slug":"agenda-dos-dias-por-carilla","status":"publish","type":"product","link":"https:\/\/www.mendoza.gov.ar\/catalogoeconomiasocial\/producto\/agenda-dos-dias-por-carilla\/","title":{"rendered":"Agenda dos d\u00edas por Carilla"},"content":{"rendered":"<!DOCTYPE html PUBLIC \"-\/\/W3C\/\/DTD HTML 4.0 Transitional\/\/EN\" \"http:\/\/www.w3.org\/TR\/REC-html40\/loose.dtd\">\n\n","protected":false},"excerpt":{"rendered":"Descripci\u00f3n Dos d\u00edas por p\u00e1gina (con y sin horarios)\r\n\r\nIncluye: portada, almanaque, apartado de notas y organizador mensual de gastos Sobre de PVC, notas adhesivas en la tapa principal, stickers, cinta se\u00f1aladora\r\n\r\nCierre el\u00e1stico Anillado met\u00e1lico doble alambre y tapas duras.\r\n\r\nMedidas 15*21 cm\r\n\r\nConsult\u00e1 por nuestro cat\u00e1logo de tapas disponibles o envianos la que vos quieras!","protected":false},"featured_media":54045,"comment_status":"open","ping_status":"closed","template":"","meta":[],"product_cat":[6125,6126,6127],"product_tag":[6436,7157],"_links":{"self":[{"href":"https:\/\/www.mendoza.gov.ar\/catalogoeconomiasocial\/wp-json\/wp\/v2\/product\/54039"}],"collection":[{"href":"https:\/\/www.mendoza.gov.ar\/catalogoeconomiasocial\/wp-json\/wp\/v2\/product"}],"about":[{"href":"https:\/\/www.mendoza.gov.ar\/catalogoeconomiasocial\/wp-json\/wp\/v2\/types\/product"}],"replies":[{"embeddable":true,"href":"https:\/\/www.mendoza.gov.ar\/catalogoeconomiasocial\/wp-json\/wp\/v2\/comments?post=54039"}],"wp:featuredmedia":[{"embeddable":true,"href":"https:\/\/www.mendoza.gov.ar\/catalogoeconomiasocial\/wp-json\/wp\/v2\/media\/54045"}],"wp:attachment":[{"href":"https:\/\/www.mendoza.gov.ar\/catalogoeconomiasocial\/wp-json\/wp\/v2\/media?parent=54039"}],"wp:term":[{"taxonomy":"product_cat","embeddable":true,"href":"https:\/\/www.mendoza.gov.ar\/catalogoeconomiasocial\/wp-json\/wp\/v2\/product_cat?post=54039"},{"taxonomy":"product_tag","embeddable":true,"href":"https:\/\/www.mendoza.gov.ar\/catalogoeconomiasocial\/wp-json\/wp\/v2\/product_tag?post=54039"}],"curies":[{"name":"wp","href":"https:\/\/api.w.org\/{rel}","templated":true}]}}

Agenda dos días por Carilla

Descripción Dos días por página (con y sin horarios)

Incluye: portada, almanaque, apartado de notas y organizador mensual de gastos Sobre de PVC, notas adhesivas en la tapa principal, stickers, cinta señaladora

Cierre elástico Anillado metálico doble alambre y tapas duras.

Medidas 15*21 cm

Consultá por nuestro catálogo de tapas disponibles o envianos la que vos quieras!
