{"id":54892,"date":"2024-07-30T11:41:51","date_gmt":"2024-07-30T14:41:51","guid":{"rendered":"https:\/\/www.mendoza.gov.ar\/catalogoeconomiasocial\/?post_type=product&#038;p=54892"},"modified":"2024-10-31T09:05:31","modified_gmt":"2024-10-31T12:05:31","slug":"lamparas","status":"publish","type":"product","link":"https:\/\/www.mendoza.gov.ar\/catalogoeconomiasocial\/producto\/lamparas\/","title":{"rendered":"Lamparas"},"content":{"rendered":"<!DOCTYPE html PUBLIC \"-\/\/W3C\/\/DTD HTML 4.0 Transitional\/\/EN\" \"http:\/\/www.w3.org\/TR\/REC-html40\/loose.dtd\">\n\n","protected":false},"excerpt":{"rendered":"Siendo la madera como principal componente me permite dise\u00f1ar y armar distintos productos , uno de ellos son las l\u00e1mparas emiten iluminaci\u00f3n c\u00e1lida y confortable en el hogar familiar, para todos los sectores , de techo pared, interior, exterior, sala, comedor etc. Las medidas van de los 35cm por 45 cm en adelante y las de pie aprox. los 1.60 mts de alto","protected":false},"featured_media":54893,"comment_status":"open","ping_status":"closed","template":"","meta":[],"product_cat":[6762,6046,6058,6073],"product_tag":[6623,1045,1299],"_links":{"self":[{"href":"https:\/\/www.mendoza.gov.ar\/catalogoeconomiasocial\/wp-json\/wp\/v2\/product\/54892"}],"collection":[{"href":"https:\/\/www.mendoza.gov.ar\/catalogoeconomiasocial\/wp-json\/wp\/v2\/product"}],"about":[{"href":"https:\/\/www.mendoza.gov.ar\/catalogoeconomiasocial\/wp-json\/wp\/v2\/types\/product"}],"replies":[{"embeddable":true,"href":"https:\/\/www.mendoza.gov.ar\/catalogoeconomiasocial\/wp-json\/wp\/v2\/comments?post=54892"}],"wp:featuredmedia":[{"embeddable":true,"href":"https:\/\/www.mendoza.gov.ar\/catalogoeconomiasocial\/wp-json\/wp\/v2\/media\/54893"}],"wp:attachment":[{"href":"https:\/\/www.mendoza.gov.ar\/catalogoeconomiasocial\/wp-json\/wp\/v2\/media?parent=54892"}],"wp:term":[{"taxonomy":"product_cat","embeddable":true,"href":"https:\/\/www.mendoza.gov.ar\/catalogoeconomiasocial\/wp-json\/wp\/v2\/product_cat?post=54892"},{"taxonomy":"product_tag","embeddable":true,"href":"https:\/\/www.mendoza.gov.ar\/catalogoeconomiasocial\/wp-json\/wp\/v2\/product_tag?post=54892"}],"curies":[{"name":"wp","href":"https:\/\/api.w.org\/{rel}","templated":true}]}}

Siendo la madera como principal componente me permite diseñar y armar distintos productos , uno de ellos son las lámparas emiten iluminación cálida y confortable en el hogar familiar, para todos los sectores , de techo pared, interior, exterior, sala, comedor etc. Las medidas van de los 35cm por 45 cm en adelante y las de pie aprox. los 1.60 mts de alto
