{"id":55601,"date":"2024-11-13T10:26:39","date_gmt":"2024-11-13T13:26:39","guid":{"rendered":"https:\/\/www.mendoza.gov.ar\/catalogoeconomiasocial\/?post_type=product&#038;p=55601"},"modified":"2024-11-14T10:14:35","modified_gmt":"2024-11-14T13:14:35","slug":"el-principito-y-zorrito","status":"publish","type":"product","link":"https:\/\/www.mendoza.gov.ar\/catalogoeconomiasocial\/producto\/el-principito-y-zorrito\/","title":{"rendered":"Mu\u00f1eco de &#8220;El Principito&#8221;"},"content":{"rendered":"<!DOCTYPE html PUBLIC \"-\/\/W3C\/\/DTD HTML 4.0 Transitional\/\/EN\" \"http:\/\/www.w3.org\/TR\/REC-html40\/loose.dtd\">\n\n","protected":false},"excerpt":{"rendered":"EL Principito y el zorrito es el regalo perfecto para ni\u00f1os, ni\u00f1as y adultos que aman la literatura. Basado en el personaje de Saint Exup\u00e9ry nuestros mu\u00f1ecos son 100% abrazables. El Principito mide 25 cm. aprox., est\u00e1n tejidos a mano en algod\u00f3n, lavables, hipoalerg\u00e9nicos y apto vegano. Podes elegir el modelo de ropita que quieras.","protected":false},"featured_media":55604,"comment_status":"open","ping_status":"closed","template":"","meta":[],"product_cat":[1065,6156],"product_tag":[515,658,843],"_links":{"self":[{"href":"https:\/\/www.mendoza.gov.ar\/catalogoeconomiasocial\/wp-json\/wp\/v2\/product\/55601"}],"collection":[{"href":"https:\/\/www.mendoza.gov.ar\/catalogoeconomiasocial\/wp-json\/wp\/v2\/product"}],"about":[{"href":"https:\/\/www.mendoza.gov.ar\/catalogoeconomiasocial\/wp-json\/wp\/v2\/types\/product"}],"replies":[{"embeddable":true,"href":"https:\/\/www.mendoza.gov.ar\/catalogoeconomiasocial\/wp-json\/wp\/v2\/comments?post=55601"}],"wp:featuredmedia":[{"embeddable":true,"href":"https:\/\/www.mendoza.gov.ar\/catalogoeconomiasocial\/wp-json\/wp\/v2\/media\/55604"}],"wp:attachment":[{"href":"https:\/\/www.mendoza.gov.ar\/catalogoeconomiasocial\/wp-json\/wp\/v2\/media?parent=55601"}],"wp:term":[{"taxonomy":"product_cat","embeddable":true,"href":"https:\/\/www.mendoza.gov.ar\/catalogoeconomiasocial\/wp-json\/wp\/v2\/product_cat?post=55601"},{"taxonomy":"product_tag","embeddable":true,"href":"https:\/\/www.mendoza.gov.ar\/catalogoeconomiasocial\/wp-json\/wp\/v2\/product_tag?post=55601"}],"curies":[{"name":"wp","href":"https:\/\/api.w.org\/{rel}","templated":true}]}}

Muñeco de &#8220;El Principito&#8221;

EL Principito y el zorrito es el regalo perfecto para niños, niñas y adultos que aman la literatura. Basado en el personaje de Saint Exupéry nuestros muñecos son 100% abrazables. El Principito mide 25 cm. aprox., están tejidos a mano en algodón, lavables, hipoalergénicos y apto vegano. Podes elegir el modelo de ropita que quieras.
