{"id":56352,"date":"2024-11-28T11:31:23","date_gmt":"2024-11-28T14:31:23","guid":{"rendered":"https:\/\/www.mendoza.gov.ar\/catalogoeconomiasocial\/?post_type=product&#038;p=56352"},"modified":"2024-11-29T10:39:34","modified_gmt":"2024-11-29T13:39:34","slug":"bandolera-vertical","status":"publish","type":"product","link":"https:\/\/www.mendoza.gov.ar\/catalogoeconomiasocial\/producto\/bandolera-vertical\/","title":{"rendered":"Bandolera"},"content":{"rendered":"<!DOCTYPE html PUBLIC \"-\/\/W3C\/\/DTD HTML 4.0 Transitional\/\/EN\" \"http:\/\/www.w3.org\/TR\/REC-html40\/loose.dtd\">\n\n","protected":false},"excerpt":{"rendered":"<span data-sheets-root=\"1\">Cartera morral vertical de 21x 16 x 8 cm. Elaborada con PU (eco cuero) negro croco y charol. Cara frontal con remaches; cierre y herrajes met\u00e1lico; correa de cinta sublimada. Bolsillo trasero y forrer\u00eda en el interior. Detalles \u00fanicos que le otorgan un dise\u00f1o moderno. <\/span>","protected":false},"featured_media":56354,"comment_status":"open","ping_status":"closed","template":"","meta":[],"product_cat":[5923,6101],"product_tag":[131,1716,1049],"_links":{"self":[{"href":"https:\/\/www.mendoza.gov.ar\/catalogoeconomiasocial\/wp-json\/wp\/v2\/product\/56352"}],"collection":[{"href":"https:\/\/www.mendoza.gov.ar\/catalogoeconomiasocial\/wp-json\/wp\/v2\/product"}],"about":[{"href":"https:\/\/www.mendoza.gov.ar\/catalogoeconomiasocial\/wp-json\/wp\/v2\/types\/product"}],"replies":[{"embeddable":true,"href":"https:\/\/www.mendoza.gov.ar\/catalogoeconomiasocial\/wp-json\/wp\/v2\/comments?post=56352"}],"wp:featuredmedia":[{"embeddable":true,"href":"https:\/\/www.mendoza.gov.ar\/catalogoeconomiasocial\/wp-json\/wp\/v2\/media\/56354"}],"wp:attachment":[{"href":"https:\/\/www.mendoza.gov.ar\/catalogoeconomiasocial\/wp-json\/wp\/v2\/media?parent=56352"}],"wp:term":[{"taxonomy":"product_cat","embeddable":true,"href":"https:\/\/www.mendoza.gov.ar\/catalogoeconomiasocial\/wp-json\/wp\/v2\/product_cat?post=56352"},{"taxonomy":"product_tag","embeddable":true,"href":"https:\/\/www.mendoza.gov.ar\/catalogoeconomiasocial\/wp-json\/wp\/v2\/product_tag?post=56352"}],"curies":[{"name":"wp","href":"https:\/\/api.w.org\/{rel}","templated":true}]}}

<span data-sheets-root="1">Cartera morral vertical de 21x 16 x 8 cm. Elaborada con PU (eco cuero) negro croco y charol. Cara frontal con remaches; cierre y herrajes metálico; correa de cinta sublimada. Bolsillo trasero y forrería en el interior. Detalles únicos que le otorgan un diseño moderno. </span>
