{"id":57133,"date":"2025-02-20T12:42:29","date_gmt":"2025-02-20T15:42:29","guid":{"rendered":"https:\/\/www.mendoza.gov.ar\/catalogoeconomiasocial\/?post_type=product&#038;p=57133"},"modified":"2025-02-20T12:42:44","modified_gmt":"2025-02-20T15:42:44","slug":"mini-apacheta-juego-de-equilibrio-payana","status":"publish","type":"product","link":"https:\/\/www.mendoza.gov.ar\/catalogoeconomiasocial\/producto\/mini-apacheta-juego-de-equilibrio-payana\/","title":{"rendered":"Juego de Equilibrio + Payana en Miniatura"},"content":{"rendered":"<!DOCTYPE html PUBLIC \"-\/\/W3C\/\/DTD HTML 4.0 Transitional\/\/EN\" \"http:\/\/www.w3.org\/TR\/REC-html40\/loose.dtd\">\n\n","protected":false},"excerpt":{"rendered":"Versi\u00f3n minimalista de Apacheta Juego de Equilibrio. 2en1: \u00a1Mini Juego de equilibrio + Payana! Sin cables&#8230; Sin wi-fi&#8230; \u00a1CON\u00c9CTATE!\r\n\r\nLa Payana: El Juego Milenario El t\u00e9rmino Payana proviene del Quechua Pallani, que significa recolectar, recoger del piso. Tiene or\u00edgenes profundos en la historia, y se puede rastrear hasta tiempos precolombinos, 400 u 800 a\u00f1os antes de Cristo. Hay quienes dicen que la Payana es el juego m\u00e1s antiguo de todos.\r\n\r\nApacheta se caracteriza por estar hecho completamente a mano, con diversas maderas nativas, bajo un delicado proceso de fabricaci\u00f3n, donde se deposita especial cuidado en los detalles de cada piedra. Debido a su sencillez, APACHETA es un juego que pueden disfrutar ni\u00f1os y adultos Equilibra tu mente&#8230;\r\n\r\n\u00a1Desaf\u00eda la gravedad! Pon a prueba tu paciencia y apila las 8 piedras \u00bfNo es posible? \u00a1Int\u00e9ntalo de nuevo! \u00a1Reduce el estr\u00e9s de la rutina diaria jugando! Conc\u00e9ntrate \u00a1Controla tu pulso y tus pensamientos! Cualquier escenario es v\u00e1lido para armar tu #Apacheta \u00bfOficina? \u00bfReuni\u00f3n de amigos? \u00bfD\u00eda de campo? \u00a1Lleva tus piedras de madera a todas partes! Se pueden apilar, ser equilibradas o simplemente dejarse de adorno para ser contempladas como verdaderas piezas de arte. Juegos \u00fanicos y originales, realizados por el artista del equilibrio y la madera Javier Bertinatto (Ingravitto Balances). Cada conjunto incluye: 8 (ocho) Piedras de madera hechas totalmente a mano (Las 5 m\u00e1s peque\u00f1as se usan como Payana) + Bolsita de tela (14x11cm) + Instrucciones de uso Todas las piezas est\u00e1n protegidas por una ligera capa de cera de abejas y aceite de coco, para resaltar el verdadero color de cada especie utilizada, y prolongar la vida del material. No hay dos piedras iguales, por eso cada #Apacheta es \u00daNICA e IRREPETIBLE. Producto hecho a mano con diversas especies de \u00e1rboles ca\u00eddos, regalos de la madre naturaleza.","protected":false},"featured_media":57135,"comment_status":"open","ping_status":"closed","template":"","meta":[],"product_cat":[1065,6121],"product_tag":[6490,7644,6209,1074,658,7643,1535],"_links":{"self":[{"href":"https:\/\/www.mendoza.gov.ar\/catalogoeconomiasocial\/wp-json\/wp\/v2\/product\/57133"}],"collection":[{"href":"https:\/\/www.mendoza.gov.ar\/catalogoeconomiasocial\/wp-json\/wp\/v2\/product"}],"about":[{"href":"https:\/\/www.mendoza.gov.ar\/catalogoeconomiasocial\/wp-json\/wp\/v2\/types\/product"}],"replies":[{"embeddable":true,"href":"https:\/\/www.mendoza.gov.ar\/catalogoeconomiasocial\/wp-json\/wp\/v2\/comments?post=57133"}],"wp:featuredmedia":[{"embeddable":true,"href":"https:\/\/www.mendoza.gov.ar\/catalogoeconomiasocial\/wp-json\/wp\/v2\/media\/57135"}],"wp:attachment":[{"href":"https:\/\/www.mendoza.gov.ar\/catalogoeconomiasocial\/wp-json\/wp\/v2\/media?parent=57133"}],"wp:term":[{"taxonomy":"product_cat","embeddable":true,"href":"https:\/\/www.mendoza.gov.ar\/catalogoeconomiasocial\/wp-json\/wp\/v2\/product_cat?post=57133"},{"taxonomy":"product_tag","embeddable":true,"href":"https:\/\/www.mendoza.gov.ar\/catalogoeconomiasocial\/wp-json\/wp\/v2\/product_tag?post=57133"}],"curies":[{"name":"wp","href":"https:\/\/api.w.org\/{rel}","templated":true}]}}