{"id":57148,"date":"2025-02-21T09:46:14","date_gmt":"2025-02-21T12:46:14","guid":{"rendered":"https:\/\/www.mendoza.gov.ar\/catalogoeconomiasocial\/?post_type=product&#038;p=57148"},"modified":"2025-02-21T09:46:14","modified_gmt":"2025-02-21T12:46:14","slug":"jarra-condorino-semillon","status":"publish","type":"product","link":"https:\/\/www.mendoza.gov.ar\/catalogoeconomiasocial\/producto\/jarra-condorino-semillon\/","title":{"rendered":"Jarra Condorino Semill\u00f3n"},"content":{"rendered":"<!DOCTYPE html PUBLIC \"-\/\/W3C\/\/DTD HTML 4.0 Transitional\/\/EN\" \"http:\/\/www.w3.org\/TR\/REC-html40\/loose.dtd\">\n\n","protected":false},"excerpt":{"rendered":"Semill\u00f3n: El alma de los encuentros. El Condorino Semill\u00f3n es equilibrio y tradici\u00f3n. Su silueta org\u00e1nica nos recuerda que los mejores momentos fluyen sin esfuerzo, como un buen vino compartido.\r\n\r\n-Para quienes disfrutan lo simple, lo aut\u00e9ntico y lo especial.\r\n\r\n-Creado con respeto por la naturaleza y pasi\u00f3n por el arte.\r\n\r\n-Hac\u00e9 de cada brindis una experiencia. Llev\u00e1 Semill\u00f3n a tu mesa.","protected":false},"featured_media":57151,"comment_status":"open","ping_status":"closed","template":"","meta":[],"product_cat":[7242,6762,6046,6053,6519],"product_tag":[6689,7464,1193],"_links":{"self":[{"href":"https:\/\/www.mendoza.gov.ar\/catalogoeconomiasocial\/wp-json\/wp\/v2\/product\/57148"}],"collection":[{"href":"https:\/\/www.mendoza.gov.ar\/catalogoeconomiasocial\/wp-json\/wp\/v2\/product"}],"about":[{"href":"https:\/\/www.mendoza.gov.ar\/catalogoeconomiasocial\/wp-json\/wp\/v2\/types\/product"}],"replies":[{"embeddable":true,"href":"https:\/\/www.mendoza.gov.ar\/catalogoeconomiasocial\/wp-json\/wp\/v2\/comments?post=57148"}],"wp:featuredmedia":[{"embeddable":true,"href":"https:\/\/www.mendoza.gov.ar\/catalogoeconomiasocial\/wp-json\/wp\/v2\/media\/57151"}],"wp:attachment":[{"href":"https:\/\/www.mendoza.gov.ar\/catalogoeconomiasocial\/wp-json\/wp\/v2\/media?parent=57148"}],"wp:term":[{"taxonomy":"product_cat","embeddable":true,"href":"https:\/\/www.mendoza.gov.ar\/catalogoeconomiasocial\/wp-json\/wp\/v2\/product_cat?post=57148"},{"taxonomy":"product_tag","embeddable":true,"href":"https:\/\/www.mendoza.gov.ar\/catalogoeconomiasocial\/wp-json\/wp\/v2\/product_tag?post=57148"}],"curies":[{"name":"wp","href":"https:\/\/api.w.org\/{rel}","templated":true}]}}

Jarra Condorino Semillón

Semillón: El alma de los encuentros. El Condorino Semillón es equilibrio y tradición. Su silueta orgánica nos recuerda que los mejores momentos fluyen sin esfuerzo, como un buen vino compartido.

-Para quienes disfrutan lo simple, lo auténtico y lo especial.

-Creado con respeto por la naturaleza y pasión por el arte.

-Hacé de cada brindis una experiencia. Llevá Semillón a tu mesa.
