{"id":58298,"date":"2025-05-21T11:19:35","date_gmt":"2025-05-21T14:19:35","guid":{"rendered":"https:\/\/www.mendoza.gov.ar\/catalogoeconomiasocial\/?post_type=product&#038;p=58298"},"modified":"2025-05-21T11:19:35","modified_gmt":"2025-05-21T14:19:35","slug":"clases-de-karate","status":"publish","type":"product","link":"https:\/\/www.mendoza.gov.ar\/catalogoeconomiasocial\/producto\/clases-de-karate\/","title":{"rendered":"Clases de Karate"},"content":{"rendered":"<!DOCTYPE html PUBLIC \"-\/\/W3C\/\/DTD HTML 4.0 Transitional\/\/EN\" \"http:\/\/www.w3.org\/TR\/REC-html40\/loose.dtd\">\n\n","protected":false},"excerpt":{"rendered":"<span data-huuid=\"7135055947474355888\">Ikigai, una palabra japonesa, se traduce como\u00a0<mark class=\"QVRyCf\">&#8220;raz\u00f3n de ser&#8221; o &#8220;raz\u00f3n para vivir&#8221;<\/mark>.\u00a0<\/span><span data-huuid=\"7135055947474355141\">Es un concepto que se refiere a la intersecci\u00f3n de lo que amas, en lo que eres bueno, lo que el mundo necesita y por lo que puedes ser recompensado.\u00a0<\/span><span data-huuid=\"7135055947474354394\">En otras palabras, es la combinaci\u00f3n de pasi\u00f3n, talento, prop\u00f3sito y realizaci\u00f3n.<span class=\"pjBG2e\" data-cid=\"97a79370-1557-4388-a997-0f85f137f60c\"><span class=\"UV3uM\">\u00a0<\/span><\/span><\/span>","protected":false},"featured_media":58299,"comment_status":"open","ping_status":"closed","template":"","meta":[],"product_cat":[6149,6153],"product_tag":[7626,7879,7877],"_links":{"self":[{"href":"https:\/\/www.mendoza.gov.ar\/catalogoeconomiasocial\/wp-json\/wp\/v2\/product\/58298"}],"collection":[{"href":"https:\/\/www.mendoza.gov.ar\/catalogoeconomiasocial\/wp-json\/wp\/v2\/product"}],"about":[{"href":"https:\/\/www.mendoza.gov.ar\/catalogoeconomiasocial\/wp-json\/wp\/v2\/types\/product"}],"replies":[{"embeddable":true,"href":"https:\/\/www.mendoza.gov.ar\/catalogoeconomiasocial\/wp-json\/wp\/v2\/comments?post=58298"}],"wp:featuredmedia":[{"embeddable":true,"href":"https:\/\/www.mendoza.gov.ar\/catalogoeconomiasocial\/wp-json\/wp\/v2\/media\/58299"}],"wp:attachment":[{"href":"https:\/\/www.mendoza.gov.ar\/catalogoeconomiasocial\/wp-json\/wp\/v2\/media?parent=58298"}],"wp:term":[{"taxonomy":"product_cat","embeddable":true,"href":"https:\/\/www.mendoza.gov.ar\/catalogoeconomiasocial\/wp-json\/wp\/v2\/product_cat?post=58298"},{"taxonomy":"product_tag","embeddable":true,"href":"https:\/\/www.mendoza.gov.ar\/catalogoeconomiasocial\/wp-json\/wp\/v2\/product_tag?post=58298"}],"curies":[{"name":"wp","href":"https:\/\/api.w.org\/{rel}","templated":true}]}}