{"id":58706,"date":"2025-07-31T10:20:53","date_gmt":"2025-07-31T13:20:53","guid":{"rendered":"https:\/\/www.mendoza.gov.ar\/catalogoeconomiasocial\/?post_type=product&#038;p=58706"},"modified":"2025-07-31T10:21:52","modified_gmt":"2025-07-31T13:21:52","slug":"tazas-con-plato","status":"publish","type":"product","link":"https:\/\/www.mendoza.gov.ar\/catalogoeconomiasocial\/producto\/tazas-con-plato\/","title":{"rendered":"Tazas con Plato"},"content":{"rendered":"<!DOCTYPE html PUBLIC \"-\/\/W3C\/\/DTD HTML 4.0 Transitional\/\/EN\" \"http:\/\/www.w3.org\/TR\/REC-html40\/loose.dtd\">\n\n","protected":false},"excerpt":{"rendered":"<div class=\"Qr7Oae\" role=\"listitem\">\r\n<div class=\"OxAavc NVbRL\" data-item-id=\"2090718011\">\r\n<div class=\"xMZTse Ih4Dzb\">\r\n<div class=\"Mh5jwe JqSWld yqQS1\" tabindex=\"0\" role=\"textbox\" aria-describedby=\"c1647\" aria-label=\"Nombre del Producto\/Servicio 3\" aria-disabled=\"true\">Variedad de tazas con platitos para distintas opciones, te, caf\u00e9, caf\u00e9 con leche.<\/div>\r\n<\/div>\r\n<\/div>\r\n<\/div>\r\n<div class=\"Qr7Oae\" role=\"listitem\">\r\n<div class=\"OxAavc NVbRL\" data-item-id=\"76476198\">\r\n<div class=\"pYfr3c\">\r\n<div class=\"prOLdf\">\r\n<div class=\"g53bl\">\r\n<div class=\"cTDvob D1wxyf RjsPE\" role=\"heading\" aria-level=\"3\" aria-describedby=\"i.desc.76476198\">Realizadas en cer\u00e1mica apta para microondas, lavavajillas y esmaltadas con esmaltes apropiados para el consumo de alimentos.<\/div>\r\n<blockquote>\r\n<div role=\"heading\" aria-level=\"3\" aria-describedby=\"i.desc.76476198\">&#8221; Cer\u00e1mica artesanal con esmaltes apropiados para consumo de alimentos. Uso variadas t\u00e9cnicas, de pinturas con distintos dise\u00f1os propios, esgrafiados y tallados. Modelado a mano. Coladas con moldes.<\/div>\r\n<div role=\"heading\" aria-level=\"3\" aria-describedby=\"i.desc.76476198\">Realizo reciclado de piezas que salen mal y que a\u00fan no pasan por la horneada. Reutilizo el barro con nuevos procesos para optimizar.<\/div>\r\n<div role=\"heading\" aria-level=\"3\" aria-describedby=\"i.desc.76476198\">En los envoltorios reutilizo cartones para entregar y proteger mis piezas. Por supuesto acompa\u00f1ado de un envoltorio posterior de papel madera y se entrega en bolsas ecol\u00f3gicas con logo del emprendimiento&#8221;.<\/div><\/blockquote>\r\n<\/div>\r\n<\/div>\r\n<\/div>\r\n<\/div>\r\n<\/div>","protected":false},"featured_media":58710,"comment_status":"open","ping_status":"closed","template":"","meta":[],"product_cat":[7242,6762,6046,6053,6525,6056],"product_tag":[964,7937,7938,2068],"_links":{"self":[{"href":"https:\/\/www.mendoza.gov.ar\/catalogoeconomiasocial\/wp-json\/wp\/v2\/product\/58706"}],"collection":[{"href":"https:\/\/www.mendoza.gov.ar\/catalogoeconomiasocial\/wp-json\/wp\/v2\/product"}],"about":[{"href":"https:\/\/www.mendoza.gov.ar\/catalogoeconomiasocial\/wp-json\/wp\/v2\/types\/product"}],"replies":[{"embeddable":true,"href":"https:\/\/www.mendoza.gov.ar\/catalogoeconomiasocial\/wp-json\/wp\/v2\/comments?post=58706"}],"wp:featuredmedia":[{"embeddable":true,"href":"https:\/\/www.mendoza.gov.ar\/catalogoeconomiasocial\/wp-json\/wp\/v2\/media\/58710"}],"wp:attachment":[{"href":"https:\/\/www.mendoza.gov.ar\/catalogoeconomiasocial\/wp-json\/wp\/v2\/media?parent=58706"}],"wp:term":[{"taxonomy":"product_cat","embeddable":true,"href":"https:\/\/www.mendoza.gov.ar\/catalogoeconomiasocial\/wp-json\/wp\/v2\/product_cat?post=58706"},{"taxonomy":"product_tag","embeddable":true,"href":"https:\/\/www.mendoza.gov.ar\/catalogoeconomiasocial\/wp-json\/wp\/v2\/product_tag?post=58706"}],"curies":[{"name":"wp","href":"https:\/\/api.w.org\/{rel}","templated":true}]}}