{"id":59314,"date":"2025-09-24T10:46:08","date_gmt":"2025-09-24T13:46:08","guid":{"rendered":"https:\/\/www.mendoza.gov.ar\/catalogoeconomiasocial\/?post_type=product&#038;p=59314"},"modified":"2025-09-24T11:00:16","modified_gmt":"2025-09-24T14:00:16","slug":"tazas-14","status":"publish","type":"product","link":"https:\/\/www.mendoza.gov.ar\/catalogoeconomiasocial\/producto\/tazas-14\/","title":{"rendered":"Tazas"},"content":{"rendered":"<!DOCTYPE html PUBLIC \"-\/\/W3C\/\/DTD HTML 4.0 Transitional\/\/EN\" \"http:\/\/www.w3.org\/TR\/REC-html40\/loose.dtd\">\n\n","protected":false},"excerpt":{"rendered":"En nuestro taller damos vida a cada taza con un proceso 100% artesanal:\r\n\r\n1\ufe0f\u20e3 Modelamos en arcilla local.\r\n\r\n2\ufe0f\u20e3 Decoramos con engobes y pastas coloreadas\r\n\r\n3\ufe0f\u20e3 Aplicamos esmaltes que aportan brillo y resistencia.\r\n\r\n4\ufe0f\u20e3 Quemamos en horno a le\u00f1a y damos terminaci\u00f3n horno el\u00e9ctrico, donde el barro se convierte en cer\u00e1mica.\r\n\r\nCada pieza es \u00fanica, irrepetible y hecha con amor al oficio","protected":false},"featured_media":59316,"comment_status":"open","ping_status":"closed","template":"","meta":[],"product_cat":[7242,6762,6046,6053,6525,6056],"product_tag":[6638,985,7092,840,890],"_links":{"self":[{"href":"https:\/\/www.mendoza.gov.ar\/catalogoeconomiasocial\/wp-json\/wp\/v2\/product\/59314"}],"collection":[{"href":"https:\/\/www.mendoza.gov.ar\/catalogoeconomiasocial\/wp-json\/wp\/v2\/product"}],"about":[{"href":"https:\/\/www.mendoza.gov.ar\/catalogoeconomiasocial\/wp-json\/wp\/v2\/types\/product"}],"replies":[{"embeddable":true,"href":"https:\/\/www.mendoza.gov.ar\/catalogoeconomiasocial\/wp-json\/wp\/v2\/comments?post=59314"}],"wp:featuredmedia":[{"embeddable":true,"href":"https:\/\/www.mendoza.gov.ar\/catalogoeconomiasocial\/wp-json\/wp\/v2\/media\/59316"}],"wp:attachment":[{"href":"https:\/\/www.mendoza.gov.ar\/catalogoeconomiasocial\/wp-json\/wp\/v2\/media?parent=59314"}],"wp:term":[{"taxonomy":"product_cat","embeddable":true,"href":"https:\/\/www.mendoza.gov.ar\/catalogoeconomiasocial\/wp-json\/wp\/v2\/product_cat?post=59314"},{"taxonomy":"product_tag","embeddable":true,"href":"https:\/\/www.mendoza.gov.ar\/catalogoeconomiasocial\/wp-json\/wp\/v2\/product_tag?post=59314"}],"curies":[{"name":"wp","href":"https:\/\/api.w.org\/{rel}","templated":true}]}}