{"id":59348,"date":"2025-09-24T11:54:33","date_gmt":"2025-09-24T14:54:33","guid":{"rendered":"https:\/\/www.mendoza.gov.ar\/catalogoeconomiasocial\/?post_type=product&#038;p=59348"},"modified":"2025-09-24T11:54:34","modified_gmt":"2025-09-24T14:54:34","slug":"tote-bag-3","status":"publish","type":"product","link":"https:\/\/www.mendoza.gov.ar\/catalogoeconomiasocial\/producto\/tote-bag-3\/","title":{"rendered":"Tote Bag"},"content":{"rendered":"<!DOCTYPE html PUBLIC \"-\/\/W3C\/\/DTD HTML 4.0 Transitional\/\/EN\" \"http:\/\/www.w3.org\/TR\/REC-html40\/loose.dtd\">\n\n","protected":false},"excerpt":{"rendered":"Tote bags y bolsos vers\u00e1tiles para las compras y el d\u00eda a d\u00eda. Desde modelos simples hasta versiones m\u00e1s elaboradas, siempre funcionales, reutilizables y con la identidad circular de la marca. Uso telas planas resistentes. Son bolsos medianos a grandes, con asas largas.\r\n\r\nEn Hilar\u00eda Circular utilizo principalmente t\u00e9cnicas de costura tradicional y reciclaje textil, combinando confecci\u00f3n manual con adaptaciones creativas que me permiten aprovechar al m\u00e1ximo cada retazo. Trabajo con ensambles, uniones de parches, refuerzos y detalles decorativos que realzan la singularidad de cada pieza. Mi emprendimiento se basa en el reciclaje de materiales textiles. Reutilizo ropa en desuso, telas de tapicer\u00eda y residuos de la industria textil que recibo a trav\u00e9s del programa Costured de la Municipalidad de Godoy Cruz. De esta manera, cada bolso y accesorio no solo tiene un dise\u00f1o \u00fanico, sino que tambi\u00e9n contribuye a reducir el impacto ambiental de la moda.","protected":false},"featured_media":59353,"comment_status":"open","ping_status":"closed","template":"","meta":[],"product_cat":[5923,6098,6101],"product_tag":[2083,5612,1485,7535],"_links":{"self":[{"href":"https:\/\/www.mendoza.gov.ar\/catalogoeconomiasocial\/wp-json\/wp\/v2\/product\/59348"}],"collection":[{"href":"https:\/\/www.mendoza.gov.ar\/catalogoeconomiasocial\/wp-json\/wp\/v2\/product"}],"about":[{"href":"https:\/\/www.mendoza.gov.ar\/catalogoeconomiasocial\/wp-json\/wp\/v2\/types\/product"}],"replies":[{"embeddable":true,"href":"https:\/\/www.mendoza.gov.ar\/catalogoeconomiasocial\/wp-json\/wp\/v2\/comments?post=59348"}],"wp:featuredmedia":[{"embeddable":true,"href":"https:\/\/www.mendoza.gov.ar\/catalogoeconomiasocial\/wp-json\/wp\/v2\/media\/59353"}],"wp:attachment":[{"href":"https:\/\/www.mendoza.gov.ar\/catalogoeconomiasocial\/wp-json\/wp\/v2\/media?parent=59348"}],"wp:term":[{"taxonomy":"product_cat","embeddable":true,"href":"https:\/\/www.mendoza.gov.ar\/catalogoeconomiasocial\/wp-json\/wp\/v2\/product_cat?post=59348"},{"taxonomy":"product_tag","embeddable":true,"href":"https:\/\/www.mendoza.gov.ar\/catalogoeconomiasocial\/wp-json\/wp\/v2\/product_tag?post=59348"}],"curies":[{"name":"wp","href":"https:\/\/api.w.org\/{rel}","templated":true}]}}