{"id":59848,"date":"2025-10-13T10:50:27","date_gmt":"2025-10-13T13:50:27","guid":{"rendered":"https:\/\/www.mendoza.gov.ar\/catalogoeconomiasocial\/?post_type=product&#038;p=59848"},"modified":"2025-10-13T10:50:28","modified_gmt":"2025-10-13T13:50:28","slug":"disfraces-infantiles","status":"publish","type":"product","link":"https:\/\/www.mendoza.gov.ar\/catalogoeconomiasocial\/producto\/disfraces-infantiles\/","title":{"rendered":"Disfraces Infantiles"},"content":{"rendered":"<!DOCTYPE html PUBLIC \"-\/\/W3C\/\/DTD HTML 4.0 Transitional\/\/EN\" \"http:\/\/www.w3.org\/TR\/REC-html40\/loose.dtd\">\n\n","protected":false},"excerpt":{"rendered":"Linea NUBE \u26c5 Incluye: \ud83d\ude0a remera o body simple o con vuelito en los hombros. \ud83d\ude0a Dise\u00f1o de remera o body. Incluye elecci\u00f3n de imagen, color, tipograf\u00eda,etc. \ud83d\ude0atut\u00fa super tupido, color a elecci\u00f3n (puede ser un color o varios ) \ud83d\ude0avincha o colitas con mo\u00f1o a elecci\u00f3n. Record\u00e1 que pod\u00e9s agregar cintas, puntillas, bordados, etc\r\n\r\nLinea SOL \u2600\ufe0f (cinta en el ruedo ) Incluye: \ud83d\ude0aremera o body con mangas simples en los hombros. \ud83d\ude0aDise\u00f1o de remera o body. Incluye elecci\u00f3n de imagen, color, tipograf\u00eda,etc. \ud83d\ude0atut\u00fa super tupido con cinta en el ruedo, color a elecci\u00f3n (puede ser uno o varios colores \ud83c\udf08) \ud83d\ude0aVincha o colitas con mo\u00f1o a elecci\u00f3n.\r\n\r\nLinea Estrella \ud83d\udcab\u2b50 ( cinta en el ruedo y perlas ) Incluye: \ud83d\ude0a Remerita o body con mangas campana cubiertas totalmente en perlas. \ud83d\ude0aDise\u00f1o de remera o body. Incluye a elecci\u00f3n de imagen, color, tipograf\u00eda, etc. \ud83d\ude0atut\u00fa super tupido con cinta en el ruedo (colores a elecci\u00f3n) \ud83d\ude0avinchas o colitas con mo\u00f1o a elecci\u00f3n.","protected":false},"featured_media":59850,"comment_status":"open","ping_status":"closed","template":"","meta":[],"product_cat":[1065,6160],"product_tag":[6384,8071,8072],"_links":{"self":[{"href":"https:\/\/www.mendoza.gov.ar\/catalogoeconomiasocial\/wp-json\/wp\/v2\/product\/59848"}],"collection":[{"href":"https:\/\/www.mendoza.gov.ar\/catalogoeconomiasocial\/wp-json\/wp\/v2\/product"}],"about":[{"href":"https:\/\/www.mendoza.gov.ar\/catalogoeconomiasocial\/wp-json\/wp\/v2\/types\/product"}],"replies":[{"embeddable":true,"href":"https:\/\/www.mendoza.gov.ar\/catalogoeconomiasocial\/wp-json\/wp\/v2\/comments?post=59848"}],"wp:featuredmedia":[{"embeddable":true,"href":"https:\/\/www.mendoza.gov.ar\/catalogoeconomiasocial\/wp-json\/wp\/v2\/media\/59850"}],"wp:attachment":[{"href":"https:\/\/www.mendoza.gov.ar\/catalogoeconomiasocial\/wp-json\/wp\/v2\/media?parent=59848"}],"wp:term":[{"taxonomy":"product_cat","embeddable":true,"href":"https:\/\/www.mendoza.gov.ar\/catalogoeconomiasocial\/wp-json\/wp\/v2\/product_cat?post=59848"},{"taxonomy":"product_tag","embeddable":true,"href":"https:\/\/www.mendoza.gov.ar\/catalogoeconomiasocial\/wp-json\/wp\/v2\/product_tag?post=59848"}],"curies":[{"name":"wp","href":"https:\/\/api.w.org\/{rel}","templated":true}]}}