{"id":60293,"date":"2025-11-13T19:14:26","date_gmt":"2025-11-13T22:14:26","guid":{"rendered":"https:\/\/www.mendoza.gov.ar\/catalogoeconomiasocial\/?post_type=product&#038;p=60293"},"modified":"2025-11-13T19:14:27","modified_gmt":"2025-11-13T22:14:27","slug":"agendas-personalizadas-4","status":"publish","type":"product","link":"https:\/\/www.mendoza.gov.ar\/catalogoeconomiasocial\/producto\/agendas-personalizadas-4\/","title":{"rendered":"Agendas Personalizadas"},"content":{"rendered":"<!DOCTYPE html PUBLIC \"-\/\/W3C\/\/DTD HTML 4.0 Transitional\/\/EN\" \"http:\/\/www.w3.org\/TR\/REC-html40\/loose.dtd\">\n\n","protected":false},"excerpt":{"rendered":"\u2728 Cuaderno Docente 2025 \u2013 Hecho artesanalmente para vos Hechos artesanalmente y con cada detalle pensado para tu rutina laboral, nuestros Cuadernos Docentes est\u00e1n dise\u00f1ados para acompa\u00f1arte durante todo el ciclo lectivo. Imprimimos y entregamos cada ejemplar de forma personalizada, para que tengas un cuaderno tan \u00fanico como tu tarea diaria. \ud83d\udcda \u00danicos en el mercado de Mendoza: Incluyen secciones especialmente dise\u00f1adas para los docentes de la provincia, seg\u00fan lo estipulado por la DGE. Quiz\u00e1s ya viste a alg\u00fan colega con uno\u2026 \u00bfy vos, ya ten\u00e9s el tuyo? \ud83d\udcbc Especial para Nivel Secundario Una agenda pr\u00e1ctica, completa y colorida que te ayuda a organizarte c\u00f3modamente todo el a\u00f1o. \ud83c\udf1f Caracter\u00edsticas destacadas: \ud83d\udccf Tama\u00f1o A4, ideal para agregar hojas, trabajos y documentos \ud83d\udcd8 Tapas duras laminadas y anilladas \ud83c\udfa8 Dise\u00f1os exclusivos y a todo color \ud83e\uddfe Planillas de notas, asistencias y seguimiento (hasta 36 alumnos por curso) \u270d\ufe0f Divisiones y hojas de alta calidad (90 g y 80 g) \ud83d\udc8c Incluye stickers, planificador mensual, bolsillos y m\u00e1s detalles \u00fatiles \ud83d\udcc2 Opciones disponibles: 5 cursos 10 cursos 15 cursos Pack curso adicional Cada curso tiene planillas exclusivas para notas, asistencias y reuniones con familias.","protected":false},"featured_media":60296,"comment_status":"open","ping_status":"closed","template":"","meta":[],"product_cat":[6125,6126,6127],"product_tag":[940,1003],"_links":{"self":[{"href":"https:\/\/www.mendoza.gov.ar\/catalogoeconomiasocial\/wp-json\/wp\/v2\/product\/60293"}],"collection":[{"href":"https:\/\/www.mendoza.gov.ar\/catalogoeconomiasocial\/wp-json\/wp\/v2\/product"}],"about":[{"href":"https:\/\/www.mendoza.gov.ar\/catalogoeconomiasocial\/wp-json\/wp\/v2\/types\/product"}],"replies":[{"embeddable":true,"href":"https:\/\/www.mendoza.gov.ar\/catalogoeconomiasocial\/wp-json\/wp\/v2\/comments?post=60293"}],"wp:featuredmedia":[{"embeddable":true,"href":"https:\/\/www.mendoza.gov.ar\/catalogoeconomiasocial\/wp-json\/wp\/v2\/media\/60296"}],"wp:attachment":[{"href":"https:\/\/www.mendoza.gov.ar\/catalogoeconomiasocial\/wp-json\/wp\/v2\/media?parent=60293"}],"wp:term":[{"taxonomy":"product_cat","embeddable":true,"href":"https:\/\/www.mendoza.gov.ar\/catalogoeconomiasocial\/wp-json\/wp\/v2\/product_cat?post=60293"},{"taxonomy":"product_tag","embeddable":true,"href":"https:\/\/www.mendoza.gov.ar\/catalogoeconomiasocial\/wp-json\/wp\/v2\/product_tag?post=60293"}],"curies":[{"name":"wp","href":"https:\/\/api.w.org\/{rel}","templated":true}]}}

✨ Cuaderno Docente 2025 – Hecho artesanalmente para vos Hechos artesanalmente y con cada detalle pensado para tu rutina laboral, nuestros Cuadernos Docentes están diseñados para acompañarte durante todo el ciclo lectivo. Imprimimos y entregamos cada ejemplar de forma personalizada, para que tengas un cuaderno tan único como tu tarea diaria. 📚 Únicos en el mercado de Mendoza: Incluyen secciones especialmente diseñadas para los docentes de la provincia, según lo estipulado por la DGE. Quizás ya viste a algún colega con uno… ¿y vos, ya tenés el tuyo? 💼 Especial para Nivel Secundario Una agenda práctica, completa y colorida que te ayuda a organizarte cómodamente todo el año. 🌟 Características destacadas: 📏 Tamaño A4, ideal para agregar hojas, trabajos y documentos 📘 Tapas duras laminadas y anilladas 🎨 Diseños exclusivos y a todo color 🧾 Planillas de notas, asistencias y seguimiento (hasta 36 alumnos por curso) ✍️ Divisiones y hojas de alta calidad (90 g y 80 g) 💌 Incluye stickers, planificador mensual, bolsillos y más detalles útiles 📂 Opciones disponibles: 5 cursos 10 cursos 15 cursos Pack curso adicional Cada curso tiene planillas exclusivas para notas, asistencias y reuniones con familias.
