{"id":60378,"date":"2025-12-09T10:07:13","date_gmt":"2025-12-09T13:07:13","guid":{"rendered":"https:\/\/www.mendoza.gov.ar\/catalogoeconomiasocial\/?post_type=product&#038;p=60378"},"modified":"2025-12-09T10:07:13","modified_gmt":"2025-12-09T13:07:13","slug":"bandoleras-2","status":"publish","type":"product","link":"https:\/\/www.mendoza.gov.ar\/catalogoeconomiasocial\/producto\/bandoleras-2\/","title":{"rendered":"Bandoleras"},"content":{"rendered":"<!DOCTYPE html PUBLIC \"-\/\/W3C\/\/DTD HTML 4.0 Transitional\/\/EN\" \"http:\/\/www.w3.org\/TR\/REC-html40\/loose.dtd\">\n\n","protected":false},"excerpt":{"rendered":"Hechas a mano. Forradas. Abertura superior con cierre c\u00f3mo tambi\u00e9n el bolsillo delantero. Correa larga ajustable en cinta mochilera. Herrajes en metal. Mosquet\u00f3n interior para llaves. 20&#215;24 cm. &#8220;\u00d1U\u00d1IS&#8221; corderito sint\u00e9tico rosa, celeste. &#8220;TIAS&#8221; en Pu y tejidos al telar, otra con estampa en xianotipia. &#8220;DERIVAS&#8221; en cordura negra. Cierres en rojo, otras en amarillo.\r\n\r\n______\r\n\r\nHecho a mano. Costura en m\u00e1quina familiar. Armado de calzado en hormas sujetando la capellada con clavos. La capellada se pega con TR y costura. Luego se coloca el pegamento termofusible a la suela de PVC y a la plantilla. Cuando seca se calienta con la pistola de calor y se adhieren entre s\u00ed. Se retira la horma cuando est\u00e9 fr\u00eda.","protected":false},"featured_media":60380,"comment_status":"open","ping_status":"closed","template":"","meta":[],"product_cat":[5923,6101],"product_tag":[967,1091],"_links":{"self":[{"href":"https:\/\/www.mendoza.gov.ar\/catalogoeconomiasocial\/wp-json\/wp\/v2\/product\/60378"}],"collection":[{"href":"https:\/\/www.mendoza.gov.ar\/catalogoeconomiasocial\/wp-json\/wp\/v2\/product"}],"about":[{"href":"https:\/\/www.mendoza.gov.ar\/catalogoeconomiasocial\/wp-json\/wp\/v2\/types\/product"}],"replies":[{"embeddable":true,"href":"https:\/\/www.mendoza.gov.ar\/catalogoeconomiasocial\/wp-json\/wp\/v2\/comments?post=60378"}],"wp:featuredmedia":[{"embeddable":true,"href":"https:\/\/www.mendoza.gov.ar\/catalogoeconomiasocial\/wp-json\/wp\/v2\/media\/60380"}],"wp:attachment":[{"href":"https:\/\/www.mendoza.gov.ar\/catalogoeconomiasocial\/wp-json\/wp\/v2\/media?parent=60378"}],"wp:term":[{"taxonomy":"product_cat","embeddable":true,"href":"https:\/\/www.mendoza.gov.ar\/catalogoeconomiasocial\/wp-json\/wp\/v2\/product_cat?post=60378"},{"taxonomy":"product_tag","embeddable":true,"href":"https:\/\/www.mendoza.gov.ar\/catalogoeconomiasocial\/wp-json\/wp\/v2\/product_tag?post=60378"}],"curies":[{"name":"wp","href":"https:\/\/api.w.org\/{rel}","templated":true}]}}