{"id":60426,"date":"2025-12-09T11:54:31","date_gmt":"2025-12-09T14:54:31","guid":{"rendered":"https:\/\/www.mendoza.gov.ar\/catalogoeconomiasocial\/?post_type=product&#038;p=60426"},"modified":"2025-12-09T11:54:31","modified_gmt":"2025-12-09T14:54:31","slug":"delantales-artesanales","status":"publish","type":"product","link":"https:\/\/www.mendoza.gov.ar\/catalogoeconomiasocial\/producto\/delantales-artesanales\/","title":{"rendered":"Delantales Artesanales"},"content":{"rendered":"<!DOCTYPE html PUBLIC \"-\/\/W3C\/\/DTD HTML 4.0 Transitional\/\/EN\" \"http:\/\/www.w3.org\/TR\/REC-html40\/loose.dtd\">\n\n","protected":false},"excerpt":{"rendered":"Delantal Profesional Artesanal Delantal confeccionado de manera artesanal, dise\u00f1ado para brindar resistencia, comodidad y estilo. Elaborado en distintas opciones gabardina negra, gabardina verde y jean, combina materiales duraderos con detalles cuidadosamente seleccionados para un acabado \u00fanico y funcional. Este modelo incorpora cinta mochilera, argollas met\u00e1licas, mosquetones y remaches met\u00e1licos , que aseguran una excelente sujeci\u00f3n y larga vida \u00fatil. Cuenta adem\u00e1s con pasacinta y detalles elaborados con retazos de cuero negro, aportando un toque distintivo y elegante. Ideal para uso profesional en gastronom\u00eda, barber\u00eda, artesan\u00eda, talleres creativos o para quienes buscan un accesorio resistente con dise\u00f1o moderno. Opciones de dise\u00f1o personalizado","protected":false},"featured_media":60428,"comment_status":"open","ping_status":"closed","template":"","meta":[],"product_cat":[5923,1179],"product_tag":[6719,326,1641],"_links":{"self":[{"href":"https:\/\/www.mendoza.gov.ar\/catalogoeconomiasocial\/wp-json\/wp\/v2\/product\/60426"}],"collection":[{"href":"https:\/\/www.mendoza.gov.ar\/catalogoeconomiasocial\/wp-json\/wp\/v2\/product"}],"about":[{"href":"https:\/\/www.mendoza.gov.ar\/catalogoeconomiasocial\/wp-json\/wp\/v2\/types\/product"}],"replies":[{"embeddable":true,"href":"https:\/\/www.mendoza.gov.ar\/catalogoeconomiasocial\/wp-json\/wp\/v2\/comments?post=60426"}],"wp:featuredmedia":[{"embeddable":true,"href":"https:\/\/www.mendoza.gov.ar\/catalogoeconomiasocial\/wp-json\/wp\/v2\/media\/60428"}],"wp:attachment":[{"href":"https:\/\/www.mendoza.gov.ar\/catalogoeconomiasocial\/wp-json\/wp\/v2\/media?parent=60426"}],"wp:term":[{"taxonomy":"product_cat","embeddable":true,"href":"https:\/\/www.mendoza.gov.ar\/catalogoeconomiasocial\/wp-json\/wp\/v2\/product_cat?post=60426"},{"taxonomy":"product_tag","embeddable":true,"href":"https:\/\/www.mendoza.gov.ar\/catalogoeconomiasocial\/wp-json\/wp\/v2\/product_tag?post=60426"}],"curies":[{"name":"wp","href":"https:\/\/api.w.org\/{rel}","templated":true}]}}