{"id":60620,"date":"2025-12-17T10:53:57","date_gmt":"2025-12-17T13:53:57","guid":{"rendered":"https:\/\/www.mendoza.gov.ar\/catalogoeconomiasocial\/?post_type=product&#038;p=60620"},"modified":"2025-12-17T11:06:51","modified_gmt":"2025-12-17T14:06:51","slug":"cartuchera-11","status":"publish","type":"product","link":"https:\/\/www.mendoza.gov.ar\/catalogoeconomiasocial\/producto\/cartuchera-11\/","title":{"rendered":"Cartuchera"},"content":{"rendered":"<!DOCTYPE html PUBLIC \"-\/\/W3C\/\/DTD HTML 4.0 Transitional\/\/EN\" \"http:\/\/www.w3.org\/TR\/REC-html40\/loose.dtd\">\n\n","protected":false},"excerpt":{"rendered":"Es una cartuchera ideal para organizar \u00fatiles (escolares, de oficina, etc.). La misma se destaca por tener varios bolsillos y compartimentos como se observa en las im\u00e1genes, lo que permite una mejor organizaci\u00f3n. Est\u00e1 confeccionada con cierres reforzados; en su exterior con cordura estampada y su interior se encuentra forrado con silver. Los bolsillos est\u00e1n realizados con nylon cristal o biyonet (tela red). En su interior todas las costuras quedan ocultas por cinta bies, lo que le da una terminaci\u00f3n m\u00e1s prolija. Cuenta con un asa de agarre cosida en uno de los laterales cortos, fabricada con la misma cordura estampada, lo que facilita su transporte. ACLARACI\u00d3N: el estampado de la cordura queda sujeto a elecci\u00f3n de la persona del cat\u00e1logo de estampas que tenemos a disposici\u00f3n.","protected":false},"featured_media":60622,"comment_status":"open","ping_status":"closed","template":"","meta":[],"product_cat":[6125,6134,6238],"product_tag":[1332,7438],"_links":{"self":[{"href":"https:\/\/www.mendoza.gov.ar\/catalogoeconomiasocial\/wp-json\/wp\/v2\/product\/60620"}],"collection":[{"href":"https:\/\/www.mendoza.gov.ar\/catalogoeconomiasocial\/wp-json\/wp\/v2\/product"}],"about":[{"href":"https:\/\/www.mendoza.gov.ar\/catalogoeconomiasocial\/wp-json\/wp\/v2\/types\/product"}],"replies":[{"embeddable":true,"href":"https:\/\/www.mendoza.gov.ar\/catalogoeconomiasocial\/wp-json\/wp\/v2\/comments?post=60620"}],"wp:featuredmedia":[{"embeddable":true,"href":"https:\/\/www.mendoza.gov.ar\/catalogoeconomiasocial\/wp-json\/wp\/v2\/media\/60622"}],"wp:attachment":[{"href":"https:\/\/www.mendoza.gov.ar\/catalogoeconomiasocial\/wp-json\/wp\/v2\/media?parent=60620"}],"wp:term":[{"taxonomy":"product_cat","embeddable":true,"href":"https:\/\/www.mendoza.gov.ar\/catalogoeconomiasocial\/wp-json\/wp\/v2\/product_cat?post=60620"},{"taxonomy":"product_tag","embeddable":true,"href":"https:\/\/www.mendoza.gov.ar\/catalogoeconomiasocial\/wp-json\/wp\/v2\/product_tag?post=60620"}],"curies":[{"name":"wp","href":"https:\/\/api.w.org\/{rel}","templated":true}]}}

Es una cartuchera ideal para organizar útiles (escolares, de oficina, etc.). La misma se destaca por tener varios bolsillos y compartimentos como se observa en las imágenes, lo que permite una mejor organización. Está confeccionada con cierres reforzados; en su exterior con cordura estampada y su interior se encuentra forrado con silver. Los bolsillos están realizados con nylon cristal o biyonet (tela red). En su interior todas las costuras quedan ocultas por cinta bies, lo que le da una terminación más prolija. Cuenta con un asa de agarre cosida en uno de los laterales cortos, fabricada con la misma cordura estampada, lo que facilita su transporte. ACLARACIÓN: el estampado de la cordura queda sujeto a elección de la persona del catálogo de estampas que tenemos a disposición.
