{"id":60626,"date":"2025-12-18T09:59:01","date_gmt":"2025-12-18T12:59:01","guid":{"rendered":"https:\/\/www.mendoza.gov.ar\/catalogoeconomiasocial\/?post_type=product&#038;p=60626"},"modified":"2025-12-18T09:59:02","modified_gmt":"2025-12-18T12:59:02","slug":"mochila-matera-2","status":"publish","type":"product","link":"https:\/\/www.mendoza.gov.ar\/catalogoeconomiasocial\/producto\/mochila-matera-2\/","title":{"rendered":"Mochila Matera"},"content":{"rendered":"<!DOCTYPE html PUBLIC \"-\/\/W3C\/\/DTD HTML 4.0 Transitional\/\/EN\" \"http:\/\/www.w3.org\/TR\/REC-html40\/loose.dtd\">\n\n","protected":false},"excerpt":{"rendered":"El conjunto es un set funcional y lavable, ideal para transportar los elementos necesarios para el ritual del mate. Cuenta con una mochila y el set de mate (yerbera, azucarera y porta mate). Todos los art\u00edculos est\u00e1n confeccionados con cierres reforzados; en su exterior con cordura estampada y su interior se encuentra forrado con silver. En su interior todas las costuras quedan ocultas por cinta bies, lo que le da una terminaci\u00f3n m\u00e1s prolija. La mochila est\u00e1 dise\u00f1ada para optimizar el espacio y facilitar el transporte, sugiriendo que su funci\u00f3n principal es contener el termo, mate y otros elementos materos. La parte trasera, incluye las correas de los hombros, est\u00e1 hecha con la misma cordura estampada del frente. Las correas son ajustables con hebillas de pl\u00e1stico y tienen un acolchado ligero para mayor comodidad. Los dos estuches m\u00e1s grandes son para yerba y mate con bombilla, mientras que el m\u00e1s peque\u00f1o es para colocar az\u00facar, edulcorante, hierbas, etc.\r\n\r\nACLARACI\u00d3N: el estampado de la cordura queda sujeto a elecci\u00f3n de la persona del cat\u00e1logo de estampas que tenemos a disposici\u00f3n.","protected":false},"featured_media":60627,"comment_status":"open","ping_status":"closed","template":"","meta":[],"product_cat":[6046,6053,6054],"product_tag":[967,590,1393],"_links":{"self":[{"href":"https:\/\/www.mendoza.gov.ar\/catalogoeconomiasocial\/wp-json\/wp\/v2\/product\/60626"}],"collection":[{"href":"https:\/\/www.mendoza.gov.ar\/catalogoeconomiasocial\/wp-json\/wp\/v2\/product"}],"about":[{"href":"https:\/\/www.mendoza.gov.ar\/catalogoeconomiasocial\/wp-json\/wp\/v2\/types\/product"}],"replies":[{"embeddable":true,"href":"https:\/\/www.mendoza.gov.ar\/catalogoeconomiasocial\/wp-json\/wp\/v2\/comments?post=60626"}],"wp:featuredmedia":[{"embeddable":true,"href":"https:\/\/www.mendoza.gov.ar\/catalogoeconomiasocial\/wp-json\/wp\/v2\/media\/60627"}],"wp:attachment":[{"href":"https:\/\/www.mendoza.gov.ar\/catalogoeconomiasocial\/wp-json\/wp\/v2\/media?parent=60626"}],"wp:term":[{"taxonomy":"product_cat","embeddable":true,"href":"https:\/\/www.mendoza.gov.ar\/catalogoeconomiasocial\/wp-json\/wp\/v2\/product_cat?post=60626"},{"taxonomy":"product_tag","embeddable":true,"href":"https:\/\/www.mendoza.gov.ar\/catalogoeconomiasocial\/wp-json\/wp\/v2\/product_tag?post=60626"}],"curies":[{"name":"wp","href":"https:\/\/api.w.org\/{rel}","templated":true}]}}

El conjunto es un set funcional y lavable, ideal para transportar los elementos necesarios para el ritual del mate. Cuenta con una mochila y el set de mate (yerbera, azucarera y porta mate). Todos los artículos están confeccionados con cierres reforzados; en su exterior con cordura estampada y su interior se encuentra forrado con silver. En su interior todas las costuras quedan ocultas por cinta bies, lo que le da una terminación más prolija. La mochila está diseñada para optimizar el espacio y facilitar el transporte, sugiriendo que su función principal es contener el termo, mate y otros elementos materos. La parte trasera, incluye las correas de los hombros, está hecha con la misma cordura estampada del frente. Las correas son ajustables con hebillas de plástico y tienen un acolchado ligero para mayor comodidad. Los dos estuches más grandes son para yerba y mate con bombilla, mientras que el más pequeño es para colocar azúcar, edulcorante, hierbas, etc.

ACLARACIÓN: el estampado de la cordura queda sujeto a elección de la persona del catálogo de estampas que tenemos a disposición.
