{"id":60633,"date":"2025-12-18T10:03:19","date_gmt":"2025-12-18T13:03:19","guid":{"rendered":"https:\/\/www.mendoza.gov.ar\/catalogoeconomiasocial\/?post_type=product&#038;p=60633"},"modified":"2025-12-18T10:03:19","modified_gmt":"2025-12-18T13:03:19","slug":"cartuchera-alfonsina","status":"publish","type":"product","link":"https:\/\/www.mendoza.gov.ar\/catalogoeconomiasocial\/producto\/cartuchera-alfonsina\/","title":{"rendered":"Cartuchera Alfonsina"},"content":{"rendered":"<!DOCTYPE html PUBLIC \"-\/\/W3C\/\/DTD HTML 4.0 Transitional\/\/EN\" \"http:\/\/www.w3.org\/TR\/REC-html40\/loose.dtd\">\n\n","protected":false},"excerpt":{"rendered":"La cartuchera destaca por su funcionalidad, dise\u00f1ada en formato de tres paneles para una m\u00e1xima organizaci\u00f3n. Est\u00e1n confeccionada con cierre reforzado; en su exterior con cordura estampada y su interior se encuentra forrado con silver. Los portal\u00e1pices extra\u00edble est\u00e1 realizado tambi\u00e9n con cordura estampada de ambos lados y en el medio, cuenta con una entretela para que sea m\u00e1s r\u00edgido. Todas las costuras internas, quedan ocultas por cinta bies, lo que le da una terminaci\u00f3n m\u00e1s prolija. ACLARACI\u00d3N: el estampado de la cordura queda sujeto a elecci\u00f3n de la persona del cat\u00e1logo de estampas que tenemos a disposici\u00f3n.","protected":false},"featured_media":60637,"comment_status":"open","ping_status":"closed","template":"","meta":[],"product_cat":[6125,6134,6238],"product_tag":[981,1332,6457,7438],"_links":{"self":[{"href":"https:\/\/www.mendoza.gov.ar\/catalogoeconomiasocial\/wp-json\/wp\/v2\/product\/60633"}],"collection":[{"href":"https:\/\/www.mendoza.gov.ar\/catalogoeconomiasocial\/wp-json\/wp\/v2\/product"}],"about":[{"href":"https:\/\/www.mendoza.gov.ar\/catalogoeconomiasocial\/wp-json\/wp\/v2\/types\/product"}],"replies":[{"embeddable":true,"href":"https:\/\/www.mendoza.gov.ar\/catalogoeconomiasocial\/wp-json\/wp\/v2\/comments?post=60633"}],"wp:featuredmedia":[{"embeddable":true,"href":"https:\/\/www.mendoza.gov.ar\/catalogoeconomiasocial\/wp-json\/wp\/v2\/media\/60637"}],"wp:attachment":[{"href":"https:\/\/www.mendoza.gov.ar\/catalogoeconomiasocial\/wp-json\/wp\/v2\/media?parent=60633"}],"wp:term":[{"taxonomy":"product_cat","embeddable":true,"href":"https:\/\/www.mendoza.gov.ar\/catalogoeconomiasocial\/wp-json\/wp\/v2\/product_cat?post=60633"},{"taxonomy":"product_tag","embeddable":true,"href":"https:\/\/www.mendoza.gov.ar\/catalogoeconomiasocial\/wp-json\/wp\/v2\/product_tag?post=60633"}],"curies":[{"name":"wp","href":"https:\/\/api.w.org\/{rel}","templated":true}]}}

La cartuchera destaca por su funcionalidad, diseñada en formato de tres paneles para una máxima organización. Están confeccionada con cierre reforzado; en su exterior con cordura estampada y su interior se encuentra forrado con silver. Los portalápices extraíble está realizado también con cordura estampada de ambos lados y en el medio, cuenta con una entretela para que sea más rígido. Todas las costuras internas, quedan ocultas por cinta bies, lo que le da una terminación más prolija. ACLARACIÓN: el estampado de la cordura queda sujeto a elección de la persona del catálogo de estampas que tenemos a disposición.
