{"id":60813,"date":"2025-12-30T10:04:31","date_gmt":"2025-12-30T13:04:31","guid":{"rendered":"https:\/\/www.mendoza.gov.ar\/catalogoeconomiasocial\/?post_type=product&#038;p=60813"},"modified":"2025-12-30T10:04:48","modified_gmt":"2025-12-30T13:04:48","slug":"almohadon-para-colocar-copas","status":"publish","type":"product","link":"https:\/\/www.mendoza.gov.ar\/catalogoeconomiasocial\/producto\/almohadon-para-colocar-copas\/","title":{"rendered":"Almohad\u00f3n para Colocar Copas"},"content":{"rendered":"<!DOCTYPE html PUBLIC \"-\/\/W3C\/\/DTD HTML 4.0 Transitional\/\/EN\" \"http:\/\/www.w3.org\/TR\/REC-html40\/loose.dtd\">\n\n","protected":false},"excerpt":{"rendered":"Almohad\u00f3n matero confeccionado de manera artesanal con telas recicladas y reutilizadas. Dise\u00f1ado para acompa\u00f1ar tus momentos de mate, ofrece comodidad, estabilidad y calidez en cada uso. Su estilo simple y funcional lo convierte en un accesorio ideal para el hogar o para llevar a cualquier lugar. Cada pieza es \u00fanica y refleja el valor del trabajo hecho a mano y el compromiso con un consumo m\u00e1s responsable.","protected":false},"featured_media":60811,"comment_status":"open","ping_status":"closed","template":"","meta":[],"product_cat":[6046,6059,6062],"product_tag":[6541,6715],"_links":{"self":[{"href":"https:\/\/www.mendoza.gov.ar\/catalogoeconomiasocial\/wp-json\/wp\/v2\/product\/60813"}],"collection":[{"href":"https:\/\/www.mendoza.gov.ar\/catalogoeconomiasocial\/wp-json\/wp\/v2\/product"}],"about":[{"href":"https:\/\/www.mendoza.gov.ar\/catalogoeconomiasocial\/wp-json\/wp\/v2\/types\/product"}],"replies":[{"embeddable":true,"href":"https:\/\/www.mendoza.gov.ar\/catalogoeconomiasocial\/wp-json\/wp\/v2\/comments?post=60813"}],"wp:featuredmedia":[{"embeddable":true,"href":"https:\/\/www.mendoza.gov.ar\/catalogoeconomiasocial\/wp-json\/wp\/v2\/media\/60811"}],"wp:attachment":[{"href":"https:\/\/www.mendoza.gov.ar\/catalogoeconomiasocial\/wp-json\/wp\/v2\/media?parent=60813"}],"wp:term":[{"taxonomy":"product_cat","embeddable":true,"href":"https:\/\/www.mendoza.gov.ar\/catalogoeconomiasocial\/wp-json\/wp\/v2\/product_cat?post=60813"},{"taxonomy":"product_tag","embeddable":true,"href":"https:\/\/www.mendoza.gov.ar\/catalogoeconomiasocial\/wp-json\/wp\/v2\/product_tag?post=60813"}],"curies":[{"name":"wp","href":"https:\/\/api.w.org\/{rel}","templated":true}]}}